{"id":1429,"date":"2020-12-16T14:05:28","date_gmt":"2020-12-16T13:05:28","guid":{"rendered":"https:\/\/us.edu.pl\/instytut\/isp\/?page_id=1429"},"modified":"2020-12-16T14:10:37","modified_gmt":"2020-12-16T13:10:37","slug":"dr-hab-tomasz-jedrzejko-prof-us","status":"publish","type":"page","link":"https:\/\/us.edu.pl\/instytut\/isp\/wykladowcy\/dr-hab-tomasz-jedrzejko-prof-us\/","title":{"rendered":"dr hab. Tomasz J\u0119drzejko, prof. U\u015a"},"content":{"rendered":"<p>[vc_row][vc_column]\r\n                <div class=\"text-modules\">\r\n                    <div class=\"container\">\r\n                        <h3 class=\"page-title text__title\">dr hab. Tomasz J\u0119drzejko, prof. U\u015a<\/h3>\r\n                        <div class=\"text-modules__content\"><p>Malarz i grafik. W latach 2000\u20132005 studiowa\u0142 w ASP w \u0141odzi, kt\u00f3ra\u0328 ukon\u0301czy\u0142 z wyr\u00f3z\u0307nieniem w Pracowni Grafki Wydawniczej prof. Stanis\u0142awa \u0141abe\u0328ckiego, Pracowni Sitodruku prof. Andrzeja Smoczyn\u0301skiego oraz Pracowni Malarstwa prof. Ryszarda Hungera. Od 2005 do 2008 r. by\u0142 asystentem w Pracowni Malarstwa prof. Ryszarda Hungera w macierzystej uczelni. Stypendysta Ministra Kultury i Dziedzictwa Narodowego w 2009 r. W 2011 r. uzyska\u0142 stopien\u0301 doktora sztuki na Uniwersytecie S\u0301la\u0328skim w Katowicach. W 2019 uzyska\u0142 stopien\u0301 naukowy doktora habilitowanego sztuki. Jest zatrudniony na stanowisku profesora w Instytucie Sztuki na Wydziale Sztuki i Nauk o Edukacji Uniwersytetu S\u0301la\u0328skiego w Katowicach. Jest autorem 20 wystaw indywidualnych i uczestniczy\u0142 w ponad 150 wystawach zbiorowych. W swej tw\u00f3rczo\u015bci\u00a0koncentruje si\u0119 na rozwijaniu zagadnie\u0144 zwi\u0105zanych z\u00a0op-artem, minimal-artem, abstrakcj\u0105 geometryczn\u0105 oraz geometri\u0105 dyskursywn\u0105. Jego prace znajduja\u0328 sie\u0328 w zbiorach Muzeum Plakatu w Wilanowie, Miejskiej Galerii Sztuki w \u0141odzi, Galerii Sztuki Wsp\u00f3\u0142czesnej BWA w Katowicach, Stowarzyszenia Mie\u0328dzynarodowe Triennale Grafki w Krakowie, Galerii Bielskiej BWA w Bielsku-Bia\u0142ej, Kolekcji Sztuki Geometrycznej CS Galerii EL w Elbla\u0328gu, Kolekcji Ireny Hochman i Tadeusza Mys\u0142owskiego w zbiorach Muzeum Lubelskiego w Lublinie oraz kolekcjach prywatnych w kraju i za granica\u0328. Ultramarato\u0144czyk, triatlonista. Uczestnik Zawod\u00f3w\u00a0Ironman. W 2019 roku uko\u0144czy\u0142 Spartathlon \u2013 bieg z Aten do Sparty na dystansie 246 km. Reprezentuje Sidor Team Polska oraz KS Sprint Bielsko-Bia\u0142a.<\/p>\n<\/div>\r\n                    <\/div>\r\n                <\/div>[\/vc_column][\/vc_row][vc_row][vc_column]            \r\n                    <div class=\"container\">\r\n                        <div class=\"gallery gallery_2\" data-images-in-row=\"2\">\r\n                            \r\n                            <div class=\"row m-0\">\r\n                                <a data-fancybox-group=\"button\" title=\"J\u0119drzejko_t_WAGA_1_z_cyklu_SACRUM_2017\" data-fancybox=\"2336\" href=\"https:\/\/us.edu.pl\/instytut\/isp\/wp-content\/uploads\/sites\/46\/Nieprzypisane\/jedrzejko_t_WAGA_1_z_cyklu_SACRUM_2017.jpg\" class=\"gallery__item thumbnail\"\r\n                                    style=\"background-image: url(https:\/\/us.edu.pl\/instytut\/isp\/wp-content\/uploads\/sites\/46\/Nieprzypisane\/jedrzejko_t_WAGA_1_z_cyklu_SACRUM_2017-1024x717.jpg)\"> <span class=\"d-none\">https:\/\/us.edu.pl\/instytut\/isp\/wp-content\/uploads\/sites\/46\/Nieprzypisane\/jedrzejko_t_WAGA_1_z_cyklu_SACRUM_2017.jpg<\/span> <\/a><a data-fancybox-group=\"button\" title=\"J\u0119drzejko_t_WAGA_2_z_cyklu_SACRUM_2017\" data-fancybox=\"2336\" href=\"https:\/\/us.edu.pl\/instytut\/isp\/wp-content\/uploads\/sites\/46\/Nieprzypisane\/jedrzejko_t_WAGA_2_z_cyklu_SACRUM_2017.jpg\" class=\"gallery__item thumbnail\"\r\n                                    style=\"background-image: url(https:\/\/us.edu.pl\/instytut\/isp\/wp-content\/uploads\/sites\/46\/Nieprzypisane\/jedrzejko_t_WAGA_2_z_cyklu_SACRUM_2017-1024x717.jpg)\"> <span class=\"d-none\">https:\/\/us.edu.pl\/instytut\/isp\/wp-content\/uploads\/sites\/46\/Nieprzypisane\/jedrzejko_t_WAGA_2_z_cyklu_SACRUM_2017.jpg<\/span> <\/a><a data-fancybox-group=\"button\" title=\"J\u0119drzejko_t_WAGA_3_z_cyklu_SACRUM_2017\" data-fancybox=\"2336\" href=\"https:\/\/us.edu.pl\/instytut\/isp\/wp-content\/uploads\/sites\/46\/Nieprzypisane\/jedrzejko_t_WAGA_3_z_cyklu_SACRUM_2017.jpg\" class=\"gallery__item thumbnail\"\r\n                                    style=\"background-image: url(https:\/\/us.edu.pl\/instytut\/isp\/wp-content\/uploads\/sites\/46\/Nieprzypisane\/jedrzejko_t_WAGA_3_z_cyklu_SACRUM_2017-1024x717.jpg)\"> <span class=\"d-none\">https:\/\/us.edu.pl\/instytut\/isp\/wp-content\/uploads\/sites\/46\/Nieprzypisane\/jedrzejko_t_WAGA_3_z_cyklu_SACRUM_2017.jpg<\/span> <\/a>\r\n                            <\/div>\r\n                    <\/div>\r\n                <\/div>[\/vc_column][\/vc_row]<\/p>","protected":false},"excerpt":{"rendered":"<p>[vc_row][vc_column][\/vc_column][\/vc_row][vc_row][vc_column][\/vc_column][\/vc_row] [&#8230;]<\/p>\n<p><a class=\"btn btn-secondary understrap-read-more-link\" href=\"https:\/\/us.edu.pl\/instytut\/isp\/wykladowcy\/dr-hab-tomasz-jedrzejko-prof-us\/\">Read More&#8230;<\/a><\/p>\n","protected":false},"author":110,"featured_media":0,"parent":995,"menu_order":0,"comment_status":"closed","ping_status":"closed","template":"","meta":{"_expiration-date-status":"saved","_expiration-date":0,"_expiration-date-type":"","_expiration-date-categories":[],"_expiration-date-options":[]},"acf":[],"_links":{"self":[{"href":"https:\/\/us.edu.pl\/instytut\/isp\/wp-json\/wp\/v2\/pages\/1429"}],"collection":[{"href":"https:\/\/us.edu.pl\/instytut\/isp\/wp-json\/wp\/v2\/pages"}],"about":[{"href":"https:\/\/us.edu.pl\/instytut\/isp\/wp-json\/wp\/v2\/types\/page"}],"author":[{"embeddable":true,"href":"https:\/\/us.edu.pl\/instytut\/isp\/wp-json\/wp\/v2\/users\/110"}],"replies":[{"embeddable":true,"href":"https:\/\/us.edu.pl\/instytut\/isp\/wp-json\/wp\/v2\/comments?post=1429"}],"version-history":[{"count":3,"href":"https:\/\/us.edu.pl\/instytut\/isp\/wp-json\/wp\/v2\/pages\/1429\/revisions"}],"predecessor-version":[{"id":1436,"href":"https:\/\/us.edu.pl\/instytut\/isp\/wp-json\/wp\/v2\/pages\/1429\/revisions\/1436"}],"up":[{"embeddable":true,"href":"https:\/\/us.edu.pl\/instytut\/isp\/wp-json\/wp\/v2\/pages\/995"}],"wp:attachment":[{"href":"https:\/\/us.edu.pl\/instytut\/isp\/wp-json\/wp\/v2\/media?parent=1429"}],"curies":[{"name":"wp","href":"https:\/\/api.w.org\/{rel}","templated":true}]}}

dr hab. Tomasz Jędrzejko, prof. UŚ

<p>[vc_row][vc_column]
                <div class="text-modules">
                    <div class="container">
                        <h3 class="page-title text__title">dr hab. Tomasz Jędrzejko, prof. UŚ</h3>
                        <div class="text-modules__content"><p>Malarz i grafik. W latach 2000–2005 studiował w ASP w Łodzi, którą ukończył z wyróżnieniem w Pracowni Grafki Wydawniczej prof. Stanisława Łabęckiego, Pracowni Sitodruku prof. Andrzeja Smoczyńskiego oraz Pracowni Malarstwa prof. Ryszarda Hungera. Od 2005 do 2008 r. był asystentem w Pracowni Malarstwa prof. Ryszarda Hungera w macierzystej uczelni. Stypendysta Ministra Kultury i Dziedzictwa Narodowego w 2009 r. W 2011 r. uzyskał stopień doktora sztuki na Uniwersytecie Śląskim w Katowicach. W 2019 uzyskał stopień naukowy doktora habilitowanego sztuki. Jest zatrudniony na stanowisku profesora w Instytucie Sztuki na Wydziale Sztuki i Nauk o Edukacji Uniwersytetu Śląskiego w Katowicach. Jest autorem 20 wystaw indywidualnych i uczestniczył w ponad 150 wystawach zbiorowych. W swej twórczości koncentruje się na rozwijaniu zagadnień związanych z op-artem, minimal-artem, abstrakcją geometryczną oraz geometrią dyskursywną. Jego prace znajdują się w zbiorach Muzeum Plakatu w Wilanowie, Miejskiej Galerii Sztuki w Łodzi, Galerii Sztuki Współczesnej BWA w Katowicach, Stowarzyszenia Międzynarodowe Triennale Grafki w Krakowie, Galerii Bielskiej BWA w Bielsku-Białej, Kolekcji Sztuki Geometrycznej CS Galerii EL w Elblągu, Kolekcji Ireny Hochman i Tadeusza Mysłowskiego w zbiorach Muzeum Lubelskiego w Lublinie oraz kolekcjach prywatnych w kraju i za granicą. Ultramaratończyk, triatlonista. Uczestnik Zawodów Ironman. W 2019 roku ukończył Spartathlon – bieg z Aten do Sparty na dystansie 246 km. Reprezentuje Sidor Team Polska oraz KS Sprint Bielsko-Biała.</p>
</div>
                    </div>
                </div>[/vc_column][/vc_row][vc_row][vc_column]            
                    <div class="container">
                        <div class="gallery gallery_2" data-images-in-row="2">
                            
                            <div class="row m-0">
                                <a data-fancybox-group="button" title="Jędrzejko_t_WAGA_1_z_cyklu_SACRUM_2017" data-fancybox="2336" href="https://us.edu.pl/instytut/isp/wp-content/uploads/sites/46/Nieprzypisane/jedrzejko_t_WAGA_1_z_cyklu_SACRUM_2017.jpg" class="gallery__item thumbnail"
                                    style="background-image: url(https://us.edu.pl/instytut/isp/wp-content/uploads/sites/46/Nieprzypisane/jedrzejko_t_WAGA_1_z_cyklu_SACRUM_2017-1024x717.jpg)"> <span class="d-none">https://us.edu.pl/instytut/isp/wp-content/uploads/sites/46/Nieprzypisane/jedrzejko_t_WAGA_1_z_cyklu_SACRUM_2017.jpg</span> </a><a data-fancybox-group="button" title="Jędrzejko_t_WAGA_2_z_cyklu_SACRUM_2017" data-fancybox="2336" href="https://us.edu.pl/instytut/isp/wp-content/uploads/sites/46/Nieprzypisane/jedrzejko_t_WAGA_2_z_cyklu_SACRUM_2017.jpg" class="gallery__item thumbnail"
                                    style="background-image: url(https://us.edu.pl/instytut/isp/wp-content/uploads/sites/46/Nieprzypisane/jedrzejko_t_WAGA_2_z_cyklu_SACRUM_2017-1024x717.jpg)"> <span class="d-none">https://us.edu.pl/instytut/isp/wp-content/uploads/sites/46/Nieprzypisane/jedrzejko_t_WAGA_2_z_cyklu_SACRUM_2017.jpg</span> </a><a data-fancybox-group="button" title="Jędrzejko_t_WAGA_3_z_cyklu_SACRUM_2017" data-fancybox="2336" href="https://us.edu.pl/instytut/isp/wp-content/uploads/sites/46/Nieprzypisane/jedrzejko_t_WAGA_3_z_cyklu_SACRUM_2017.jpg" class="gallery__item thumbnail"
                                    style="background-image: url(https://us.edu.pl/instytut/isp/wp-content/uploads/sites/46/Nieprzypisane/jedrzejko_t_WAGA_3_z_cyklu_SACRUM_2017-1024x717.jpg)"> <span class="d-none">https://us.edu.pl/instytut/isp/wp-content/uploads/sites/46/Nieprzypisane/jedrzejko_t_WAGA_3_z_cyklu_SACRUM_2017.jpg</span> </a>
                            </div>
                    </div>
                </div>[/vc_column][/vc_row]</p>
