{"id":1667,"date":"2021-02-02T11:38:43","date_gmt":"2021-02-02T10:38:43","guid":{"rendered":"https:\/\/us.edu.pl\/instytut\/isp\/?page_id=1667"},"modified":"2021-02-02T11:38:43","modified_gmt":"2021-02-02T10:38:43","slug":"wystawa-inauguracyjna-prac-pedagogow-zakladu-rzezby-instytutu-sztuki-w-cieszynie","status":"publish","type":"page","link":"https:\/\/us.edu.pl\/instytut\/isp\/wystawa-inauguracyjna-prac-pedagogow-zakladu-rzezby-instytutu-sztuki-w-cieszynie\/","title":{"rendered":"Wystawa inauguracyjna prac pedagog\u00f3w Zak\u0142adu Rze\u017aby Instytutu Sztuki w Cieszynie"},"content":{"rendered":"<p>[vc_row][vc_column]            \r\n                    <div class=\"container\">\r\n                        <div class=\"gallery gallery_2\" data-images-in-row=\"2\">\r\n                            <div class=\"section-title section-title_border-bottom\">Wystawa inauguracyjna prac pedagog\u00f3w Zak\u0142adu Rze\u017aby Instytutu Sztuki w Cieszynie \u2014 Dydaktyka przestrzeni \u2014 wystawa rze\u017aby, pa\u017adziernik 2015<\/div>\r\n                            <div class=\"row m-0\">\r\n                                <a data-fancybox-group=\"button\" title=\"01_Dydaktyka_przestrzeni\" data-fancybox=\"9777\" href=\"https:\/\/us.edu.pl\/instytut\/isp\/wp-content\/uploads\/sites\/46\/Nieprzypisane\/01_Dydaktyka_przestrzeni.jpg\" class=\"gallery__item thumbnail\"\r\n                                    style=\"background-image: url(https:\/\/us.edu.pl\/instytut\/isp\/wp-content\/uploads\/sites\/46\/Nieprzypisane\/01_Dydaktyka_przestrzeni.jpg)\"> <span class=\"d-none\">https:\/\/us.edu.pl\/instytut\/isp\/wp-content\/uploads\/sites\/46\/Nieprzypisane\/01_Dydaktyka_przestrzeni.jpg<\/span> <\/a><a data-fancybox-group=\"button\" title=\"02_Dydaktyka_przestrzeni\" data-fancybox=\"9777\" href=\"https:\/\/us.edu.pl\/instytut\/isp\/wp-content\/uploads\/sites\/46\/Nieprzypisane\/02_Dydaktyka_przestrzeni.jpg\" class=\"gallery__item thumbnail\"\r\n                                    style=\"background-image: url(https:\/\/us.edu.pl\/instytut\/isp\/wp-content\/uploads\/sites\/46\/Nieprzypisane\/02_Dydaktyka_przestrzeni-1024x779.jpg)\"> <span class=\"d-none\">https:\/\/us.edu.pl\/instytut\/isp\/wp-content\/uploads\/sites\/46\/Nieprzypisane\/02_Dydaktyka_przestrzeni.jpg<\/span> <\/a><a data-fancybox-group=\"button\" title=\"03_Dydaktyka_przestrzeni\" data-fancybox=\"9777\" href=\"https:\/\/us.edu.pl\/instytut\/isp\/wp-content\/uploads\/sites\/46\/Nieprzypisane\/03_Dydaktyka_przestrzeni.jpg\" class=\"gallery__item thumbnail\"\r\n                                    style=\"background-image: url(https:\/\/us.edu.pl\/instytut\/isp\/wp-content\/uploads\/sites\/46\/Nieprzypisane\/03_Dydaktyka_przestrzeni-1024x594.jpg)\"> <span class=\"d-none\">https:\/\/us.edu.pl\/instytut\/isp\/wp-content\/uploads\/sites\/46\/Nieprzypisane\/03_Dydaktyka_przestrzeni.jpg<\/span> <\/a><a data-fancybox-group=\"button\" title=\"04_Dydaktyka_przestrzeni\" data-fancybox=\"9777\" href=\"https:\/\/us.edu.pl\/instytut\/isp\/wp-content\/uploads\/sites\/46\/Nieprzypisane\/04_Dydaktyka_przestrzeni.jpg\" class=\"gallery__item thumbnail\"\r\n                                    style=\"background-image: url(https:\/\/us.edu.pl\/instytut\/isp\/wp-content\/uploads\/sites\/46\/Nieprzypisane\/04_Dydaktyka_przestrzeni-1024x668.jpg)\"> <span class=\"d-none\">https:\/\/us.edu.pl\/instytut\/isp\/wp-content\/uploads\/sites\/46\/Nieprzypisane\/04_Dydaktyka_przestrzeni.jpg<\/span> <\/a>\r\n                            <\/div>\r\n                    <\/div>\r\n                <\/div>[\/vc_column][\/vc_row]<\/p>","protected":false},"excerpt":{"rendered":"<p>[vc_row][vc_column][\/vc_column][\/vc_row] [&#8230;]<\/p>\n<p><a class=\"btn btn-secondary understrap-read-more-link\" href=\"https:\/\/us.edu.pl\/instytut\/isp\/wystawa-inauguracyjna-prac-pedagogow-zakladu-rzezby-instytutu-sztuki-w-cieszynie\/\">Read More&#8230;<\/a><\/p>\n","protected":false},"author":110,"featured_media":0,"parent":0,"menu_order":0,"comment_status":"closed","ping_status":"closed","template":"","meta":{"_expiration-date-status":"saved","_expiration-date":0,"_expiration-date-type":"","_expiration-date-categories":[],"_expiration-date-options":[]},"acf":[],"_links":{"self":[{"href":"https:\/\/us.edu.pl\/instytut\/isp\/wp-json\/wp\/v2\/pages\/1667"}],"collection":[{"href":"https:\/\/us.edu.pl\/instytut\/isp\/wp-json\/wp\/v2\/pages"}],"about":[{"href":"https:\/\/us.edu.pl\/instytut\/isp\/wp-json\/wp\/v2\/types\/page"}],"author":[{"embeddable":true,"href":"https:\/\/us.edu.pl\/instytut\/isp\/wp-json\/wp\/v2\/users\/110"}],"replies":[{"embeddable":true,"href":"https:\/\/us.edu.pl\/instytut\/isp\/wp-json\/wp\/v2\/comments?post=1667"}],"version-history":[{"count":1,"href":"https:\/\/us.edu.pl\/instytut\/isp\/wp-json\/wp\/v2\/pages\/1667\/revisions"}],"predecessor-version":[{"id":1674,"href":"https:\/\/us.edu.pl\/instytut\/isp\/wp-json\/wp\/v2\/pages\/1667\/revisions\/1674"}],"wp:attachment":[{"href":"https:\/\/us.edu.pl\/instytut\/isp\/wp-json\/wp\/v2\/media?parent=1667"}],"curies":[{"name":"wp","href":"https:\/\/api.w.org\/{rel}","templated":true}]}}