{"id":2666,"date":"2022-10-24T11:09:20","date_gmt":"2022-10-24T09:09:20","guid":{"rendered":"https:\/\/us.edu.pl\/instytut\/isp\/?page_id=2666"},"modified":"2022-10-24T11:10:16","modified_gmt":"2022-10-24T09:10:16","slug":"elzbieta-kuraj-malarstwo","status":"publish","type":"page","link":"https:\/\/us.edu.pl\/instytut\/isp\/elzbieta-kuraj-malarstwo\/","title":{"rendered":"El\u017cbieta Kuraj \u2013 Malarstwo"},"content":{"rendered":"<p>[vc_row][vc_column]            \r\n                    <div class=\"container\">\r\n                        <div class=\"gallery gallery_3\" data-images-in-row=\"3\">\r\n                            <div class=\"section-title section-title_border-bottom\">El\u017cbieta Kuraj \u2013 Malarstwo \u2013 05.10 \u2013 25.10.2022<\/div>\r\n                            <div class=\"row m-0\">\r\n                                <a data-fancybox-group=\"button\" title=\"\" data-fancybox=\"150\" href=\"https:\/\/us.edu.pl\/instytut\/isp\/wp-content\/uploads\/sites\/46\/Bez-kategorii\/Elz\u2560cbieta-Kuraj_plakat-scaled.jpg\" class=\"gallery__item thumbnail\"\r\n                                    style=\"background-image: url(https:\/\/us.edu.pl\/instytut\/isp\/wp-content\/uploads\/sites\/46\/Bez-kategorii\/Elz\u2560cbieta-Kuraj_plakat-717x1024.jpg)\"> <span class=\"d-none\">https:\/\/us.edu.pl\/instytut\/isp\/wp-content\/uploads\/sites\/46\/Bez-kategorii\/Elz\u2560cbieta-Kuraj_plakat-scaled.jpg<\/span> <\/a><a data-fancybox-group=\"button\" title=\"Prof. dr hab. El\u017cbieta Kuraj\" data-fancybox=\"150\" href=\"https:\/\/us.edu.pl\/instytut\/isp\/wp-content\/uploads\/sites\/46\/Bez-kategorii\/1.-Prof.-dr-hab.-Elzbieta-Kuraj.jpg\" class=\"gallery__item thumbnail\"\r\n                                    style=\"background-image: url(https:\/\/us.edu.pl\/instytut\/isp\/wp-content\/uploads\/sites\/46\/Bez-kategorii\/1.-Prof.-dr-hab.-Elzbieta-Kuraj-1024x683.jpg)\"> <span class=\"d-none\">https:\/\/us.edu.pl\/instytut\/isp\/wp-content\/uploads\/sites\/46\/Bez-kategorii\/1.-Prof.-dr-hab.-Elzbieta-Kuraj.jpg<\/span> <\/a><a data-fancybox-group=\"button\" title=\"Zebrani Go\u015bcie podczas wernisa\u017cu\" data-fancybox=\"150\" href=\"https:\/\/us.edu.pl\/instytut\/isp\/wp-content\/uploads\/sites\/46\/Bez-kategorii\/2.-Zebrani-Goscie-podczas-wernisazu.jpg\" class=\"gallery__item thumbnail\"\r\n                                    style=\"background-image: url(https:\/\/us.edu.pl\/instytut\/isp\/wp-content\/uploads\/sites\/46\/Bez-kategorii\/2.-Zebrani-Goscie-podczas-wernisazu-1024x683.jpg)\"> <span class=\"d-none\">https:\/\/us.edu.pl\/instytut\/isp\/wp-content\/uploads\/sites\/46\/Bez-kategorii\/2.-Zebrani-Goscie-podczas-wernisazu.jpg<\/span> <\/a><a data-fancybox-group=\"button\" title=\"Prof. dr hab. Ma\u0142gorzata \u0141uszczak, prof. dr hab. Krzysztof Kula\" data-fancybox=\"150\" href=\"https:\/\/us.edu.pl\/instytut\/isp\/wp-content\/uploads\/sites\/46\/Bez-kategorii\/3.-Prof.-dr-hab.-Malgorzata-Luszczak-prof.-dr-hab.-Krzysztof-Kula.jpg\" class=\"gallery__item thumbnail\"\r\n                                    style=\"background-image: url(https:\/\/us.edu.pl\/instytut\/isp\/wp-content\/uploads\/sites\/46\/Bez-kategorii\/3.-Prof.-dr-hab.-Malgorzata-Luszczak-prof.-dr-hab.-Krzysztof-Kula-1024x682.jpg)\"> <span class=\"d-none\">https:\/\/us.edu.pl\/instytut\/isp\/wp-content\/uploads\/sites\/46\/Bez-kategorii\/3.-Prof.-dr-hab.-Malgorzata-Luszczak-prof.-dr-hab.-Krzysztof-Kula.jpg<\/span> <\/a><a data-fancybox-group=\"button\" title=\"Katalog Poetyka Materii prof. dr hab. El\u017cbiety Kuraj\" data-fancybox=\"150\" href=\"https:\/\/us.edu.pl\/instytut\/isp\/wp-content\/uploads\/sites\/46\/Bez-kategorii\/4.-Katalog-Poetyka-Materii-prof.-dr-hab.-Elzbiety-Kuraj.jpg\" class=\"gallery__item thumbnail\"\r\n                                    style=\"background-image: url(https:\/\/us.edu.pl\/instytut\/isp\/wp-content\/uploads\/sites\/46\/Bez-kategorii\/4.-Katalog-Poetyka-Materii-prof.-dr-hab.-Elzbiety-Kuraj-1024x683.jpg)\"> <span class=\"d-none\">https:\/\/us.edu.pl\/instytut\/isp\/wp-content\/uploads\/sites\/46\/Bez-kategorii\/4.-Katalog-Poetyka-Materii-prof.-dr-hab.-Elzbiety-Kuraj.jpg<\/span> <\/a><a data-fancybox-group=\"button\" title=\"Obrazy prof. dr hab. El\u017cbiety Kuraj\" data-fancybox=\"150\" href=\"https:\/\/us.edu.pl\/instytut\/isp\/wp-content\/uploads\/sites\/46\/Bez-kategorii\/5.-Obrazy-prof.-dr-hab.-Elzbiety-Kuraj.jpg\" class=\"gallery__item thumbnail\"\r\n                                    style=\"background-image: url(https:\/\/us.edu.pl\/instytut\/isp\/wp-content\/uploads\/sites\/46\/Bez-kategorii\/5.-Obrazy-prof.-dr-hab.-Elzbiety-Kuraj-1024x683.jpg)\"> <span class=\"d-none\">https:\/\/us.edu.pl\/instytut\/isp\/wp-content\/uploads\/sites\/46\/Bez-kategorii\/5.-Obrazy-prof.-dr-hab.-Elzbiety-Kuraj.jpg<\/span> <\/a><a data-fancybox-group=\"button\" title=\"Obrazy prof. dr hab. El\u017cbiety Kuraj\" data-fancybox=\"150\" href=\"https:\/\/us.edu.pl\/instytut\/isp\/wp-content\/uploads\/sites\/46\/Bez-kategorii\/6.-Obrazy-prof.-dr-hab.-Elzbiety-Kuraj.jpg\" class=\"gallery__item thumbnail\"\r\n                                    style=\"background-image: url(https:\/\/us.edu.pl\/instytut\/isp\/wp-content\/uploads\/sites\/46\/Bez-kategorii\/6.-Obrazy-prof.-dr-hab.-Elzbiety-Kuraj-1024x682.jpg)\"> <span class=\"d-none\">https:\/\/us.edu.pl\/instytut\/isp\/wp-content\/uploads\/sites\/46\/Bez-kategorii\/6.-Obrazy-prof.-dr-hab.-Elzbiety-Kuraj.jpg<\/span> <\/a><a data-fancybox-group=\"button\" title=\"Obrazy prof. dr hab. El\u017cbiety Kuraj\" data-fancybox=\"150\" href=\"https:\/\/us.edu.pl\/instytut\/isp\/wp-content\/uploads\/sites\/46\/Bez-kategorii\/7.-Obrazy-prof.-dr-hab.-Elzbiety-Kuraj.jpg\" class=\"gallery__item thumbnail\"\r\n                                    style=\"background-image: url(https:\/\/us.edu.pl\/instytut\/isp\/wp-content\/uploads\/sites\/46\/Bez-kategorii\/7.-Obrazy-prof.-dr-hab.-Elzbiety-Kuraj-1024x683.jpg)\"> <span class=\"d-none\">https:\/\/us.edu.pl\/instytut\/isp\/wp-content\/uploads\/sites\/46\/Bez-kategorii\/7.-Obrazy-prof.-dr-hab.-Elzbiety-Kuraj.jpg<\/span> <\/a><a data-fancybox-group=\"button\" title=\"Obrazy prof. dr hab. El\u017cbiety Kuraj\" data-fancybox=\"150\" href=\"https:\/\/us.edu.pl\/instytut\/isp\/wp-content\/uploads\/sites\/46\/Bez-kategorii\/8.-Obrazy-prof.-dr-hab.-Elzbiety-Kuraj.jpg\" class=\"gallery__item thumbnail\"\r\n                                    style=\"background-image: url(https:\/\/us.edu.pl\/instytut\/isp\/wp-content\/uploads\/sites\/46\/Bez-kategorii\/8.-Obrazy-prof.-dr-hab.-Elzbiety-Kuraj-1024x683.jpg)\"> <span class=\"d-none\">https:\/\/us.edu.pl\/instytut\/isp\/wp-content\/uploads\/sites\/46\/Bez-kategorii\/8.-Obrazy-prof.-dr-hab.-Elzbiety-Kuraj.jpg<\/span> <\/a><a data-fancybox-group=\"button\" title=\"Zebrani Go\u015bcie podczas wernisa\u017cu\" data-fancybox=\"150\" href=\"https:\/\/us.edu.pl\/instytut\/isp\/wp-content\/uploads\/sites\/46\/Bez-kategorii\/9.-Zebrani-Goscie-podczas-wernisazu.jpg\" class=\"gallery__item thumbnail\"\r\n                                    style=\"background-image: url(https:\/\/us.edu.pl\/instytut\/isp\/wp-content\/uploads\/sites\/46\/Bez-kategorii\/9.-Zebrani-Goscie-podczas-wernisazu-1024x683.jpg)\"> <span class=\"d-none\">https:\/\/us.edu.pl\/instytut\/isp\/wp-content\/uploads\/sites\/46\/Bez-kategorii\/9.-Zebrani-Goscie-podczas-wernisazu.jpg<\/span> <\/a><a data-fancybox-group=\"button\" title=\"Prof. dr hab. El\u017cbieta Kuraj, Dyrektor Instytutu Sztuk Plastycznych dr hab. Stefan Lechwar, prof. U\u015a\" data-fancybox=\"150\" href=\"https:\/\/us.edu.pl\/instytut\/isp\/wp-content\/uploads\/sites\/46\/Bez-kategorii\/10.-Prof.-dr-hab.-Elzbieta-Kuraj-Dyrektor-Instytutu-Sztuk-Plastycznych-dr-hab.-Stefan-Lechwar-prof.-US.jpg\" class=\"gallery__item thumbnail\"\r\n                                    style=\"background-image: url(https:\/\/us.edu.pl\/instytut\/isp\/wp-content\/uploads\/sites\/46\/Bez-kategorii\/10.-Prof.-dr-hab.-Elzbieta-Kuraj-Dyrektor-Instytutu-Sztuk-Plastycznych-dr-hab.-Stefan-Lechwar-prof.-US-1024x682.jpg)\"> <span class=\"d-none\">https:\/\/us.edu.pl\/instytut\/isp\/wp-content\/uploads\/sites\/46\/Bez-kategorii\/10.-Prof.-dr-hab.-Elzbieta-Kuraj-Dyrektor-Instytutu-Sztuk-Plastycznych-dr-hab.-Stefan-Lechwar-prof.-US.jpg<\/span> <\/a><a data-fancybox-group=\"button\" title=\"Prof. dr hab. El\u017cbieta Kuraj, dr hab. Tomasz J\u0119drzejko, prof. U\u015a\" data-fancybox=\"150\" href=\"https:\/\/us.edu.pl\/instytut\/isp\/wp-content\/uploads\/sites\/46\/Bez-kategorii\/11.-Prof.-dr-hab.-Elzbieta-Kuraj-dr-hab.-Tomasz-Jedrzejko-prof.-US.jpg\" class=\"gallery__item thumbnail\"\r\n                                    style=\"background-image: url(https:\/\/us.edu.pl\/instytut\/isp\/wp-content\/uploads\/sites\/46\/Bez-kategorii\/11.-Prof.-dr-hab.-Elzbieta-Kuraj-dr-hab.-Tomasz-Jedrzejko-prof.-US-1024x683.jpg)\"> <span class=\"d-none\">https:\/\/us.edu.pl\/instytut\/isp\/wp-content\/uploads\/sites\/46\/Bez-kategorii\/11.-Prof.-dr-hab.-Elzbieta-Kuraj-dr-hab.-Tomasz-Jedrzejko-prof.-US.jpg<\/span> <\/a><a data-fancybox-group=\"button\" title=\" Prof. dr hab. El\u017cbieta Kuraj, dr Anna Wajda\" data-fancybox=\"150\" href=\"https:\/\/us.edu.pl\/instytut\/isp\/wp-content\/uploads\/sites\/46\/Bez-kategorii\/12.-Prof.-dr-hab.-Elzbieta-Kuraj-dr-Anna-Wajda.jpg\" class=\"gallery__item thumbnail\"\r\n                                    style=\"background-image: url(https:\/\/us.edu.pl\/instytut\/isp\/wp-content\/uploads\/sites\/46\/Bez-kategorii\/12.-Prof.-dr-hab.-Elzbieta-Kuraj-dr-Anna-Wajda-1024x683.jpg)\"> <span class=\"d-none\">https:\/\/us.edu.pl\/instytut\/isp\/wp-content\/uploads\/sites\/46\/Bez-kategorii\/12.-Prof.-dr-hab.-Elzbieta-Kuraj-dr-Anna-Wajda.jpg<\/span> <\/a><a data-fancybox-group=\"button\" title=\"Prof. dr hab. El\u017cbieta Kuraj, dr Katarzyna Hilszcza\u0144ska\" data-fancybox=\"150\" href=\"https:\/\/us.edu.pl\/instytut\/isp\/wp-content\/uploads\/sites\/46\/Bez-kategorii\/13.-Prof.-dr-hab.-Elzbieta-Kuraj-dr-Katarzyna-Hilszczanska.jpg\" class=\"gallery__item thumbnail\"\r\n                                    style=\"background-image: url(https:\/\/us.edu.pl\/instytut\/isp\/wp-content\/uploads\/sites\/46\/Bez-kategorii\/13.-Prof.-dr-hab.-Elzbieta-Kuraj-dr-Katarzyna-Hilszczanska-1024x683.jpg)\"> <span class=\"d-none\">https:\/\/us.edu.pl\/instytut\/isp\/wp-content\/uploads\/sites\/46\/Bez-kategorii\/13.-Prof.-dr-hab.-Elzbieta-Kuraj-dr-Katarzyna-Hilszczanska.jpg<\/span> <\/a><a data-fancybox-group=\"button\" title=\"Prof. dr hab. El\u017cbieta Kuraj\" data-fancybox=\"150\" href=\"https:\/\/us.edu.pl\/instytut\/isp\/wp-content\/uploads\/sites\/46\/Bez-kategorii\/14.-Prof.-dr-hab.-Elzbieta-Kuraj.jpg\" class=\"gallery__item thumbnail\"\r\n                                    style=\"background-image: url(https:\/\/us.edu.pl\/instytut\/isp\/wp-content\/uploads\/sites\/46\/Bez-kategorii\/14.-Prof.-dr-hab.-Elzbieta-Kuraj-1024x683.jpg)\"> <span class=\"d-none\">https:\/\/us.edu.pl\/instytut\/isp\/wp-content\/uploads\/sites\/46\/Bez-kategorii\/14.-Prof.-dr-hab.-Elzbieta-Kuraj.jpg<\/span> <\/a><a data-fancybox-group=\"button\" title=\"Zebrani Go\u015bcie podczas wernisa\u017cu\" data-fancybox=\"150\" href=\"https:\/\/us.edu.pl\/instytut\/isp\/wp-content\/uploads\/sites\/46\/Bez-kategorii\/15.-Zebrani-Goscie-podczas-wernisazu.jpg\" class=\"gallery__item thumbnail\"\r\n                                    style=\"background-image: url(https:\/\/us.edu.pl\/instytut\/isp\/wp-content\/uploads\/sites\/46\/Bez-kategorii\/15.-Zebrani-Goscie-podczas-wernisazu-1024x683.jpg)\"> <span class=\"d-none\">https:\/\/us.edu.pl\/instytut\/isp\/wp-content\/uploads\/sites\/46\/Bez-kategorii\/15.-Zebrani-Goscie-podczas-wernisazu.jpg<\/span> <\/a><a data-fancybox-group=\"button\" title=\"Zebrani Go\u015bcie podczas wernisa\u017cu\" data-fancybox=\"150\" href=\"https:\/\/us.edu.pl\/instytut\/isp\/wp-content\/uploads\/sites\/46\/Bez-kategorii\/16.-Zebrani-Goscie-podczas-wernisazu.jpg\" class=\"gallery__item thumbnail\"\r\n                                    style=\"background-image: url(https:\/\/us.edu.pl\/instytut\/isp\/wp-content\/uploads\/sites\/46\/Bez-kategorii\/16.-Zebrani-Goscie-podczas-wernisazu-1024x683.jpg)\"> <span class=\"d-none\">https:\/\/us.edu.pl\/instytut\/isp\/wp-content\/uploads\/sites\/46\/Bez-kategorii\/16.-Zebrani-Goscie-podczas-wernisazu.jpg<\/span> <\/a>\r\n                            <\/div>\r\n                    <\/div>\r\n                <\/div>[\/vc_column][\/vc_row]<\/p>","protected":false},"excerpt":{"rendered":"<p>[vc_row][vc_column][\/vc_column][\/vc_row] [&#8230;]<\/p>\n<p><a class=\"btn btn-secondary understrap-read-more-link\" href=\"https:\/\/us.edu.pl\/instytut\/isp\/elzbieta-kuraj-malarstwo\/\">Read More&#8230;<\/a><\/p>\n","protected":false},"author":110,"featured_media":0,"parent":0,"menu_order":0,"comment_status":"closed","ping_status":"closed","template":"","meta":{"_expiration-date-status":"","_expiration-date":0,"_expiration-date-type":"","_expiration-date-categories":[],"_expiration-date-options":[]},"acf":[],"_links":{"self":[{"href":"https:\/\/us.edu.pl\/instytut\/isp\/wp-json\/wp\/v2\/pages\/2666"}],"collection":[{"href":"https:\/\/us.edu.pl\/instytut\/isp\/wp-json\/wp\/v2\/pages"}],"about":[{"href":"https:\/\/us.edu.pl\/instytut\/isp\/wp-json\/wp\/v2\/types\/page"}],"author":[{"embeddable":true,"href":"https:\/\/us.edu.pl\/instytut\/isp\/wp-json\/wp\/v2\/users\/110"}],"replies":[{"embeddable":true,"href":"https:\/\/us.edu.pl\/instytut\/isp\/wp-json\/wp\/v2\/comments?post=2666"}],"version-history":[{"count":2,"href":"https:\/\/us.edu.pl\/instytut\/isp\/wp-json\/wp\/v2\/pages\/2666\/revisions"}],"predecessor-version":[{"id":2669,"href":"https:\/\/us.edu.pl\/instytut\/isp\/wp-json\/wp\/v2\/pages\/2666\/revisions\/2669"}],"wp:attachment":[{"href":"https:\/\/us.edu.pl\/instytut\/isp\/wp-json\/wp\/v2\/media?parent=2666"}],"curies":[{"name":"wp","href":"https:\/\/api.w.org\/{rel}","templated":true}]}}