{"id":3253,"date":"2024-04-15T10:30:16","date_gmt":"2024-04-15T08:30:16","guid":{"rendered":"https:\/\/us.edu.pl\/instytut\/isp\/?page_id=3253"},"modified":"2024-04-29T11:18:52","modified_gmt":"2024-04-29T09:18:52","slug":"pracownie","status":"publish","type":"page","link":"https:\/\/us.edu.pl\/instytut\/isp\/pracownie\/","title":{"rendered":"Pracownie"},"content":{"rendered":"<p>[vc_row][vc_column width=&#8221;1\/4&#8243;]\r\n                <div class=\"text-modules\">\r\n                    <div class=\"container\">\r\n                        \r\n                        <div class=\"text-modules__content\"><\/p>\n<h3 style=\"text-align: center;\"><a href=\"https:\/\/us.edu.pl\/instytut\/isp\/pracownia-rzezby\/\">Pracownie rze\u017aby<\/a><\/h3>\n<p style=\"text-align: center;\"><a href=\"https:\/\/us.edu.pl\/instytut\/isp\/pracownia-rzezby\/\"><img class=\"alignnone wp-image-3308\" src=\"https:\/\/us.edu.pl\/instytut\/isp\/wp-content\/uploads\/sites\/46\/Bez-kategorii\/K.Handzlik-Bak.-Dessert-z-cyklu-Sklepy-cynamonowe.jpg\" alt=\"\" width=\"300\" height=\"201\" srcset=\"https:\/\/us.edu.pl\/instytut\/isp\/wp-content\/uploads\/sites\/46\/Bez-kategorii\/K.Handzlik-Bak.-Dessert-z-cyklu-Sklepy-cynamonowe.jpg 751w, https:\/\/us.edu.pl\/instytut\/isp\/wp-content\/uploads\/sites\/46\/Bez-kategorii\/K.Handzlik-Bak.-Dessert-z-cyklu-Sklepy-cynamonowe-575x384.jpg 575w\" sizes=\"(max-width: 300px) 100vw, 300px\" \/><\/a><\/p>\n<p>\n<\/div>\r\n                    <\/div>\r\n                <\/div>[vc_separator color=&#8221;black&#8221; style=&#8221;shadow&#8221; border_width=&#8221;7&#8243; el_width=&#8221;50&#8243;][\/vc_column][vc_column width=&#8221;1\/4&#8243;]\r\n                <div class=\"text-modules\">\r\n                    <div class=\"container\">\r\n                        \r\n                        <div class=\"text-modules__content\"><\/p>\n<h3 style=\"text-align: center;\"><a href=\"https:\/\/us.edu.pl\/instytut\/isp\/pracownia-fotografii\/\">Pracownie fotografii<\/a><\/h3>\n<p style=\"text-align: center;\"><a href=\"https:\/\/us.edu.pl\/instytut\/isp\/pracownia-fotografii\/\"><img class=\"alignnone wp-image-2671\" src=\"https:\/\/us.edu.pl\/instytut\/isp\/wp-content\/uploads\/sites\/46\/Bez-kategorii\/05_40\u2070N-4\u2070E_Multiversum-800x534.jpg\" alt=\"40\u2070N 4\u2070E_Multiversum\" width=\"300\" height=\"200\" srcset=\"https:\/\/us.edu.pl\/instytut\/isp\/wp-content\/uploads\/sites\/46\/Bez-kategorii\/05_40\u2070N-4\u2070E_Multiversum-800x534.jpg 800w, https:\/\/us.edu.pl\/instytut\/isp\/wp-content\/uploads\/sites\/46\/Bez-kategorii\/05_40\u2070N-4\u2070E_Multiversum-768x512.jpg 768w, https:\/\/us.edu.pl\/instytut\/isp\/wp-content\/uploads\/sites\/46\/Bez-kategorii\/05_40\u2070N-4\u2070E_Multiversum-575x384.jpg 575w, https:\/\/us.edu.pl\/instytut\/isp\/wp-content\/uploads\/sites\/46\/Bez-kategorii\/05_40\u2070N-4\u2070E_Multiversum.jpg 1000w\" sizes=\"(max-width: 300px) 100vw, 300px\" \/><\/a><\/p>\n<p>\n<\/div>\r\n                    <\/div>\r\n                <\/div>[vc_separator color=&#8221;black&#8221; style=&#8221;shadow&#8221; border_width=&#8221;7&#8243; el_width=&#8221;50&#8243;][\/vc_column][vc_column width=&#8221;1\/4&#8243;]\r\n                <div class=\"text-modules\">\r\n                    <div class=\"container\">\r\n                        \r\n                        <div class=\"text-modules__content\"><\/p>\n<h3 style=\"text-align: center;\"><a href=\"https:\/\/us.edu.pl\/instytut\/isp\/pracownia-malarstwa\/\">Pracownie malarstwa<\/a><\/h3>\n<p style=\"text-align: center;\"><a href=\"https:\/\/us.edu.pl\/instytut\/isp\/pracownia-malarstwa\/\"><img class=\"alignnone wp-image-3303\" src=\"https:\/\/us.edu.pl\/instytut\/isp\/wp-content\/uploads\/sites\/46\/Bez-kategorii\/Elzbieta-Kuraj-SOLAR-800x532.jpg\" alt=\"El\u017cbieta Kuraj SOLAR\" width=\"300\" height=\"200\" srcset=\"https:\/\/us.edu.pl\/instytut\/isp\/wp-content\/uploads\/sites\/46\/Bez-kategorii\/Elzbieta-Kuraj-SOLAR-800x532.jpg 800w, https:\/\/us.edu.pl\/instytut\/isp\/wp-content\/uploads\/sites\/46\/Bez-kategorii\/Elzbieta-Kuraj-SOLAR-768x511.jpg 768w, https:\/\/us.edu.pl\/instytut\/isp\/wp-content\/uploads\/sites\/46\/Bez-kategorii\/Elzbieta-Kuraj-SOLAR-575x382.jpg 575w, https:\/\/us.edu.pl\/instytut\/isp\/wp-content\/uploads\/sites\/46\/Bez-kategorii\/Elzbieta-Kuraj-SOLAR.jpg 902w\" sizes=\"(max-width: 300px) 100vw, 300px\" \/><\/a><\/p>\n<p>\n<\/div>\r\n                    <\/div>\r\n                <\/div>[vc_separator color=&#8221;black&#8221; style=&#8221;shadow&#8221; border_width=&#8221;7&#8243; el_width=&#8221;50&#8243;][\/vc_column][vc_column width=&#8221;1\/4&#8243;]\r\n                <div class=\"text-modules\">\r\n                    <div class=\"container\">\r\n                        \r\n                        <div class=\"text-modules__content\"><\/p>\n<h3 style=\"text-align: center;\"><a href=\"https:\/\/us.edu.pl\/instytut\/isp\/pracownia-komiksu\/\">Pracownia komiksu<\/a><\/h3>\n<p style=\"text-align: center;\"><a href=\"https:\/\/us.edu.pl\/instytut\/isp\/pracownia-komiksu\/\"><img class=\"alignnone wp-image-3305\" src=\"https:\/\/us.edu.pl\/instytut\/isp\/wp-content\/uploads\/sites\/46\/Bez-kategorii\/Marek-Glowacki-S-jak-Slask-Maria-Kunic-800x533.jpg\" alt=\"Marek G\u0142owacki S jak \u015al\u0105sk Maria Kunic\" width=\"300\" height=\"200\" srcset=\"https:\/\/us.edu.pl\/instytut\/isp\/wp-content\/uploads\/sites\/46\/Bez-kategorii\/Marek-Glowacki-S-jak-Slask-Maria-Kunic-800x533.jpg 800w, https:\/\/us.edu.pl\/instytut\/isp\/wp-content\/uploads\/sites\/46\/Bez-kategorii\/Marek-Glowacki-S-jak-Slask-Maria-Kunic-1024x682.jpg 1024w, https:\/\/us.edu.pl\/instytut\/isp\/wp-content\/uploads\/sites\/46\/Bez-kategorii\/Marek-Glowacki-S-jak-Slask-Maria-Kunic-768x512.jpg 768w, https:\/\/us.edu.pl\/instytut\/isp\/wp-content\/uploads\/sites\/46\/Bez-kategorii\/Marek-Glowacki-S-jak-Slask-Maria-Kunic-575x383.jpg 575w, https:\/\/us.edu.pl\/instytut\/isp\/wp-content\/uploads\/sites\/46\/Bez-kategorii\/Marek-Glowacki-S-jak-Slask-Maria-Kunic.jpg 1202w\" sizes=\"(max-width: 300px) 100vw, 300px\" \/><\/a><\/p>\n<p>\n<\/div>\r\n                    <\/div>\r\n                <\/div>[vc_separator color=&#8221;black&#8221; style=&#8221;shadow&#8221; border_width=&#8221;7&#8243; el_width=&#8221;50&#8243;][\/vc_column][\/vc_row][vc_row][vc_column width=&#8221;1\/3&#8243;]\r\n                <div class=\"text-modules\">\r\n                    <div class=\"container\">\r\n                        \r\n                        <div class=\"text-modules__content\"><\/p>\n<h3 style=\"text-align: center;\"><a href=\"https:\/\/us.edu.pl\/instytut\/isp\/pracownia-sztuki-przedmiotu\/\">Pracownia sztuki przedmiotu<\/a><\/h3>\n<p style=\"text-align: center;\"><a href=\"https:\/\/us.edu.pl\/instytut\/isp\/pracownia-sztuki-przedmiotu\/\"><img class=\"alignnone wp-image-3302\" src=\"https:\/\/us.edu.pl\/instytut\/isp\/wp-content\/uploads\/sites\/46\/Bez-kategorii\/Katarzyna-Handzlik-Bak-zabawka-achillesa-800x533.jpg\" alt=\"Katarzyna Handzlik-B\u0105k zabawka achillesa\" width=\"300\" height=\"200\" srcset=\"https:\/\/us.edu.pl\/instytut\/isp\/wp-content\/uploads\/sites\/46\/Bez-kategorii\/Katarzyna-Handzlik-Bak-zabawka-achillesa-800x533.jpg 800w, https:\/\/us.edu.pl\/instytut\/isp\/wp-content\/uploads\/sites\/46\/Bez-kategorii\/Katarzyna-Handzlik-Bak-zabawka-achillesa-768x512.jpg 768w, https:\/\/us.edu.pl\/instytut\/isp\/wp-content\/uploads\/sites\/46\/Bez-kategorii\/Katarzyna-Handzlik-Bak-zabawka-achillesa-575x383.jpg 575w, https:\/\/us.edu.pl\/instytut\/isp\/wp-content\/uploads\/sites\/46\/Bez-kategorii\/Katarzyna-Handzlik-Bak-zabawka-achillesa.jpg 899w\" sizes=\"(max-width: 300px) 100vw, 300px\" \/><\/a><\/p>\n<p>\n<\/div>\r\n                    <\/div>\r\n                <\/div>[vc_separator color=&#8221;black&#8221; style=&#8221;shadow&#8221; border_width=&#8221;7&#8243; el_width=&#8221;50&#8243;][\/vc_column][vc_column width=&#8221;1\/3&#8243;]\r\n                <div class=\"text-modules\">\r\n                    <div class=\"container\">\r\n                        \r\n                        <div class=\"text-modules__content\"><\/p>\n<h3 style=\"text-align: center;\"><a href=\"https:\/\/us.edu.pl\/instytut\/isp\/pracownia-grafiki\/\">Pracownie grafiki<\/a><\/h3>\n<p style=\"text-align: center;\"><a href=\"https:\/\/us.edu.pl\/instytut\/isp\/pracownia-grafiki\/\"><img class=\"alignnone wp-image-3312\" src=\"https:\/\/us.edu.pl\/instytut\/isp\/wp-content\/uploads\/sites\/46\/Bez-kategorii\/Jerzy-Pietruczuk-Your-dogy-but-my-Betelgeuse-4-800x534.jpg\" alt=\"Jerzy Pietruczuk Your dogy but my Betelgeuse 4 \" width=\"300\" height=\"200\" srcset=\"https:\/\/us.edu.pl\/instytut\/isp\/wp-content\/uploads\/sites\/46\/Bez-kategorii\/Jerzy-Pietruczuk-Your-dogy-but-my-Betelgeuse-4-800x534.jpg 800w, https:\/\/us.edu.pl\/instytut\/isp\/wp-content\/uploads\/sites\/46\/Bez-kategorii\/Jerzy-Pietruczuk-Your-dogy-but-my-Betelgeuse-4-1024x684.jpg 1024w, https:\/\/us.edu.pl\/instytut\/isp\/wp-content\/uploads\/sites\/46\/Bez-kategorii\/Jerzy-Pietruczuk-Your-dogy-but-my-Betelgeuse-4-768x513.jpg 768w, https:\/\/us.edu.pl\/instytut\/isp\/wp-content\/uploads\/sites\/46\/Bez-kategorii\/Jerzy-Pietruczuk-Your-dogy-but-my-Betelgeuse-4-575x384.jpg 575w, https:\/\/us.edu.pl\/instytut\/isp\/wp-content\/uploads\/sites\/46\/Bez-kategorii\/Jerzy-Pietruczuk-Your-dogy-but-my-Betelgeuse-4.jpg 1198w\" sizes=\"(max-width: 300px) 100vw, 300px\" \/><\/a><\/p>\n<p>\n<\/div>\r\n                    <\/div>\r\n                <\/div>[vc_separator color=&#8221;black&#8221; style=&#8221;shadow&#8221; border_width=&#8221;7&#8243; el_width=&#8221;50&#8243;][\/vc_column][vc_column width=&#8221;1\/3&#8243;]\r\n                <div class=\"text-modules\">\r\n                    <div class=\"container\">\r\n                        \r\n                        <div class=\"text-modules__content\"><\/p>\n<h3 style=\"text-align: center;\"><a href=\"https:\/\/us.edu.pl\/instytut\/isp\/pracownia-dzialan-unikatowych\/\">Pracownia dzia\u0142a\u0144 unikatowych<\/a><\/h3>\n<p style=\"text-align: center;\"><a href=\"https:\/\/us.edu.pl\/instytut\/isp\/pracownia-dzialan-unikatowych\/\"><img class=\"alignnone wp-image-3311\" src=\"https:\/\/us.edu.pl\/instytut\/isp\/wp-content\/uploads\/sites\/46\/Bez-kategorii\/Paulina-Poczeta-torba-z-krawatow-800x535.jpg\" alt=\"Paulina Pocz\u0119ta torba z krawat\u00f3w\" width=\"300\" height=\"201\" srcset=\"https:\/\/us.edu.pl\/instytut\/isp\/wp-content\/uploads\/sites\/46\/Bez-kategorii\/Paulina-Poczeta-torba-z-krawatow-800x535.jpg 800w, https:\/\/us.edu.pl\/instytut\/isp\/wp-content\/uploads\/sites\/46\/Bez-kategorii\/Paulina-Poczeta-torba-z-krawatow-1024x684.jpg 1024w, https:\/\/us.edu.pl\/instytut\/isp\/wp-content\/uploads\/sites\/46\/Bez-kategorii\/Paulina-Poczeta-torba-z-krawatow-768x513.jpg 768w, https:\/\/us.edu.pl\/instytut\/isp\/wp-content\/uploads\/sites\/46\/Bez-kategorii\/Paulina-Poczeta-torba-z-krawatow-575x384.jpg 575w, https:\/\/us.edu.pl\/instytut\/isp\/wp-content\/uploads\/sites\/46\/Bez-kategorii\/Paulina-Poczeta-torba-z-krawatow.jpg 1200w\" sizes=\"(max-width: 300px) 100vw, 300px\" \/><\/a><\/p>\n<p>\n<\/div>\r\n                    <\/div>\r\n                <\/div>[vc_separator color=&#8221;black&#8221; style=&#8221;shadow&#8221; border_width=&#8221;7&#8243; el_width=&#8221;50&#8243;][\/vc_column][\/vc_row][vc_row][vc_column width=&#8221;1\/4&#8243;]\r\n                <div class=\"text-modules\">\r\n                    <div class=\"container\">\r\n                        \r\n                        <div class=\"text-modules__content\"><\/p>\n<h3 style=\"text-align: center;\"><a href=\"https:\/\/us.edu.pl\/instytut\/isp\/pracownia-ceramiki\/\">Pracownia ceramiki<\/a><\/h3>\n<p style=\"text-align: center;\"><a href=\"https:\/\/us.edu.pl\/instytut\/isp\/pracownia-ceramiki\/\"><img class=\"alignnone wp-image-3314\" src=\"https:\/\/us.edu.pl\/instytut\/isp\/wp-content\/uploads\/sites\/46\/Bez-kategorii\/Malgorzata-Skaluba-Krentowicz-Kioto-z-cyklu-Nie-tylko-Rzecz-800x534.jpg\" alt=\"Ma\u0142gorzata Ska\u0142uba-Krentowicz Kioto z cyklu Nie tylko Rzecz\" width=\"300\" height=\"200\" srcset=\"https:\/\/us.edu.pl\/instytut\/isp\/wp-content\/uploads\/sites\/46\/Bez-kategorii\/Malgorzata-Skaluba-Krentowicz-Kioto-z-cyklu-Nie-tylko-Rzecz-800x534.jpg 800w, https:\/\/us.edu.pl\/instytut\/isp\/wp-content\/uploads\/sites\/46\/Bez-kategorii\/Malgorzata-Skaluba-Krentowicz-Kioto-z-cyklu-Nie-tylko-Rzecz-1024x684.jpg 1024w, https:\/\/us.edu.pl\/instytut\/isp\/wp-content\/uploads\/sites\/46\/Bez-kategorii\/Malgorzata-Skaluba-Krentowicz-Kioto-z-cyklu-Nie-tylko-Rzecz-768x513.jpg 768w, https:\/\/us.edu.pl\/instytut\/isp\/wp-content\/uploads\/sites\/46\/Bez-kategorii\/Malgorzata-Skaluba-Krentowicz-Kioto-z-cyklu-Nie-tylko-Rzecz-575x384.jpg 575w, https:\/\/us.edu.pl\/instytut\/isp\/wp-content\/uploads\/sites\/46\/Bez-kategorii\/Malgorzata-Skaluba-Krentowicz-Kioto-z-cyklu-Nie-tylko-Rzecz.jpg 1199w\" sizes=\"(max-width: 300px) 100vw, 300px\" \/><\/a><\/p>\n<p>\n<\/div>\r\n                    <\/div>\r\n                <\/div>[vc_separator color=&#8221;black&#8221; style=&#8221;shadow&#8221; border_width=&#8221;7&#8243; el_width=&#8221;50&#8243;][\/vc_column][vc_column width=&#8221;1\/4&#8243;]\r\n                <div class=\"text-modules\">\r\n                    <div class=\"container\">\r\n                        \r\n                        <div class=\"text-modules__content\"><\/p>\n<h3 style=\"text-align: center;\"><a href=\"https:\/\/us.edu.pl\/instytut\/isp\/pracownia-exlibrisu\/\">Pracownia ekslibrisu<\/a><\/h3>\n<p style=\"text-align: center;\"><a href=\"https:\/\/us.edu.pl\/instytut\/isp\/pracownia-exlibrisu\/\"><img class=\"alignnone wp-image-3315\" src=\"https:\/\/us.edu.pl\/instytut\/isp\/wp-content\/uploads\/sites\/46\/Bez-kategorii\/kmbak-9-800x534.jpg\" alt=\"kmbak (9)\" width=\"300\" height=\"200\" srcset=\"https:\/\/us.edu.pl\/instytut\/isp\/wp-content\/uploads\/sites\/46\/Bez-kategorii\/kmbak-9-800x534.jpg 800w, https:\/\/us.edu.pl\/instytut\/isp\/wp-content\/uploads\/sites\/46\/Bez-kategorii\/kmbak-9-768x512.jpg 768w, https:\/\/us.edu.pl\/instytut\/isp\/wp-content\/uploads\/sites\/46\/Bez-kategorii\/kmbak-9-575x384.jpg 575w, https:\/\/us.edu.pl\/instytut\/isp\/wp-content\/uploads\/sites\/46\/Bez-kategorii\/kmbak-9.jpg 898w\" sizes=\"(max-width: 300px) 100vw, 300px\" \/><\/a><\/p>\n<p>\n<\/div>\r\n                    <\/div>\r\n                <\/div>[vc_separator color=&#8221;black&#8221; style=&#8221;shadow&#8221; border_width=&#8221;7&#8243; el_width=&#8221;50&#8243;][\/vc_column][vc_column width=&#8221;1\/4&#8243;]\r\n                <div class=\"text-modules\">\r\n                    <div class=\"container\">\r\n                        \r\n                        <div class=\"text-modules__content\"><\/p>\n<h3 style=\"text-align: center;\"><a href=\"https:\/\/us.edu.pl\/instytut\/isp\/pracownia-rysunku\/\">Pracownie rysunku<\/a><\/h3>\n<p style=\"text-align: center;\"><a href=\"https:\/\/us.edu.pl\/instytut\/isp\/pracownia-rysunku\/\"><img class=\"alignnone wp-image-3317\" src=\"https:\/\/us.edu.pl\/instytut\/isp\/wp-content\/uploads\/sites\/46\/Bez-kategorii\/Unknow-superhero-800x534.jpg\" alt=\"Unknow superhero \" width=\"300\" height=\"200\" srcset=\"https:\/\/us.edu.pl\/instytut\/isp\/wp-content\/uploads\/sites\/46\/Bez-kategorii\/Unknow-superhero-800x534.jpg 800w, https:\/\/us.edu.pl\/instytut\/isp\/wp-content\/uploads\/sites\/46\/Bez-kategorii\/Unknow-superhero-1024x684.jpg 1024w, https:\/\/us.edu.pl\/instytut\/isp\/wp-content\/uploads\/sites\/46\/Bez-kategorii\/Unknow-superhero-768x513.jpg 768w, https:\/\/us.edu.pl\/instytut\/isp\/wp-content\/uploads\/sites\/46\/Bez-kategorii\/Unknow-superhero-575x384.jpg 575w, https:\/\/us.edu.pl\/instytut\/isp\/wp-content\/uploads\/sites\/46\/Bez-kategorii\/Unknow-superhero.jpg 1200w\" sizes=\"(max-width: 300px) 100vw, 300px\" \/><\/a><\/p>\n<p>\n<\/div>\r\n                    <\/div>\r\n                <\/div>[vc_separator color=&#8221;black&#8221; style=&#8221;shadow&#8221; border_width=&#8221;7&#8243; el_width=&#8221;50&#8243;][\/vc_column][vc_column width=&#8221;1\/4&#8243;]\r\n                <div class=\"text-modules\">\r\n                    <div class=\"container\">\r\n                        \r\n                        <div class=\"text-modules__content\"><\/p>\n<h3 style=\"text-align: center;\"><a href=\"https:\/\/us.edu.pl\/instytut\/isp\/pracownia-szkla\/\">Pracownia szk\u0142a<\/a><\/h3>\n<p style=\"text-align: center;\"><a href=\"https:\/\/us.edu.pl\/instytut\/isp\/pracownia-szkla\/\"><img class=\"alignnone wp-image-3318\" src=\"https:\/\/us.edu.pl\/instytut\/isp\/wp-content\/uploads\/sites\/46\/Bez-kategorii\/Katarzyna-Pyka-odlamki-III-2018-800x535.jpg\" alt=\"Katarzyna Pyka od\u0142amki III 2018\" width=\"300\" height=\"200\" srcset=\"https:\/\/us.edu.pl\/instytut\/isp\/wp-content\/uploads\/sites\/46\/Bez-kategorii\/Katarzyna-Pyka-odlamki-III-2018-800x535.jpg 800w, https:\/\/us.edu.pl\/instytut\/isp\/wp-content\/uploads\/sites\/46\/Bez-kategorii\/Katarzyna-Pyka-odlamki-III-2018-768x513.jpg 768w, https:\/\/us.edu.pl\/instytut\/isp\/wp-content\/uploads\/sites\/46\/Bez-kategorii\/Katarzyna-Pyka-odlamki-III-2018-575x384.jpg 575w, https:\/\/us.edu.pl\/instytut\/isp\/wp-content\/uploads\/sites\/46\/Bez-kategorii\/Katarzyna-Pyka-odlamki-III-2018.jpg 901w\" sizes=\"(max-width: 300px) 100vw, 300px\" \/><\/a><\/p>\n<p>\n<\/div>\r\n                    <\/div>\r\n                <\/div>[vc_separator color=&#8221;black&#8221; style=&#8221;shadow&#8221; border_width=&#8221;7&#8243; el_width=&#8221;50&#8243;][\/vc_column][\/vc_row][vc_row][vc_column width=&#8221;1\/2&#8243;]\r\n                <div class=\"text-modules\">\r\n                    <div class=\"container\">\r\n                        \r\n                        <div class=\"text-modules__content\"><\/p>\n<h3 style=\"text-align: center;\"><a href=\"https:\/\/us.edu.pl\/instytut\/isp\/plakacisci-i-projektowanie-graficzne\/\">Pracownie projektowania graficznego<\/a><\/h3>\n<p style=\"text-align: center;\"><a href=\"https:\/\/us.edu.pl\/instytut\/isp\/plakacisci-i-projektowanie-graficzne\/\"><img class=\"alignnone wp-image-3321\" src=\"https:\/\/us.edu.pl\/instytut\/isp\/wp-content\/uploads\/sites\/46\/Bez-kategorii\/Justyna-Jedrysek.jpg\" alt=\"Justyna J\u0119drysek \" width=\"300\" height=\"200\" srcset=\"https:\/\/us.edu.pl\/instytut\/isp\/wp-content\/uploads\/sites\/46\/Bez-kategorii\/Justyna-Jedrysek.jpg 600w, https:\/\/us.edu.pl\/instytut\/isp\/wp-content\/uploads\/sites\/46\/Bez-kategorii\/Justyna-Jedrysek-575x382.jpg 575w\" sizes=\"(max-width: 300px) 100vw, 300px\" \/><\/a><\/p>\n<p>\n<\/div>\r\n                    <\/div>\r\n                <\/div>[vc_separator color=&#8221;black&#8221; style=&#8221;shadow&#8221; border_width=&#8221;7&#8243; el_width=&#8221;50&#8243;][\/vc_column][vc_column width=&#8221;1\/2&#8243;]\r\n                <div class=\"text-modules\">\r\n                    <div class=\"container\">\r\n                        \r\n                        <div class=\"text-modules__content\"><\/p>\n<h3 style=\"text-align: center;\"><a href=\"https:\/\/youtube.com\/watch?v=JWBmM7Mpcec&amp;si=qJvH9uf7kvdLUKuE\">Projektowanie Gier i Przestrzeni Wirtualnej<\/a><\/h3>\n<p style=\"text-align: center;\"><a href=\"https:\/\/youtube.com\/watch?v=JWBmM7Mpcec&amp;si=qJvH9uf7kvdLUKuE\"><img class=\"alignnone wp-image-3323\" src=\"https:\/\/us.edu.pl\/instytut\/isp\/wp-content\/uploads\/sites\/46\/Bez-kategorii\/Projektowanie-Gier-i-Przestrzeni-Wirtualnej-.jpg\" alt=\"Projektowanie Gier i Przestrzeni Wirtualnej\" width=\"300\" height=\"200\" \/><\/a><\/p>\n<p>\n<\/div>\r\n                    <\/div>\r\n                <\/div>[vc_separator color=&#8221;black&#8221; style=&#8221;shadow&#8221; border_width=&#8221;7&#8243; el_width=&#8221;50&#8243;][\/vc_column][\/vc_row]<\/p>","protected":false},"excerpt":{"rendered":"<p>[vc_row][vc_column width=&#8221;1\/4&#8243;][vc_separator color=&#8221;black&#8221; style=&#8221;shadow&#8221; border_width=&#8221;7&#8243; el_width=&#8221;50&#8243;][\/vc_column][vc_column width=&#8221;1\/4&#8243;][vc_separator color=&#8221;black&#8221; style=&#8221;shadow&#8221; border_width=&#8221;7&#8243; el_width=&#8221;50&#8243;][\/vc_column][vc_column width=&#8221;1\/4&#8243;][vc_separator color=&#8221;black&#8221; style=&#8221;shadow&#8221; border_width=&#8221;7&#8243; el_width=&#8221;50&#8243;][\/vc_column][vc_column width=&#8221;1\/4&#8243;][vc_separator color=&#8221;black&#8221; style=&#8221;shadow&#8221; border_width=&#8221;7&#8243; el_width=&#8221;50&#8243;][\/vc_column][\/vc_row][vc_row][vc_column width=&#8221;1\/3&#8243;][vc_separator color=&#8221;black&#8221; style=&#8221;shadow&#8221; border_width=&#8221;7&#8243; el_width=&#8221;50&#8243;][\/vc_column][vc_column width=&#8221;1\/3&#8243;][vc_separator color=&#8221;black&#8221; style=&#8221;shadow&#8221; border_width=&#8221;7&#8243; el_width=&#8221;50&#8243;][\/vc_column][vc_column width=&#8221;1\/3&#8243;][vc_separator color=&#8221;black&#8221; style=&#8221;shadow&#8221; border_width=&#8221;7&#8243; el_width=&#8221;50&#8243;][\/vc_column][\/vc_row][vc_row][vc_column width=&#8221;1\/4&#8243;][vc_separator color=&#8221;black&#8221; style=&#8221;shadow&#8221; border_width=&#8221;7&#8243; el_width=&#8221;50&#8243;][\/vc_column][vc_column width=&#8221;1\/4&#8243;][vc_separator color=&#8221;black&#8221; style=&#8221;shadow&#8221; border_width=&#8221;7&#8243; el_width=&#8221;50&#8243;][\/vc_column][vc_column width=&#8221;1\/4&#8243;][vc_separator color=&#8221;black&#8221; style=&#8221;shadow&#8221; border_width=&#8221;7&#8243; el_width=&#8221;50&#8243;][\/vc_column][vc_column width=&#8221;1\/4&#8243;][vc_separator color=&#8221;black&#8221; style=&#8221;shadow&#8221; border_width=&#8221;7&#8243; [&#8230;]<\/p>\n<p><a class=\"btn btn-secondary understrap-read-more-link\" href=\"https:\/\/us.edu.pl\/instytut\/isp\/pracownie\/\">Read More&#8230;<\/a><\/p>\n","protected":false},"author":111,"featured_media":0,"parent":0,"menu_order":0,"comment_status":"closed","ping_status":"closed","template":"page-templates\/page-with-tables.php","meta":{"_expiration-date-status":"","_expiration-date":0,"_expiration-date-type":"","_expiration-date-categories":[],"_expiration-date-options":[]},"acf":[],"_links":{"self":[{"href":"https:\/\/us.edu.pl\/instytut\/isp\/wp-json\/wp\/v2\/pages\/3253"}],"collection":[{"href":"https:\/\/us.edu.pl\/instytut\/isp\/wp-json\/wp\/v2\/pages"}],"about":[{"href":"https:\/\/us.edu.pl\/instytut\/isp\/wp-json\/wp\/v2\/types\/page"}],"author":[{"embeddable":true,"href":"https:\/\/us.edu.pl\/instytut\/isp\/wp-json\/wp\/v2\/users\/111"}],"replies":[{"embeddable":true,"href":"https:\/\/us.edu.pl\/instytut\/isp\/wp-json\/wp\/v2\/comments?post=3253"}],"version-history":[{"count":10,"href":"https:\/\/us.edu.pl\/instytut\/isp\/wp-json\/wp\/v2\/pages\/3253\/revisions"}],"predecessor-version":[{"id":3329,"href":"https:\/\/us.edu.pl\/instytut\/isp\/wp-json\/wp\/v2\/pages\/3253\/revisions\/3329"}],"wp:attachment":[{"href":"https:\/\/us.edu.pl\/instytut\/isp\/wp-json\/wp\/v2\/media?parent=3253"}],"curies":[{"name":"wp","href":"https:\/\/api.w.org\/{rel}","templated":true}]}}