{"id":388,"date":"2020-05-11T11:09:36","date_gmt":"2020-05-11T09:09:36","guid":{"rendered":"http:\/\/us.edu.pl\/instytut\/isp\/?page_id=388"},"modified":"2021-11-03T08:58:47","modified_gmt":"2021-11-03T07:58:47","slug":"pracownia-dzialan-unikatowych","status":"publish","type":"page","link":"https:\/\/us.edu.pl\/instytut\/isp\/pracownia-dzialan-unikatowych\/","title":{"rendered":"Pracownia dzia\u0142a\u0144 unikatowych"},"content":{"rendered":"<p>[vc_row][vc_column][vc_video link=&#8221;https:\/\/youtu.be\/tnPeiFc8Syo&#8221; el_width=&#8221;60&#8243; align=&#8221;center&#8221; title=&#8221;Pracownia dzia\u0142a\u0144 unikatowych&#8221;][\/vc_column][\/vc_row][vc_row][vc_column]\r\n                <div class=\"text-modules\">\r\n                    <div class=\"container\">\r\n                        <h3 class=\"page-title text__title\">Pracownia dzia\u0142a\u0144 unikatowych<\/h3>\r\n                        <div class=\"text-modules__content\"><\/p>\n<div><strong>Fanpage pracowni:<\/strong><\/div>\n<div><a href=\"https:\/\/www.facebook.com\/pracowniaunikatowa\/?ref=settings\" target=\"_blank\" rel=\"noopener noreferrer\">https:\/\/www.facebook.com\/pracowniaunikatowa\/?ref=settings<\/a><\/div>\n<div><\/div>\n<div><strong>Blog z pracami studenckimi powsta\u0142ymi w pracowni dr hab. Pauliny Pocz\u0119tej:<\/strong><\/div>\n<div><a href=\"https:\/\/rysopisdomniemany.blogspot.com\/\" target=\"_blank\" rel=\"noopener noreferrer\">https:\/\/rysopisdomniemany.blogspot.com\/<\/a><\/div>\n<p>&nbsp;<\/p>\n<p>Pracownia powsta\u0142a w roku akademickim 2017\/18. Jej celem jest kszta\u0142towanie postawy \u015bwiadomego artysty-projektanta interdyscyplinarnych dzia\u0142a\u0144 tw\u00f3rczych i projektowych o charakterze unikatowym, w obszarze szeroko rozumianej tkaniny eksperymentalnej.<\/p>\n<p>Rozwijanie mo\u017cliwo\u015bci kreacji, tak\u017ce z wykorzystaniem dzia\u0142a\u0144 recyklingowych i tych uwzgl\u0119dniaj\u0105cych aspekt utylitarny realizowanych projekt\u00f3w, poszukiwanie autorskich rozwi\u0105za\u0144 technologicznych i materia\u0142owych oraz rozwijanie \u015bwiadomo\u015bci tw\u00f3rczej konfrontowanej ze sztuk\u0105 aktualn\u0105 i rzemios\u0142em, to podstawowe cele powo\u0142ania pracowni dzia\u0142a\u0144 unikatowych przez dr hab. Paulin\u0119 Pocz\u0119t\u0105.<\/p>\n<p>Pracownia reaktywuje i wdra\u017ca wszelkie techniki szycia i pracy z tkanin\u0105 (szycie, haftowanie, filcowanie, szyde\u0142kowanie, tworzenie patchwork\u00f3w, mi\u0119kkiej rze\u017aby i obiekt\u00f3w, tapicerowanie, drukowanie na tkaninie i inne) z przekonaniem o wa\u017cno\u015bci rzemios\u0142a i technologii w celu poszerzania spektrum dzia\u0142a\u0144 artystycznych, kreacyjnych i osobowo\u015bciowych student\u00f3w.<\/p>\n<\/div>\r\n                    <\/div>\r\n                <\/div>[\/vc_column][\/vc_row][vc_row][vc_column]            \r\n                    <div class=\"container\">\r\n                        <div class=\"gallery gallery_3\" data-images-in-row=\"3\">\r\n                            <div class=\"section-title section-title_border-bottom\">dr hab. Paulina Pocz\u0119ta - prace<\/div>\r\n                            <div class=\"row m-0\">\r\n                                <a data-fancybox-group=\"button\" title=\"Paulina Pocz\u0119ta Cry niezabawka \" data-fancybox=\"5139\" href=\"https:\/\/us.edu.pl\/instytut\/isp\/wp-content\/uploads\/sites\/46\/Nieprzypisane\/Paulina_Pocz\u0119ta_Cry_niezabawka-pp.jpg\" class=\"gallery__item thumbnail\"\r\n                                    style=\"background-image: url(https:\/\/us.edu.pl\/instytut\/isp\/wp-content\/uploads\/sites\/46\/Nieprzypisane\/Paulina_Pocz\u0119ta_Cry_niezabawka-pp-1024x747.jpg)\"> <span class=\"d-none\">https:\/\/us.edu.pl\/instytut\/isp\/wp-content\/uploads\/sites\/46\/Nieprzypisane\/Paulina_Pocz\u0119ta_Cry_niezabawka-pp.jpg<\/span> <\/a><a data-fancybox-group=\"button\" title=\"Paulina Pocz\u0119ta Deathproof Makeup \" data-fancybox=\"5139\" href=\"https:\/\/us.edu.pl\/instytut\/isp\/wp-content\/uploads\/sites\/46\/Nieprzypisane\/Paulina_Pocz\u0119ta_Deathproof_Makeup-pp.jpg\" class=\"gallery__item thumbnail\"\r\n                                    style=\"background-image: url(https:\/\/us.edu.pl\/instytut\/isp\/wp-content\/uploads\/sites\/46\/Nieprzypisane\/Paulina_Pocz\u0119ta_Deathproof_Makeup-pp.jpg)\"> <span class=\"d-none\">https:\/\/us.edu.pl\/instytut\/isp\/wp-content\/uploads\/sites\/46\/Nieprzypisane\/Paulina_Pocz\u0119ta_Deathproof_Makeup-pp.jpg<\/span> <\/a><a data-fancybox-group=\"button\" title=\"Paulina Pocz\u0119ta Hate Love\" data-fancybox=\"5139\" href=\"https:\/\/us.edu.pl\/instytut\/isp\/wp-content\/uploads\/sites\/46\/Nieprzypisane\/Paulina_Pocz\u0119ta_Hate_Love-pp.jpg\" class=\"gallery__item thumbnail\"\r\n                                    style=\"background-image: url(https:\/\/us.edu.pl\/instytut\/isp\/wp-content\/uploads\/sites\/46\/Nieprzypisane\/Paulina_Pocz\u0119ta_Hate_Love-pp-1024x767.jpg)\"> <span class=\"d-none\">https:\/\/us.edu.pl\/instytut\/isp\/wp-content\/uploads\/sites\/46\/Nieprzypisane\/Paulina_Pocz\u0119ta_Hate_Love-pp.jpg<\/span> <\/a><a data-fancybox-group=\"button\" title=\"Paulina Pocz\u0119ta Intencje \" data-fancybox=\"5139\" href=\"https:\/\/us.edu.pl\/instytut\/isp\/wp-content\/uploads\/sites\/46\/Nieprzypisane\/Paulina_Pocz\u0119ta_Intencje-pp.jpg\" class=\"gallery__item thumbnail\"\r\n                                    style=\"background-image: url(https:\/\/us.edu.pl\/instytut\/isp\/wp-content\/uploads\/sites\/46\/Nieprzypisane\/Paulina_Pocz\u0119ta_Intencje-pp-1024x717.jpg)\"> <span class=\"d-none\">https:\/\/us.edu.pl\/instytut\/isp\/wp-content\/uploads\/sites\/46\/Nieprzypisane\/Paulina_Pocz\u0119ta_Intencje-pp.jpg<\/span> <\/a><a data-fancybox-group=\"button\" title=\"Paulina Pocz\u0119ta Przyodziewek fragment \" data-fancybox=\"5139\" href=\"https:\/\/us.edu.pl\/instytut\/isp\/wp-content\/uploads\/sites\/46\/Nieprzypisane\/Paulina_Pocz\u0119ta_Przyodziewek_fragment-pp.jpg\" class=\"gallery__item thumbnail\"\r\n                                    style=\"background-image: url(https:\/\/us.edu.pl\/instytut\/isp\/wp-content\/uploads\/sites\/46\/Nieprzypisane\/Paulina_Pocz\u0119ta_Przyodziewek_fragment-pp-1024x768.jpg)\"> <span class=\"d-none\">https:\/\/us.edu.pl\/instytut\/isp\/wp-content\/uploads\/sites\/46\/Nieprzypisane\/Paulina_Pocz\u0119ta_Przyodziewek_fragment-pp.jpg<\/span> <\/a><a data-fancybox-group=\"button\" title=\"Paulina Pocz\u0119ta torba z krawat\u00f3w \" data-fancybox=\"5139\" href=\"https:\/\/us.edu.pl\/instytut\/isp\/wp-content\/uploads\/sites\/46\/Nieprzypisane\/Paulina_Pocz\u0119ta_torba_z_krawat\u00f3w-pp.jpg\" class=\"gallery__item thumbnail\"\r\n                                    style=\"background-image: url(https:\/\/us.edu.pl\/instytut\/isp\/wp-content\/uploads\/sites\/46\/Nieprzypisane\/Paulina_Pocz\u0119ta_torba_z_krawat\u00f3w-pp-1024x619.jpg)\"> <span class=\"d-none\">https:\/\/us.edu.pl\/instytut\/isp\/wp-content\/uploads\/sites\/46\/Nieprzypisane\/Paulina_Pocz\u0119ta_torba_z_krawat\u00f3w-pp.jpg<\/span> <\/a>\r\n                            <\/div>\r\n                    <\/div>\r\n                <\/div>[\/vc_column][\/vc_row][vc_row][vc_column]            \r\n                    <div class=\"container\">\r\n                        <div class=\"gallery gallery_3\" data-images-in-row=\"3\">\r\n                            <div class=\"section-title section-title_border-bottom\">Realizacje studenckie<\/div>\r\n                            <div class=\"row m-0\">\r\n                                <a data-fancybox-group=\"button\" title=\"A.Gil fragment dyplomu Czu\u0142o\u015b\u0107 \" data-fancybox=\"197\" href=\"https:\/\/us.edu.pl\/instytut\/isp\/wp-content\/uploads\/sites\/46\/Nieprzypisane\/A.Gil_fragment_dyplomu_Czu\u0142o\u015b\u0107-pdu.jpg\" class=\"gallery__item thumbnail\"\r\n                                    style=\"background-image: url(https:\/\/us.edu.pl\/instytut\/isp\/wp-content\/uploads\/sites\/46\/Nieprzypisane\/A.Gil_fragment_dyplomu_Czu\u0142o\u015b\u0107-pdu-1024x785.jpg)\"> <span class=\"d-none\">https:\/\/us.edu.pl\/instytut\/isp\/wp-content\/uploads\/sites\/46\/Nieprzypisane\/A.Gil_fragment_dyplomu_Czu\u0142o\u015b\u0107-pdu.jpg<\/span> <\/a><a data-fancybox-group=\"button\" title=\"A.Gil Zosia filcowany portret \" data-fancybox=\"197\" href=\"https:\/\/us.edu.pl\/instytut\/isp\/wp-content\/uploads\/sites\/46\/Nieprzypisane\/A.Gil_Zosia_filcowany-portret-pdu.jpg\" class=\"gallery__item thumbnail\"\r\n                                    style=\"background-image: url(https:\/\/us.edu.pl\/instytut\/isp\/wp-content\/uploads\/sites\/46\/Nieprzypisane\/A.Gil_Zosia_filcowany-portret-pdu.jpg)\"> <span class=\"d-none\">https:\/\/us.edu.pl\/instytut\/isp\/wp-content\/uploads\/sites\/46\/Nieprzypisane\/A.Gil_Zosia_filcowany-portret-pdu.jpg<\/span> <\/a><a data-fancybox-group=\"button\" title=\"A.Kelner Patchworkowy portret \" data-fancybox=\"197\" href=\"https:\/\/us.edu.pl\/instytut\/isp\/wp-content\/uploads\/sites\/46\/Nieprzypisane\/A.Kelner_Patchworkowy_portret-pdu.jpg\" class=\"gallery__item thumbnail\"\r\n                                    style=\"background-image: url(https:\/\/us.edu.pl\/instytut\/isp\/wp-content\/uploads\/sites\/46\/Nieprzypisane\/A.Kelner_Patchworkowy_portret-pdu-1024x628.jpg)\"> <span class=\"d-none\">https:\/\/us.edu.pl\/instytut\/isp\/wp-content\/uploads\/sites\/46\/Nieprzypisane\/A.Kelner_Patchworkowy_portret-pdu.jpg<\/span> <\/a><a data-fancybox-group=\"button\" title=\"A.Wilk Proca fragment instalacji \" data-fancybox=\"197\" href=\"https:\/\/us.edu.pl\/instytut\/isp\/wp-content\/uploads\/sites\/46\/Nieprzypisane\/A.Wilk_Proca_fragment_instalacji-pdu.jpg\" class=\"gallery__item thumbnail\"\r\n                                    style=\"background-image: url(https:\/\/us.edu.pl\/instytut\/isp\/wp-content\/uploads\/sites\/46\/Nieprzypisane\/A.Wilk_Proca_fragment_instalacji-pdu-1024x768.jpg)\"> <span class=\"d-none\">https:\/\/us.edu.pl\/instytut\/isp\/wp-content\/uploads\/sites\/46\/Nieprzypisane\/A.Wilk_Proca_fragment_instalacji-pdu.jpg<\/span> <\/a><a data-fancybox-group=\"button\" title=\"B.Gajcecka B\u00f3br obiekt \" data-fancybox=\"197\" href=\"https:\/\/us.edu.pl\/instytut\/isp\/wp-content\/uploads\/sites\/46\/Nieprzypisane\/B.Gajcecka_B\u00f3br_obiekt-pdu.jpg\" class=\"gallery__item thumbnail\"\r\n                                    style=\"background-image: url(https:\/\/us.edu.pl\/instytut\/isp\/wp-content\/uploads\/sites\/46\/Nieprzypisane\/B.Gajcecka_B\u00f3br_obiekt-pdu.jpg)\"> <span class=\"d-none\">https:\/\/us.edu.pl\/instytut\/isp\/wp-content\/uploads\/sites\/46\/Nieprzypisane\/B.Gajcecka_B\u00f3br_obiekt-pdu.jpg<\/span> <\/a><a data-fancybox-group=\"button\" title=\"D.Kowalczyk patchworkowy worek \" data-fancybox=\"197\" href=\"https:\/\/us.edu.pl\/instytut\/isp\/wp-content\/uploads\/sites\/46\/Nieprzypisane\/D.Kowalczyk_patchworkowy_worek-pdu.jpg\" class=\"gallery__item thumbnail\"\r\n                                    style=\"background-image: url(https:\/\/us.edu.pl\/instytut\/isp\/wp-content\/uploads\/sites\/46\/Nieprzypisane\/D.Kowalczyk_patchworkowy_worek-pdu-1024x704.jpg)\"> <span class=\"d-none\">https:\/\/us.edu.pl\/instytut\/isp\/wp-content\/uploads\/sites\/46\/Nieprzypisane\/D.Kowalczyk_patchworkowy_worek-pdu.jpg<\/span> <\/a><a data-fancybox-group=\"button\" title=\"E.Markowska Frywolitka obiekt \" data-fancybox=\"197\" href=\"https:\/\/us.edu.pl\/instytut\/isp\/wp-content\/uploads\/sites\/46\/Nieprzypisane\/E.Markowska_Frywolitka_obiekt-pdu.jpg\" class=\"gallery__item thumbnail\"\r\n                                    style=\"background-image: url(https:\/\/us.edu.pl\/instytut\/isp\/wp-content\/uploads\/sites\/46\/Nieprzypisane\/E.Markowska_Frywolitka_obiekt-pdu-1024x682.jpg)\"> <span class=\"d-none\">https:\/\/us.edu.pl\/instytut\/isp\/wp-content\/uploads\/sites\/46\/Nieprzypisane\/E.Markowska_Frywolitka_obiekt-pdu.jpg<\/span> <\/a><a data-fancybox-group=\"button\" title=\"H.Golis p\u0142aszcz fragment dyplomu \" data-fancybox=\"197\" href=\"https:\/\/us.edu.pl\/instytut\/isp\/wp-content\/uploads\/sites\/46\/Nieprzypisane\/H.Golis_p\u0142aszcz_fragment_dyplomu-pdu.jpg\" class=\"gallery__item thumbnail\"\r\n                                    style=\"background-image: url(https:\/\/us.edu.pl\/instytut\/isp\/wp-content\/uploads\/sites\/46\/Nieprzypisane\/H.Golis_p\u0142aszcz_fragment_dyplomu-pdu-1024x647.jpg)\"> <span class=\"d-none\">https:\/\/us.edu.pl\/instytut\/isp\/wp-content\/uploads\/sites\/46\/Nieprzypisane\/H.Golis_p\u0142aszcz_fragment_dyplomu-pdu.jpg<\/span> <\/a><a data-fancybox-group=\"button\" title=\"K.Ziegler Felerne Ja\u015bki \" data-fancybox=\"197\" href=\"https:\/\/us.edu.pl\/instytut\/isp\/wp-content\/uploads\/sites\/46\/Nieprzypisane\/K.Ziegler_Felerne_Ja\u015bki-pdu.jpg\" class=\"gallery__item thumbnail\"\r\n                                    style=\"background-image: url(https:\/\/us.edu.pl\/instytut\/isp\/wp-content\/uploads\/sites\/46\/Nieprzypisane\/K.Ziegler_Felerne_Ja\u015bki-pdu-1024x689.jpg)\"> <span class=\"d-none\">https:\/\/us.edu.pl\/instytut\/isp\/wp-content\/uploads\/sites\/46\/Nieprzypisane\/K.Ziegler_Felerne_Ja\u015bki-pdu.jpg<\/span> <\/a><a data-fancybox-group=\"button\" title=\"K.Ziegler fragment haftowanej ilustracji \" data-fancybox=\"197\" href=\"https:\/\/us.edu.pl\/instytut\/isp\/wp-content\/uploads\/sites\/46\/Nieprzypisane\/K.Ziegler_fragment_haftowanej_ilustracji-pdu.jpg\" class=\"gallery__item thumbnail\"\r\n                                    style=\"background-image: url(https:\/\/us.edu.pl\/instytut\/isp\/wp-content\/uploads\/sites\/46\/Nieprzypisane\/K.Ziegler_fragment_haftowanej_ilustracji-pdu-1024x604.jpg)\"> <span class=\"d-none\">https:\/\/us.edu.pl\/instytut\/isp\/wp-content\/uploads\/sites\/46\/Nieprzypisane\/K.Ziegler_fragment_haftowanej_ilustracji-pdu.jpg<\/span> <\/a>\r\n                            <\/div>\r\n                    <\/div>\r\n                <\/div>[\/vc_column][\/vc_row]<\/p>","protected":false},"excerpt":{"rendered":"<p>[vc_row][vc_column][vc_video link=&#8221;https:\/\/youtu.be\/tnPeiFc8Syo&#8221; el_width=&#8221;60&#8243; align=&#8221;center&#8221; title=&#8221;Pracownia dzia\u0142a\u0144 unikatowych&#8221;][\/vc_column][\/vc_row][vc_row][vc_column][\/vc_column][\/vc_row][vc_row][vc_column][\/vc_column][\/vc_row][vc_row][vc_column][\/vc_column][\/vc_row] [&#8230;]<\/p>\n<p><a class=\"btn btn-secondary understrap-read-more-link\" href=\"https:\/\/us.edu.pl\/instytut\/isp\/pracownia-dzialan-unikatowych\/\">Read More&#8230;<\/a><\/p>\n","protected":false},"author":110,"featured_media":0,"parent":0,"menu_order":0,"comment_status":"closed","ping_status":"closed","template":"","meta":{"_expiration-date-status":"saved","_expiration-date":0,"_expiration-date-type":"","_expiration-date-categories":[],"_expiration-date-options":[]},"acf":[],"_links":{"self":[{"href":"https:\/\/us.edu.pl\/instytut\/isp\/wp-json\/wp\/v2\/pages\/388"}],"collection":[{"href":"https:\/\/us.edu.pl\/instytut\/isp\/wp-json\/wp\/v2\/pages"}],"about":[{"href":"https:\/\/us.edu.pl\/instytut\/isp\/wp-json\/wp\/v2\/types\/page"}],"author":[{"embeddable":true,"href":"https:\/\/us.edu.pl\/instytut\/isp\/wp-json\/wp\/v2\/users\/110"}],"replies":[{"embeddable":true,"href":"https:\/\/us.edu.pl\/instytut\/isp\/wp-json\/wp\/v2\/comments?post=388"}],"version-history":[{"count":10,"href":"https:\/\/us.edu.pl\/instytut\/isp\/wp-json\/wp\/v2\/pages\/388\/revisions"}],"predecessor-version":[{"id":2219,"href":"https:\/\/us.edu.pl\/instytut\/isp\/wp-json\/wp\/v2\/pages\/388\/revisions\/2219"}],"wp:attachment":[{"href":"https:\/\/us.edu.pl\/instytut\/isp\/wp-json\/wp\/v2\/media?parent=388"}],"curies":[{"name":"wp","href":"https:\/\/api.w.org\/{rel}","templated":true}]}}