{"id":390,"date":"2020-05-11T11:10:06","date_gmt":"2020-05-11T09:10:06","guid":{"rendered":"http:\/\/us.edu.pl\/instytut\/isp\/?page_id=390"},"modified":"2025-05-06T14:18:15","modified_gmt":"2025-05-06T12:18:15","slug":"pracownia-ceramiki","status":"publish","type":"page","link":"https:\/\/us.edu.pl\/instytut\/isp\/pracownia-ceramiki\/","title":{"rendered":"Pracownia ceramiki"},"content":{"rendered":"<p>[vc_row][vc_column]\r\n                <div class=\"text-modules\">\r\n                    <div class=\"container\">\r\n                        <h3 class=\"page-title text__title\">Pracownia ceramiki<\/h3>\r\n                        <div class=\"text-modules__content\"><p>Za\u0142o\u017ceniem pracowni jest przekazanie studentom wiedzy na temat szerokiego wachlarza mo\u017cliwo\u015bci technologicznych oraz kreacyjnych, jakie niesie ze sob\u0105 praca w glinie ceramicznej.<\/p>\n<p>Proponowane tematy obejmuj\u0105: tworzenie mozaiki, p\u0142askorze\u017ab, rze\u017ab, oraz form u\u017cytkowych takich jak: naczynia, sto\u0142y, lampy itp. Studenci ucz\u0105 si\u0119 wyra\u017ca\u0107 abstrakcyjne poj\u0119cia przy pomocy medium ceramicznego.<\/p>\n<p>W pracowni powstaj\u0105 obiekty tworzone technikami lepienia r\u0119cznego z wa\u0142eczk\u00f3w oraz z plastr\u00f3w, a tak\u017ce prace odciskane, czy odlewane w formach gipsowych. Dobrze wyposa\u017cone zaplecze techniczne umo\u017cliwia tworzenie zar\u00f3wno miniaturowych obiekt\u00f3w, jak i du\u017cych form unikatowych. Osoby studiuj\u0105ce maj\u0105 do dyspozycji kilka rodzaj\u00f3w glin, szkliwa nisko oraz wysokotemperaturowe, farby, angoby. Ucz\u0105 si\u0119 r\u00f3\u017cnorodnych technik zdobienia, r\u00f3wnie\u017c technik graficznych na ceramice.<br \/>\nZrealizowane przez student\u00f3w prace prezentowane s\u0105 na ko\u0144coworocznych przegl\u0105dach pracowni, a najciekawsze z nich bior\u0105 udzia\u0142 w wystawach poza Uczelni\u0105.<\/p>\n<p>Pracowni\u0119 prowadz\u0105:<\/p>\n<ul>\n<li>dr hab. Katarzyna Handzlik-B\u0105k, prof. U\u015a<\/li>\n<li>dr Jolanta Herma-Pasi\u0144ska<\/li>\n<li>mgr Angelica Zajdlic<\/li>\n<\/ul>\n<p>\n<\/div>\r\n                    <\/div>\r\n                <\/div>[\/vc_column][\/vc_row][vc_row][vc_column]            \r\n                    <div class=\"container\">\r\n                        <div class=\"gallery gallery_4\" data-images-in-row=\"4\">\r\n                            <div class=\"section-title section-title_border-bottom\">dr hab. Katarzyna Handzlik-B\u0105k, prof. U\u015a \u2013 prace<\/div>\r\n                            <div class=\"row m-0\">\r\n                                <a data-fancybox-group=\"button\" title=\"K.Handzlik-B\u0105k, Mirostowice - artefakty obiektywne\" data-fancybox=\"2927\" href=\"https:\/\/us.edu.pl\/instytut\/isp\/wp-content\/uploads\/sites\/46\/Bez-kategorii\/01-3.jpg\" class=\"gallery__item thumbnail\"\r\n                                    style=\"background-image: url(https:\/\/us.edu.pl\/instytut\/isp\/wp-content\/uploads\/sites\/46\/Bez-kategorii\/01-3.jpg)\"> <span class=\"d-none\">https:\/\/us.edu.pl\/instytut\/isp\/wp-content\/uploads\/sites\/46\/Bez-kategorii\/01-3.jpg<\/span> <\/a><a data-fancybox-group=\"button\" title=\"K.Handzlik-B\u0105k, sen z cyklu hommage \u00e0 L\" data-fancybox=\"2927\" href=\"https:\/\/us.edu.pl\/instytut\/isp\/wp-content\/uploads\/sites\/46\/Bez-kategorii\/02-4.jpg\" class=\"gallery__item thumbnail\"\r\n                                    style=\"background-image: url(https:\/\/us.edu.pl\/instytut\/isp\/wp-content\/uploads\/sites\/46\/Bez-kategorii\/02-4.jpg)\"> <span class=\"d-none\">https:\/\/us.edu.pl\/instytut\/isp\/wp-content\/uploads\/sites\/46\/Bez-kategorii\/02-4.jpg<\/span> <\/a><a data-fancybox-group=\"button\" title=\"K.Handzlik-B\u0105k, z cyklu \u015bniadanie w hotelu la belle epoque\" data-fancybox=\"2927\" href=\"https:\/\/us.edu.pl\/instytut\/isp\/wp-content\/uploads\/sites\/46\/Bez-kategorii\/03-4.jpg\" class=\"gallery__item thumbnail\"\r\n                                    style=\"background-image: url(https:\/\/us.edu.pl\/instytut\/isp\/wp-content\/uploads\/sites\/46\/Bez-kategorii\/03-4.jpg)\"> <span class=\"d-none\">https:\/\/us.edu.pl\/instytut\/isp\/wp-content\/uploads\/sites\/46\/Bez-kategorii\/03-4.jpg<\/span> <\/a>\r\n                            <\/div>\r\n                    <\/div>\r\n                <\/div>[\/vc_column][\/vc_row][vc_row][vc_column]            \r\n                    <div class=\"container\">\r\n                        <div class=\"gallery gallery_4\" data-images-in-row=\"4\">\r\n                            <div class=\"section-title section-title_border-bottom\">dr Jolanta Herma-Pasi\u0144ska \u2013 prace<\/div>\r\n                            <div class=\"row m-0\">\r\n                                <a data-fancybox-group=\"button\" title=\"J.Herma-Pasi\u0144ska, Cz\u0142owiek jako cz\u0105stka Absolutu\" data-fancybox=\"3979\" href=\"https:\/\/us.edu.pl\/instytut\/isp\/wp-content\/uploads\/sites\/46\/Bez-kategorii\/05-3.jpg\" class=\"gallery__item thumbnail\"\r\n                                    style=\"background-image: url(https:\/\/us.edu.pl\/instytut\/isp\/wp-content\/uploads\/sites\/46\/Bez-kategorii\/05-3.jpg)\"> <span class=\"d-none\">https:\/\/us.edu.pl\/instytut\/isp\/wp-content\/uploads\/sites\/46\/Bez-kategorii\/05-3.jpg<\/span> <\/a><a data-fancybox-group=\"button\" title=\"J.Herma-Pasi\u0144ska, Architektura stworzenia\" data-fancybox=\"3979\" href=\"https:\/\/us.edu.pl\/instytut\/isp\/wp-content\/uploads\/sites\/46\/Bez-kategorii\/04-3.jpg\" class=\"gallery__item thumbnail\"\r\n                                    style=\"background-image: url(https:\/\/us.edu.pl\/instytut\/isp\/wp-content\/uploads\/sites\/46\/Bez-kategorii\/04-3.jpg)\"> <span class=\"d-none\">https:\/\/us.edu.pl\/instytut\/isp\/wp-content\/uploads\/sites\/46\/Bez-kategorii\/04-3.jpg<\/span> <\/a><a data-fancybox-group=\"button\" title=\"J. Herma-Pasi\u0144ska, Destrukcje\" data-fancybox=\"3979\" href=\"https:\/\/us.edu.pl\/instytut\/isp\/wp-content\/uploads\/sites\/46\/Bez-kategorii\/J.-Herma-Pasinska-Destrukcje.jpg\" class=\"gallery__item thumbnail\"\r\n                                    style=\"background-image: url(https:\/\/us.edu.pl\/instytut\/isp\/wp-content\/uploads\/sites\/46\/Bez-kategorii\/J.-Herma-Pasinska-Destrukcje-1024x659.jpg)\"> <span class=\"d-none\">https:\/\/us.edu.pl\/instytut\/isp\/wp-content\/uploads\/sites\/46\/Bez-kategorii\/J.-Herma-Pasinska-Destrukcje.jpg<\/span> <\/a>\r\n                            <\/div>\r\n                    <\/div>\r\n                <\/div>[\/vc_column][\/vc_row][vc_row][vc_column]            \r\n                    <div class=\"container\">\r\n                        <div class=\"gallery gallery_4\" data-images-in-row=\"4\">\r\n                            <div class=\"section-title section-title_border-bottom\">mgr Angelica Zajdlic \u2013 prace<\/div>\r\n                            <div class=\"row m-0\">\r\n                                <a data-fancybox-group=\"button\" title=\"A.Zajdlic, Szklany kafel no. 2 z cyklu Szlachetna materia\" data-fancybox=\"6574\" href=\"https:\/\/us.edu.pl\/instytut\/isp\/wp-content\/uploads\/sites\/46\/Bez-kategorii\/09-3.jpg\" class=\"gallery__item thumbnail\"\r\n                                    style=\"background-image: url(https:\/\/us.edu.pl\/instytut\/isp\/wp-content\/uploads\/sites\/46\/Bez-kategorii\/09-3.jpg)\"> <span class=\"d-none\">https:\/\/us.edu.pl\/instytut\/isp\/wp-content\/uploads\/sites\/46\/Bez-kategorii\/09-3.jpg<\/span> <\/a><a data-fancybox-group=\"button\" title=\"A.Zajdlic, Szklana grafika no. 2 z cyklu Birds Cutout\" data-fancybox=\"6574\" href=\"https:\/\/us.edu.pl\/instytut\/isp\/wp-content\/uploads\/sites\/46\/Bez-kategorii\/08-3.jpg\" class=\"gallery__item thumbnail\"\r\n                                    style=\"background-image: url(https:\/\/us.edu.pl\/instytut\/isp\/wp-content\/uploads\/sites\/46\/Bez-kategorii\/08-3.jpg)\"> <span class=\"d-none\">https:\/\/us.edu.pl\/instytut\/isp\/wp-content\/uploads\/sites\/46\/Bez-kategorii\/08-3.jpg<\/span> <\/a><a data-fancybox-group=\"button\" title=\"A.Zajdlic, Sp\u0142ywaj\u0105ce szk\u0142o z ptasim patternem no. 3\" data-fancybox=\"6574\" href=\"https:\/\/us.edu.pl\/instytut\/isp\/wp-content\/uploads\/sites\/46\/Bez-kategorii\/07-3.jpg\" class=\"gallery__item thumbnail\"\r\n                                    style=\"background-image: url(https:\/\/us.edu.pl\/instytut\/isp\/wp-content\/uploads\/sites\/46\/Bez-kategorii\/07-3.jpg)\"> <span class=\"d-none\">https:\/\/us.edu.pl\/instytut\/isp\/wp-content\/uploads\/sites\/46\/Bez-kategorii\/07-3.jpg<\/span> <\/a><a data-fancybox-group=\"button\" title=\"A.Zajdlic, Forma przestrzenna no.1 \" data-fancybox=\"6574\" href=\"https:\/\/us.edu.pl\/instytut\/isp\/wp-content\/uploads\/sites\/46\/Bez-kategorii\/06-3.jpg\" class=\"gallery__item thumbnail\"\r\n                                    style=\"background-image: url(https:\/\/us.edu.pl\/instytut\/isp\/wp-content\/uploads\/sites\/46\/Bez-kategorii\/06-3.jpg)\"> <span class=\"d-none\">https:\/\/us.edu.pl\/instytut\/isp\/wp-content\/uploads\/sites\/46\/Bez-kategorii\/06-3.jpg<\/span> <\/a>\r\n                            <\/div>\r\n                    <\/div>\r\n                <\/div>[\/vc_column][\/vc_row][vc_row][vc_column]            \r\n                    <div class=\"container\">\r\n                        <div class=\"gallery gallery_4\" data-images-in-row=\"4\">\r\n                            <div class=\"section-title section-title_border-bottom\">Pracownia Ceramiki<\/div>\r\n                            <div class=\"row m-0\">\r\n                                <a data-fancybox-group=\"button\" title=\"Dariusz Z\u0119bik, Realizacja mozaiki, dyplom licencjacki \" data-fancybox=\"4209\" href=\"https:\/\/us.edu.pl\/instytut\/isp\/wp-content\/uploads\/sites\/46\/Bez-kategorii\/10-5.jpg\" class=\"gallery__item thumbnail\"\r\n                                    style=\"background-image: url(https:\/\/us.edu.pl\/instytut\/isp\/wp-content\/uploads\/sites\/46\/Bez-kategorii\/10-5.jpg)\"> <span class=\"d-none\">https:\/\/us.edu.pl\/instytut\/isp\/wp-content\/uploads\/sites\/46\/Bez-kategorii\/10-5.jpg<\/span> <\/a><a data-fancybox-group=\"button\" title=\"Rafa\u0142 Lizak, Zofia Gerlic, wystawa dyplom\u00f3w, Dom Narodowy w Cieszynie\" data-fancybox=\"4209\" href=\"https:\/\/us.edu.pl\/instytut\/isp\/wp-content\/uploads\/sites\/46\/Bez-kategorii\/Rafal-Lizak-Zofia-Gerlic-wystawa-dyplomow-Dom-Narodowy-w-Cieszynie.jpg\" class=\"gallery__item thumbnail\"\r\n                                    style=\"background-image: url(https:\/\/us.edu.pl\/instytut\/isp\/wp-content\/uploads\/sites\/46\/Bez-kategorii\/Rafal-Lizak-Zofia-Gerlic-wystawa-dyplomow-Dom-Narodowy-w-Cieszynie-1024x386.jpg)\"> <span class=\"d-none\">https:\/\/us.edu.pl\/instytut\/isp\/wp-content\/uploads\/sites\/46\/Bez-kategorii\/Rafal-Lizak-Zofia-Gerlic-wystawa-dyplomow-Dom-Narodowy-w-Cieszynie.jpg<\/span> <\/a><a data-fancybox-group=\"button\" title=\"wystawa przed pracowni\u0105\" data-fancybox=\"4209\" href=\"https:\/\/us.edu.pl\/instytut\/isp\/wp-content\/uploads\/sites\/46\/Bez-kategorii\/wystawa-przed-pracownia.jpg\" class=\"gallery__item thumbnail\"\r\n                                    style=\"background-image: url(https:\/\/us.edu.pl\/instytut\/isp\/wp-content\/uploads\/sites\/46\/Bez-kategorii\/wystawa-przed-pracownia-1024x655.jpg)\"> <span class=\"d-none\">https:\/\/us.edu.pl\/instytut\/isp\/wp-content\/uploads\/sites\/46\/Bez-kategorii\/wystawa-przed-pracownia.jpg<\/span> <\/a><a data-fancybox-group=\"button\" title=\"\u015al\u0105ski Festiwal Nauki, Katowice 2024\" data-fancybox=\"4209\" href=\"https:\/\/us.edu.pl\/instytut\/isp\/wp-content\/uploads\/sites\/46\/Bez-kategorii\/Slaski-Festiwal-Nauki-Katowice-2024.jpg\" class=\"gallery__item thumbnail\"\r\n                                    style=\"background-image: url(https:\/\/us.edu.pl\/instytut\/isp\/wp-content\/uploads\/sites\/46\/Bez-kategorii\/Slaski-Festiwal-Nauki-Katowice-2024-1024x710.jpg)\"> <span class=\"d-none\">https:\/\/us.edu.pl\/instytut\/isp\/wp-content\/uploads\/sites\/46\/Bez-kategorii\/Slaski-Festiwal-Nauki-Katowice-2024.jpg<\/span> <\/a>\r\n                            <\/div>\r\n                    <\/div>\r\n                <\/div>[\/vc_column][\/vc_row]<\/p>","protected":false},"excerpt":{"rendered":"<p>[vc_row][vc_column][\/vc_column][\/vc_row][vc_row][vc_column][\/vc_column][\/vc_row][vc_row][vc_column][\/vc_column][\/vc_row][vc_row][vc_column][\/vc_column][\/vc_row][vc_row][vc_column][\/vc_column][\/vc_row] [&#8230;]<\/p>\n<p><a class=\"btn btn-secondary understrap-read-more-link\" href=\"https:\/\/us.edu.pl\/instytut\/isp\/pracownia-ceramiki\/\">Read More&#8230;<\/a><\/p>\n","protected":false},"author":110,"featured_media":0,"parent":0,"menu_order":0,"comment_status":"closed","ping_status":"closed","template":"","meta":{"_expiration-date-status":"","_expiration-date":0,"_expiration-date-type":"","_expiration-date-categories":[],"_expiration-date-options":[]},"acf":[],"_links":{"self":[{"href":"https:\/\/us.edu.pl\/instytut\/isp\/wp-json\/wp\/v2\/pages\/390"}],"collection":[{"href":"https:\/\/us.edu.pl\/instytut\/isp\/wp-json\/wp\/v2\/pages"}],"about":[{"href":"https:\/\/us.edu.pl\/instytut\/isp\/wp-json\/wp\/v2\/types\/page"}],"author":[{"embeddable":true,"href":"https:\/\/us.edu.pl\/instytut\/isp\/wp-json\/wp\/v2\/users\/110"}],"replies":[{"embeddable":true,"href":"https:\/\/us.edu.pl\/instytut\/isp\/wp-json\/wp\/v2\/comments?post=390"}],"version-history":[{"count":10,"href":"https:\/\/us.edu.pl\/instytut\/isp\/wp-json\/wp\/v2\/pages\/390\/revisions"}],"predecessor-version":[{"id":3823,"href":"https:\/\/us.edu.pl\/instytut\/isp\/wp-json\/wp\/v2\/pages\/390\/revisions\/3823"}],"wp:attachment":[{"href":"https:\/\/us.edu.pl\/instytut\/isp\/wp-json\/wp\/v2\/media?parent=390"}],"curies":[{"name":"wp","href":"https:\/\/api.w.org\/{rel}","templated":true}]}}