{"id":959,"date":"2020-11-09T11:33:19","date_gmt":"2020-11-09T10:33:19","guid":{"rendered":"https:\/\/us.edu.pl\/instytut\/isp\/?page_id=959"},"modified":"2025-03-12T12:12:06","modified_gmt":"2025-03-12T11:12:06","slug":"grafika","status":"publish","type":"page","link":"https:\/\/us.edu.pl\/instytut\/isp\/grafika\/","title":{"rendered":"Grafika"},"content":{"rendered":"<p>[vc_row][vc_column]\r\n                <div class=\"text-modules\">\r\n                    <div class=\"container\">\r\n                        \r\n                        <div class=\"text-modules__content\"><p><span style=\"font-size: 14pt;\"><strong>STUDIA, 5-LETNIE JEDNOLITE MAGISTERSKIE, STACJONARNE<\/strong><\/span><\/p>\n<\/div>\r\n                    <\/div>\r\n                <\/div>[\/vc_column][\/vc_row][vc_row][vc_column][vc_raw_html]JTNDYSUyMGhyZWYlM0QlMjJodHRwcyUzQSUyRiUyRmluZm9ybWF0b3IudXMuZWR1LnBsJTJGcHJvZ3JhbW1lcyUyRmxpc3QlMkZsb25nJTJGR1IlMkZXNi1TTUdSMTkuMi4yMDE5JTJGJTIyJTIwc3R5bGUlM0QlMjJkaXNwbGF5JTNBJTIwYmxvY2slM0IlMEElMjAlMjAlMjAlMjBiYWNrZ3JvdW5kJTNBJTIwJTIzMDAyZTVhJTNCJTBBJTIwJTIwJTIwJTIwd2lkdGglM0ElMjAyMDBweCUzQiUwQSUyMCUyMCUyMCUyMHBhZGRpbmclM0ElMjAxNXB4JTIwMjBweCUzQiUwQSUyMCUyMCUyMCUyMHRleHQtYWxpZ24lM0ElMjBjZW50ZXIlM0IlMEElMjAlMjAlMjAlMjBmb250LXNpemUlM0ElMjAxLjhlbSUzQiUwQSUyMCUyMCUyMCUyMG1hcmdpbiUzQSUyMDAlMjBhdXRvJTNCJTBBJTIwJTIwJTIwJTIwY29sb3IlM0ElMjAlMjNmZmYlM0IlMjIlM0UlMjBLYXJ0YSUyMEtpZXJ1bmt1JTIwJTNDJTJGYSUzRQ==[\/vc_raw_html][\/vc_column][\/vc_row][vc_row][vc_column]\r\n                <div class=\"text-modules\">\r\n                    <div class=\"container\">\r\n                        \r\n                        <div class=\"text-modules__content\"><p><span style=\"font-size: 14pt;\">Nowoczesny program kszta\u0142cenia zosta\u0142 opracowany z uwzgl\u0119dnieniem potrzeb wszechstronnego rozwoju artystycznego oraz wymog\u00f3w rynku pracy. Zapewnia wykszta\u0142cenie w zakresie sztuki ze szczeg\u00f3lnym uwzgl\u0119dnieniem grafiki. Uzyskiwane kwalifikacje pozwalaj\u0105 na kreatywne podejmowanie wyzwa\u0144 w obszarze projektowania graficznego i grafiki artystycznej. Pi\u0119cioletnie studia umo\u017cliwiaj\u0105 rozw\u00f3j zainteresowa\u0144 tw\u00f3rczych na r\u00f3\u017cnorodnych polach wsp\u00f3\u0142czesnej grafiki \u2014 od klasycznych technik grafiki warsztatowej, poprzez grafik\u0119 cyfrow\u0105 i technologie informacyjne po sztuk\u0119 komiksu; od projektowania publikacji i ilustracji, poprzez techniki wsp\u00f3\u0142czesnej reklamy po dzia\u0142ania multimedialne. Rozw\u00f3j grafika \u2014 artysty\/projektanta wspierany jest pe\u0142nym spektrum przedmiot\u00f3w og\u00f3lnoplastycznych: rysunkiem, malarstwem, rze\u017ab\u0105, fotografi\u0105 oraz wiedz\u0105 z zakresu historii sztuki oraz wiedzy o sztuce i kulturze wsp\u00f3\u0142czesnej.\u00a0 Wi\u0119kszo\u015b\u0107 zaj\u0119\u0107 na kierunku ma charakter praktyczny.<\/span><\/p>\n<p><span style=\"font-size: 14pt;\">W ramach kierunku, po drugim roku studi\u00f3w, wybiera si\u0119\u00a0<strong>specjalno\u015b\u0107<\/strong>:<\/span><\/p>\n<ul>\n<li><span style=\"font-size: 14pt;\">grafika artystyczna,<\/span><\/li>\n<li><span style=\"font-size: 14pt;\">grafika projektowa.<\/span><\/li>\n<\/ul>\n<p>&nbsp;<\/p>\n<p><span style=\"font-size: 14pt;\"><strong>Grafika artystyczna<\/strong><\/span><\/p>\n<p><span style=\"font-size: 14pt;\">w ramach specjalno\u015bci rozwijane s\u0105 zainteresowania studenta skupione wok\u00f3\u0142 kreacji artystycznej w klasycznych i nowoczesnych mediach graficznych. W programie studi\u00f3w uwzgl\u0119dnione jest opanowanie tradycyjnych technik graficznych m.in. miedzioryt, akwaforta, akwatinta, linoryt, drzeworyt, litografia, druk sitowy; technik druku cyfrowego i grafiki komputerowej oraz grafiki eksperymentalnej, interdyscyplinarnej i videoartu.<\/span><\/p>\n<p><span style=\"font-size: 14pt;\"><strong>Grafika projektowa<\/strong><\/span><\/p>\n<p><span style=\"font-size: 14pt;\">w ramach specjalno\u015bci rozwijane s\u0105 zainteresowania studenta skupione wok\u00f3\u0142 realizacji zada\u0144 projektowych: ilustracji, plakatu, opakowa\u0144, identyfikacji wizualnej, projektowania publikacji oraz grafiki stron www. W programie studi\u00f3w uwzgl\u0119dnione jest opanowanie zasad liternictwa i typografii, sk\u0142adu tekstu, przygotowania materia\u0142u do druku.<\/span><\/p>\n<p><span style=\"font-size: 14pt;\"><strong>\u00a0<\/strong><\/span><\/p>\n<p><span style=\"font-size: 14pt;\"><strong>Perspektywy zawodowe:<\/strong><\/span><\/p>\n<ul>\n<li><span style=\"font-size: 14pt;\">przygotowanie do dzia\u0142alno\u015bci artysty plastyka oraz grafika projektanta,<\/span><\/li>\n<li><span style=\"font-size: 14pt;\">przygotowanie do podj\u0119cia pracy w agencjach reklamowych, studiach projektowych, wydawnictwach, drukarniach oraz jako grafik freelancer,<\/span><\/li>\n<li><span style=\"font-size: 14pt;\">przygotowanie do prowadzenia dzia\u0142alno\u015bci tw\u00f3rczej, uprawiania tzw. wolnego zawodu \u2014 artysty,<\/span><\/li>\n<li><span style=\"font-size: 14pt;\">przygotowania do podj\u0119cia pracy w galeriach, muzeach, instytucjach kultury oraz pozaszkolnej dzia\u0142alno\u015bci edukacyjnej,<\/span><\/li>\n<li><span style=\"font-size: 14pt;\">przygotowanie do pracy w zakresie klasycznego warsztatu graficznego i nowoczesnych metod kreowania obrazu i komunikacji wizualnej,<\/span><\/li>\n<li><span style=\"font-size: 14pt;\">studia zapewniaj\u0105 wszechstronne wykszta\u0142cenie artysty-humanisty zdolnego do podejmowania wyzwa\u0144 wsp\u00f3\u0142czesnego rynku pracy oraz przygotowuj\u0105 do podj\u0119cia studi\u00f3w III stopnia (doktorat).<\/span><\/li>\n<\/ul>\n<p>\n<\/div>\r\n                    <\/div>\r\n                <\/div>[\/vc_column][\/vc_row][vc_row][vc_column][vc_raw_html]JTNDYSUyMGhyZWYlM0QlMjJodHRwcyUzQSUyRiUyRnVzLmVkdS5wbCUyRmthbmR5ZGF0JTJGJTIyJTIwc3R5bGUlM0QlMjJkaXNwbGF5JTNBJTIwYmxvY2slM0IlMEElMjAlMjAlMjAlMjBiYWNrZ3JvdW5kJTNBJTIwJTIzMDAyZTVhJTNCJTBBJTIwJTIwJTIwJTIwd2lkdGglM0ElMjAyMDBweCUzQiUwQSUyMCUyMCUyMCUyMHBhZGRpbmclM0ElMjAxNXB4JTIwMjBweCUzQiUwQSUyMCUyMCUyMCUyMHRleHQtYWxpZ24lM0ElMjBjZW50ZXIlM0IlMEElMjAlMjAlMjAlMjBmb250LXNpemUlM0ElMjAxLjhlbSUzQiUwQSUyMCUyMCUyMCUyMG1hcmdpbiUzQSUyMDAlMjBhdXRvJTNCJTBBJTIwJTIwJTIwJTIwY29sb3IlM0ElMjAlMjNmZmYlM0IlMjIlM0UlMjBSZWtydXRhY2phJTIwMjAyNSUyRjIwMjYlMjAlM0MlMkZhJTNF[\/vc_raw_html][\/vc_column][\/vc_row]<\/p>","protected":false},"excerpt":{"rendered":"<p>[vc_row][vc_column][\/vc_column][\/vc_row][vc_row][vc_column][vc_raw_html]JTNDYSUyMGhyZWYlM0QlMjJodHRwcyUzQSUyRiUyRmluZm9ybWF0b3IudXMuZWR1LnBsJTJGcHJvZ3JhbW1lcyUyRmxpc3QlMkZsb25nJTJGR1IlMkZXNi1TTUdSMTkuMi4yMDE5JTJGJTIyJTIwc3R5bGUlM0QlMjJkaXNwbGF5JTNBJTIwYmxvY2slM0IlMEElMjAlMjAlMjAlMjBiYWNrZ3JvdW5kJTNBJTIwJTIzMDAyZTVhJTNCJTBBJTIwJTIwJTIwJTIwd2lkdGglM0ElMjAyMDBweCUzQiUwQSUyMCUyMCUyMCUyMHBhZGRpbmclM0ElMjAxNXB4JTIwMjBweCUzQiUwQSUyMCUyMCUyMCUyMHRleHQtYWxpZ24lM0ElMjBjZW50ZXIlM0IlMEElMjAlMjAlMjAlMjBmb250LXNpemUlM0ElMjAxLjhlbSUzQiUwQSUyMCUyMCUyMCUyMG1hcmdpbiUzQSUyMDAlMjBhdXRvJTNCJTBBJTIwJTIwJTIwJTIwY29sb3IlM0ElMjAlMjNmZmYlM0IlMjIlM0UlMjBLYXJ0YSUyMEtpZXJ1bmt1JTIwJTNDJTJGYSUzRQ==[\/vc_raw_html][\/vc_column][\/vc_row][vc_row][vc_column][\/vc_column][\/vc_row][vc_row][vc_column][vc_raw_html]JTNDYSUyMGhyZWYlM0QlMjJodHRwcyUzQSUyRiUyRnVzLmVkdS5wbCUyRmthbmR5ZGF0JTJGJTIyJTIwc3R5bGUlM0QlMjJkaXNwbGF5JTNBJTIwYmxvY2slM0IlMEElMjAlMjAlMjAlMjBiYWNrZ3JvdW5kJTNBJTIwJTIzMDAyZTVhJTNCJTBBJTIwJTIwJTIwJTIwd2lkdGglM0ElMjAyMDBweCUzQiUwQSUyMCUyMCUyMCUyMHBhZGRpbmclM0ElMjAxNXB4JTIwMjBweCUzQiUwQSUyMCUyMCUyMCUyMHRleHQtYWxpZ24lM0ElMjBjZW50ZXIlM0IlMEElMjAlMjAlMjAlMjBmb250LXNpemUlM0ElMjAxLjhlbSUzQiUwQSUyMCUyMCUyMCUyMG1hcmdpbiUzQSUyMDAlMjBhdXRvJTNCJTBBJTIwJTIwJTIwJTIwY29sb3IlM0ElMjAlMjNmZmYlM0IlMjIlM0UlMjBSZWtydXRhY2phJTIwMjAyNSUyRjIwMjYlMjAlM0MlMkZhJTNF[\/vc_raw_html][\/vc_column][\/vc_row] [&#8230;]<\/p>\n<p><a class=\"btn btn-secondary understrap-read-more-link\" href=\"https:\/\/us.edu.pl\/instytut\/isp\/grafika\/\">Read More&#8230;<\/a><\/p>\n","protected":false},"author":110,"featured_media":0,"parent":0,"menu_order":0,"comment_status":"closed","ping_status":"closed","template":"","meta":{"_expiration-date-status":"","_expiration-date":0,"_expiration-date-type":"","_expiration-date-categories":[],"_expiration-date-options":[]},"acf":[],"_links":{"self":[{"href":"https:\/\/us.edu.pl\/instytut\/isp\/wp-json\/wp\/v2\/pages\/959"}],"collection":[{"href":"https:\/\/us.edu.pl\/instytut\/isp\/wp-json\/wp\/v2\/pages"}],"about":[{"href":"https:\/\/us.edu.pl\/instytut\/isp\/wp-json\/wp\/v2\/types\/page"}],"author":[{"embeddable":true,"href":"https:\/\/us.edu.pl\/instytut\/isp\/wp-json\/wp\/v2\/users\/110"}],"replies":[{"embeddable":true,"href":"https:\/\/us.edu.pl\/instytut\/isp\/wp-json\/wp\/v2\/comments?post=959"}],"version-history":[{"count":10,"href":"https:\/\/us.edu.pl\/instytut\/isp\/wp-json\/wp\/v2\/pages\/959\/revisions"}],"predecessor-version":[{"id":3632,"href":"https:\/\/us.edu.pl\/instytut\/isp\/wp-json\/wp\/v2\/pages\/959\/revisions\/3632"}],"wp:attachment":[{"href":"https:\/\/us.edu.pl\/instytut\/isp\/wp-json\/wp\/v2\/media?parent=959"}],"curies":[{"name":"wp","href":"https:\/\/api.w.org\/{rel}","templated":true}]}}