{"id":1061,"date":"2019-10-07T10:55:57","date_gmt":"2019-10-07T08:55:57","guid":{"rendered":"https:\/\/us.edu.pl\/kandydat\/?page_id=1061"},"modified":"2025-07-24T10:46:57","modified_gmt":"2025-07-24T08:46:57","slug":"co-po-zlozeniu-dokumentow-na-studia","status":"publish","type":"page","link":"https:\/\/us.edu.pl\/kandydat\/co-po-zlozeniu-dokumentow-na-studia\/","title":{"rendered":"Co po z\u0142o\u017ceniu dokument\u00f3w na studia?"},"content":{"rendered":"<p>[vc_row][vc_column]\r\n                <div class=\"text-modules\">\r\n                    <div class=\"container\">\r\n                        <h3 class=\"page-title text__title\">Dosta\u0142e\u015b si\u0119 na studia i z\u0142o\u017cy\u0142e\u015b wymagane dokumenty na wydziale? Gratulujemy!<\/h3>\r\n                        <div class=\"text-modules__content\"><p>W\u0142a\u015bnie do\u0142\u0105czy\u0142e\u015b do grona student\u00f3w Uniwersytetu \u015al\u0105skiego!<br \/>\nOd tej pory wi\u0119kszo\u015b\u0107 spraw b\u0119dziesz za\u0142atwia\u0142, kontaktuj\u0105c si\u0119 z dziekanatem wydzia\u0142u.<br \/>\nPoni\u017cej zebrali\u015bmy najwa\u017cniejsze informacje dla nowych student\u00f3w, kt\u00f3re u\u0142atwi\u0105 ci pierwsze kroki na naszej uczelni.<\/p>\n<\/div>\r\n                    <\/div>\r\n                <\/div>\r\n                <div class=\"text-modules\">\r\n                    <div class=\"container\">\r\n                        <h3 class=\"page-title text__title\">Dziekanat wydzia\u0142u<\/h3>\r\n                        <div class=\"text-modules__content\"><p>Zanim zosta\u0142e\u015b przyj\u0119ty w poczet student\u00f3w U\u015a, punkt informacyjny dla kandydat\u00f3w i system IRK by\u0142y Twoimi g\u0142\u00f3wnymi \u017ar\u00f3d\u0142ami informacji. Po przyj\u0119ciu na studia i z\u0142o\u017ceniu dokument\u00f3w na wydziale opiek\u0119 nad tob\u0105 przejmuje dziekanat wydzia\u0142u.<\/p>\n<p>Je\u017celi szukasz informacji na temat:<\/p>\n<ul>\n<li>program\u00f3w studi\u00f3w,<\/li>\n<li>harmonogram\u00f3w zaj\u0119\u0107,<\/li>\n<li>termin\u00f3w zjazd\u00f3w,<\/li>\n<li>op\u0142aty za legitymacj\u0119 lub studia,<\/li>\n<li>odbioru legitymacji<\/li>\n<li>inauguracji roku akademickiego na wydziale,<\/li>\n<li>przydzia\u0142u do grup,<\/li>\n<li>termin\u00f3w rejestracji w systemie USOSweb,<\/li>\n<\/ul>\n<p>odwied\u017a stron\u0119 wydzia\u0142u, na kt\u00f3rej powinny by\u0107 podane wa\u017cne komunikaty dla student\u00f3w I roku, lub skontaktuj si\u0119 ze swoim dziekanatem wydzia\u0142u. Wykaz wydzia\u0142\u00f3w oraz kontakty do dziekanat\u00f3w <a href=\"https:\/\/us.edu.pl\/uczelnia\/struktura\/\">dost\u0119pne s\u0105 na stronie.<\/a><\/p>\n<\/div>\r\n                    <\/div>\r\n                <\/div>[\/vc_column][\/vc_row]<\/p>","protected":false},"excerpt":{"rendered":"<p>[vc_row][vc_column][\/vc_column][\/vc_row] [&#8230;]<\/p>\n<p><a class=\"btn btn-secondary understrap-read-more-link\" href=\"https:\/\/us.edu.pl\/kandydat\/co-po-zlozeniu-dokumentow-na-studia\/\">Read More&#8230;<\/a><\/p>\n","protected":false},"author":31,"featured_media":0,"parent":0,"menu_order":7,"comment_status":"closed","ping_status":"closed","template":"page-templates\/page-with-sidebar-and-bookmarks.php","meta":{"_expiration-date-status":"","_expiration-date":0,"_expiration-date-type":"","_expiration-date-categories":[],"_expiration-date-options":[]},"acf":[],"_links":{"self":[{"href":"https:\/\/us.edu.pl\/kandydat\/wp-json\/wp\/v2\/pages\/1061"}],"collection":[{"href":"https:\/\/us.edu.pl\/kandydat\/wp-json\/wp\/v2\/pages"}],"about":[{"href":"https:\/\/us.edu.pl\/kandydat\/wp-json\/wp\/v2\/types\/page"}],"author":[{"embeddable":true,"href":"https:\/\/us.edu.pl\/kandydat\/wp-json\/wp\/v2\/users\/31"}],"replies":[{"embeddable":true,"href":"https:\/\/us.edu.pl\/kandydat\/wp-json\/wp\/v2\/comments?post=1061"}],"version-history":[{"count":11,"href":"https:\/\/us.edu.pl\/kandydat\/wp-json\/wp\/v2\/pages\/1061\/revisions"}],"predecessor-version":[{"id":20417,"href":"https:\/\/us.edu.pl\/kandydat\/wp-json\/wp\/v2\/pages\/1061\/revisions\/20417"}],"wp:attachment":[{"href":"https:\/\/us.edu.pl\/kandydat\/wp-json\/wp\/v2\/media?parent=1061"}],"curies":[{"name":"wp","href":"https:\/\/api.w.org\/{rel}","templated":true}]}}