{"id":14162,"date":"2023-07-26T11:59:04","date_gmt":"2023-07-26T09:59:04","guid":{"rendered":"https:\/\/us.edu.pl\/kandydat\/?page_id=14162"},"modified":"2023-07-26T14:50:20","modified_gmt":"2023-07-26T12:50:20","slug":"first-step-to-silesia","status":"publish","type":"page","link":"https:\/\/us.edu.pl\/kandydat\/cudzoziemcy\/first-step-to-silesia\/","title":{"rendered":"First Step to Silesia"},"content":{"rendered":"<p><\/p>\n<p>[vc_row el_class=&#8221;container&#8221;][vc_column][vc_raw_html]JTNDaDIlMjBjbGFzcyUzRCUyMnBhZ2UtdGl0bGUlMjIlM0VGaXJzdCUyMFN0ZXAlMjB0byUyMFNpbGVzaWElM0ElMjBzZXJpYSUyMGZpbG0lQzMlQjN3JTIwZGxhJTIwc3R1ZGVudCVDMyVCM3clMjB6YWdyYW5pY3pueWNoJTNDJTJGaDIlM0U=[\/vc_raw_html][\/vc_column][\/vc_row][vc_row][vc_column width=&#8221;1\/6&#8243;][\/vc_column][vc_column width=&#8221;2\/3&#8243;]\r\n                <div class=\"text-modules\">\r\n                    <div class=\"container\">\r\n                        \r\n                        <div class=\"text-modules__content\"><p>Drodzy Studenci,<\/p>\n<p>aby u\u0142atwi\u0107 Wam pierwsze dni pobytu na Uniwersytecie \u015al\u0105skim, przygotowali\u015bmy seri\u0119 film\u00f3w \u201eThe steps to become a student\u201d. Znajdziecie tu odpowiedzi na najistotniejsze pytania dotycz\u0105ce Waszego pobytu w Polsce i studi\u00f3w na U\u015a.<\/p>\n<p>Mamy nadziej\u0119, \u017ce filmy b\u0119d\u0105 dla Was pomocne.<\/p>\n<p>Wi\u0119cej informacji:<\/p>\n<ul>\n<li>Biuro Wymiany Akademickiej: <a href=\"mailto:international@us.edu.pl\">international@us.edu.pl<\/a><\/li>\n<li>Biuro Rekrutacji Cudzoziemc\u00f3w: <a href=\"mailto:admissions@us.edu.pl\">admissions@us.edu.pl<\/a><\/li>\n<\/ul>\n<p>\n<\/div>\r\n                    <\/div>\r\n                <\/div>[\/vc_column][vc_column width=&#8221;1\/6&#8243;][\/vc_column][\/vc_row][vc_row el_class=&#8221;container&#8221;][vc_column width=&#8221;1\/2&#8243;]\r\n                <div class=\"text-modules\">\r\n                    <div class=\"container\">\r\n                        \r\n                        <div class=\"text-modules__content\"><\/p>\n<h3>Poznaj sw\u00f3j wydzia\u0142 i uniwersytet<\/h3>\n<p>https:\/\/youtu.be\/dcZE_GGiSpQ<\/p>\n<\/div>\r\n                    <\/div>\r\n                <\/div>[\/vc_column][vc_column width=&#8221;1\/2&#8243;]\r\n                <div class=\"text-modules\">\r\n                    <div class=\"container\">\r\n                        \r\n                        <div class=\"text-modules__content\"><\/p>\n<h3>Kandydaci niepe\u0142noletni<\/h3>\n<p>https:\/\/youtu.be\/qqAMw2NH6mk<\/p>\n<\/div>\r\n                    <\/div>\r\n                <\/div>[\/vc_column][\/vc_row][vc_row el_class=&#8221;container&#8221;][vc_column width=&#8221;1\/2&#8243;]\r\n                <div class=\"text-modules\">\r\n                    <div class=\"container\">\r\n                        \r\n                        <div class=\"text-modules__content\"><\/p>\n<h3>Prawa i obowi\u0105zki studenta<\/h3>\n<p>https:\/\/youtu.be\/cLRRzkjCllA<\/p>\n<\/div>\r\n                    <\/div>\r\n                <\/div>[\/vc_column][vc_column width=&#8221;1\/2&#8243;]\r\n                <div class=\"text-modules\">\r\n                    <div class=\"container\">\r\n                        \r\n                        <div class=\"text-modules__content\"><\/p>\n<h3>\u017bycie studenckie \u2013 na co zwr\u00f3ci\u0107 uwag\u0119?<\/h3>\n<p>https:\/\/youtu.be\/ltR4xItL2_0<\/p>\n<\/div>\r\n                    <\/div>\r\n                <\/div>[\/vc_column][\/vc_row][vc_row el_class=&#8221;container&#8221;][vc_column width=&#8221;1\/2&#8243;]\r\n                <div class=\"text-modules\">\r\n                    <div class=\"container\">\r\n                        \r\n                        <div class=\"text-modules__content\"><\/p>\n<h3>Samorz\u0105d Studencki, AZS, Biuro Karier i inne<\/h3>\n<p>https:\/\/youtu.be\/ZTpC5HeZwz4<\/p>\n<\/div>\r\n                    <\/div>\r\n                <\/div>[\/vc_column][vc_column width=&#8221;1\/2&#8243;]\r\n                <div class=\"text-modules\">\r\n                    <div class=\"container\">\r\n                        \r\n                        <div class=\"text-modules__content\"><\/p>\n<h3>Jak zdoby\u0107 miejsce w akademiku?<\/h3>\n<p>https:\/\/youtu.be\/cGUG701NKE4<\/p>\n<\/div>\r\n                    <\/div>\r\n                <\/div>[\/vc_column][\/vc_row][vc_row el_class=&#8221;container&#8221;][vc_column width=&#8221;1\/2&#8243;]\r\n                <div class=\"text-modules\">\r\n                    <div class=\"container\">\r\n                        \r\n                        <div class=\"text-modules__content\"><\/p>\n<h3>Dziekanat<\/h3>\n<p>https:\/\/youtu.be\/QowFI9UIzBU<\/p>\n<\/div>\r\n                    <\/div>\r\n                <\/div>[\/vc_column][vc_column width=&#8221;1\/2&#8243;]\r\n                <div class=\"text-modules\">\r\n                    <div class=\"container\">\r\n                        \r\n                        <div class=\"text-modules__content\"><\/p>\n<h3>USOSWeb \u2013 do czego s\u0142u\u017cy?<\/h3>\n<p>https:\/\/youtu.be\/SkV8BW5GvmA<\/p>\n<\/div>\r\n                    <\/div>\r\n                <\/div>[\/vc_column][\/vc_row][vc_row el_class=&#8221;container&#8221;][vc_column width=&#8221;1\/2&#8243;]\r\n                <div class=\"text-modules\">\r\n                    <div class=\"container\">\r\n                        \r\n                        <div class=\"text-modules__content\"><\/p>\n<h3>Stypendia i wsparcie finansowe dla student\u00f3w<\/h3>\n<p>https:\/\/youtu.be\/WOoPlDya79Q<\/p>\n<\/div>\r\n                    <\/div>\r\n                <\/div>[\/vc_column][vc_column width=&#8221;1\/2&#8243;]\r\n                <div class=\"text-modules\">\r\n                    <div class=\"container\">\r\n                        \r\n                        <div class=\"text-modules__content\"><\/p>\n<h3>Ubezpieczenie zdrowotne (NFZ)<\/h3>\n<p>https:\/\/youtu.be\/1npRFEJMi6M<\/p>\n<\/div>\r\n                    <\/div>\r\n                <\/div>[\/vc_column][\/vc_row][vc_row][vc_column][vc_separator]\r\n                <div class=\"text-modules\">\r\n                    <div class=\"container\">\r\n                        \r\n                        <div class=\"text-modules__content\"><\/p>\n<p><img class=\"alignnone wp-image-148567\" src=\"https:\/\/us.edu.pl\/wp-content\/uploads\/obrazki-stron\/loga\/POWER-logotypy-EFS-RP-NAWA-UE-PL-www.png\" alt=\"Logo: Fundusze Europejskie Wiedza Edukacja Rozw\u00f3j, flaga Rzeczpospolitej Polskiej, NAWA, Unia Europejska\" width=\"900\" height=\"155\" \/><\/p>\n<p>\n<\/div>\r\n                    <\/div>\r\n                <\/div>\r\n                <div class=\"text-modules\">\r\n                    <div class=\"container\">\r\n                        \r\n                        <div class=\"text-modules__content\"><\/p>\n<p><span style=\"font-size: 12px;\">Program jest wsp\u00f3\u0142finansowany ze \u015brodk\u00f3w Europejskiego Funduszu Spo\u0142ecznego w ramach Programu Operacyjnego Wiedza Edukacja Rozw\u00f3j, projekt pozakonkursowy pt. \u201ePodniesienie kompetencji kadry akademickiej i potencja\u0142u instytucji w przyjmowaniu os\u00f3b z zagranicy \u2013 Welcome to Poland\u201d (Dzia\u0142anie: 3.3 Umi\u0119dzynarodowienie polskiego szkolnictwa wy\u017cszego), okre\u015blony we wniosku o dofinansowanie projektu nr POWR.03.03.00-00-PN14\/18.<\/span><\/p>\n<p>\n<\/div>\r\n                    <\/div>\r\n                <\/div>[\/vc_column][\/vc_row]<\/p>\n<p><\/p>","protected":false},"excerpt":{"rendered":"<p>[vc_row el_class=&#8221;container&#8221;][vc_column][vc_raw_html]JTNDaDIlMjBjbGFzcyUzRCUyMnBhZ2UtdGl0bGUlMjIlM0VGaXJzdCUyMFN0ZXAlMjB0byUyMFNpbGVzaWElM0ElMjBzZXJpYSUyMGZpbG0lQzMlQjN3JTIwZGxhJTIwc3R1ZGVudCVDMyVCM3clMjB6YWdyYW5pY3pueWNoJTNDJTJGaDIlM0U=[\/vc_raw_html][\/vc_column][\/vc_row][vc_row][vc_column width=&#8221;1\/6&#8243;][\/vc_column][vc_column width=&#8221;2\/3&#8243;][\/vc_column][vc_column width=&#8221;1\/6&#8243;][\/vc_column][\/vc_row][vc_row el_class=&#8221;container&#8221;][vc_column width=&#8221;1\/2&#8243;][\/vc_column][vc_column width=&#8221;1\/2&#8243;][\/vc_column][\/vc_row][vc_row el_class=&#8221;container&#8221;][vc_column width=&#8221;1\/2&#8243;][\/vc_column][vc_column width=&#8221;1\/2&#8243;][\/vc_column][\/vc_row][vc_row el_class=&#8221;container&#8221;][vc_column width=&#8221;1\/2&#8243;][\/vc_column][vc_column width=&#8221;1\/2&#8243;][\/vc_column][\/vc_row][vc_row el_class=&#8221;container&#8221;][vc_column width=&#8221;1\/2&#8243;][\/vc_column][vc_column width=&#8221;1\/2&#8243;][\/vc_column][\/vc_row][vc_row el_class=&#8221;container&#8221;][vc_column width=&#8221;1\/2&#8243;][\/vc_column][vc_column width=&#8221;1\/2&#8243;][\/vc_column][\/vc_row][vc_row][vc_column][vc_separator][\/vc_column][\/vc_row] [&#8230;]<\/p>\n<p><a class=\"btn btn-secondary understrap-read-more-link\" href=\"https:\/\/us.edu.pl\/kandydat\/cudzoziemcy\/first-step-to-silesia\/\">Read More&#8230;<\/a><\/p>\n","protected":false},"author":33,"featured_media":0,"parent":148,"menu_order":0,"comment_status":"closed","ping_status":"closed","template":"","meta":{"_expiration-date-status":"","_expiration-date":0,"_expiration-date-type":"","_expiration-date-categories":[],"_expiration-date-options":[]},"acf":[],"_links":{"self":[{"href":"https:\/\/us.edu.pl\/kandydat\/wp-json\/wp\/v2\/pages\/14162"}],"collection":[{"href":"https:\/\/us.edu.pl\/kandydat\/wp-json\/wp\/v2\/pages"}],"about":[{"href":"https:\/\/us.edu.pl\/kandydat\/wp-json\/wp\/v2\/types\/page"}],"author":[{"embeddable":true,"href":"https:\/\/us.edu.pl\/kandydat\/wp-json\/wp\/v2\/users\/33"}],"replies":[{"embeddable":true,"href":"https:\/\/us.edu.pl\/kandydat\/wp-json\/wp\/v2\/comments?post=14162"}],"version-history":[{"count":7,"href":"https:\/\/us.edu.pl\/kandydat\/wp-json\/wp\/v2\/pages\/14162\/revisions"}],"predecessor-version":[{"id":14170,"href":"https:\/\/us.edu.pl\/kandydat\/wp-json\/wp\/v2\/pages\/14162\/revisions\/14170"}],"up":[{"embeddable":true,"href":"https:\/\/us.edu.pl\/kandydat\/wp-json\/wp\/v2\/pages\/148"}],"wp:attachment":[{"href":"https:\/\/us.edu.pl\/kandydat\/wp-json\/wp\/v2\/media?parent=14162"}],"curies":[{"name":"wp","href":"https:\/\/api.w.org\/{rel}","templated":true}]}}