{"id":165,"date":"2019-09-25T09:54:30","date_gmt":"2019-09-25T07:54:30","guid":{"rendered":"http:\/\/php71.nfinity-beta.pl\/us\/kandydat\/?page_id=165"},"modified":"2023-02-01T11:46:44","modified_gmt":"2023-02-01T10:46:44","slug":"nauka-jezyka-polskiego","status":"publish","type":"page","link":"https:\/\/us.edu.pl\/kandydat\/cudzoziemcy\/nauka-jezyka-polskiego\/","title":{"rendered":"Nauka j\u0119zyka polskiego"},"content":{"rendered":"<p>[vc_row][vc_column]\r\n                <div class=\"text-modules\">\r\n                    <div class=\"container\">\r\n                        <h3 class=\"page-title text__title\">Nauka j\u0119zyka polskiego<\/h3>\r\n                        <div class=\"text-modules__content\"><\/p>\n<p align=\"justify\">Wszystkich kandydat\u00f3w na studia zach\u0119camy do udzia\u0142u w kursach j\u0119zyka polskiego, prowadzonych przez Szko\u0142\u0119 J\u0119zyka i Kultury Polskiej Uniwersytetu \u015al\u0105skiego.<\/p>\n<p align=\"justify\">Szko\u0142a prowadzi kursy dla cudzoziemc\u00f3w, kt\u00f3rzy pragn\u0105 uczy\u0107 si\u0119 j\u0119zyka polskiego zar\u00f3wno w celu rozwoju w\u0142asnych zainteresowa\u0144, jak i w celu podj\u0119cia studi\u00f3w w j\u0119zyku polskim, b\u0105d\u017a przybywaj\u0105cych do Polski w sprawach zawodowych.<\/p>\n<p align=\"justify\">Dost\u0119pne s\u0105 kursy zar\u00f3wno dla os\u00f3b, kt\u00f3re dysponuj\u0105 niewielk\u0105 ilo\u015bci\u0105 czasu na nauk\u0119, jak i dla tych, kt\u00f3re chc\u0105 uczy\u0107 si\u0119 systematycznie.<\/p>\n<p align=\"justify\">Kursy j\u0119zyka polskiego s\u0105 prowadzone na wszystkich poziomach znajomo\u015bci j\u0119zyka:<\/p>\n<ul>\n<li>A0 \u2013 sytuacje komunikacyjne,<\/li>\n<li>A1 \u2013 wprowadzenie do j\u0119zyka,<\/li>\n<li>A2 \u2013 wst\u0119pny,<\/li>\n<li>B1 \u2013 progowy,<\/li>\n<li>B2 \u2013 \u015bredni og\u00f3lny,<\/li>\n<li>C1 \u2013 \u015bredni specjalistyczny,<\/li>\n<li>C2 \u2013 zaawansowany.<\/li>\n<\/ul>\n<p align=\"justify\">Oferowane s\u0105 nast\u0119puj\u0105ce kursy:<\/p>\n<ul>\n<li>miesi\u0119czny kurs j\u0119zyka polskiego,<\/li>\n<li>semestralny kurs j\u0119zyka polskiego,<\/li>\n<li>kurs j\u0119zyka polskiego na \u017cyczenie (<i>\u00e1 la carte<\/i>),<\/li>\n<li>intensywny roczny kurs j\u0119zyka polskiego,<\/li>\n<li>kurs przygotowuj\u0105cy do egzamin\u00f3w certyfikatowych,<\/li>\n<li>roczny kurs przygotowawczy dla cudzoziemc\u00f3w zamierzaj\u0105cych podj\u0105\u0107 studia w\u00a0j\u0119zyku polskim.<\/li>\n<\/ul>\n<p align=\"justify\">Kursy rozpoczynaj\u0105 si\u0119 testem kwalifikacyjnym i ko\u0144cz\u0105 testem oceniaj\u0105cym post\u0119py w nauce. W czasie kurs\u00f3w przeprowadzane s\u0105 testy sprawdzaj\u0105ce.<\/p>\n<p align=\"justify\">Bli\u017csze informacje na temat oferowanych kurs\u00f3w dost\u0119pne s\u0105 na stronie <a href=\"http:\/\/www.sjikp.us.edu.pl\/pl\/kursy-jezyka-polskiego\/\">SJiKP U\u015a<\/a>.<\/p>\n<p><b>Kontakt do SJiKP U\u015a:<\/b><\/p>\n<p><a href=\"http:\/\/sjikp.us.edu.pl\/\">Szko\u0142a J\u0119zyka i Kultury Polskiej \u2013 Uniwersytet \u015al\u0105ski w Katowicach<\/a><br \/>\nul.\u00a0Uniwersytecka 4,<br \/>\n40-007\u00a0Katowice, Polska<br \/>\ntel. +48\/32\/2009 424<br \/>\nfax\u00a0+48\/32\/2512 991<\/p>\n<p>e-mail:\u00a0<a href=\"mailto:szkola@us.edu.pl\">szkola@us.edu.pl<\/a><\/p>\n<\/div>\r\n                    <\/div>\r\n                <\/div>[\/vc_column][\/vc_row]<\/p>","protected":false},"excerpt":{"rendered":"<p>[vc_row][vc_column][\/vc_column][\/vc_row] [&#8230;]<\/p>\n<p><a class=\"btn btn-secondary understrap-read-more-link\" href=\"https:\/\/us.edu.pl\/kandydat\/cudzoziemcy\/nauka-jezyka-polskiego\/\">Read More&#8230;<\/a><\/p>\n","protected":false},"author":31,"featured_media":0,"parent":148,"menu_order":0,"comment_status":"closed","ping_status":"closed","template":"page-templates\/inner-page.php","meta":{"_expiration-date-status":"saved","_expiration-date":0,"_expiration-date-type":"","_expiration-date-categories":[],"_expiration-date-options":[]},"acf":[],"_links":{"self":[{"href":"https:\/\/us.edu.pl\/kandydat\/wp-json\/wp\/v2\/pages\/165"}],"collection":[{"href":"https:\/\/us.edu.pl\/kandydat\/wp-json\/wp\/v2\/pages"}],"about":[{"href":"https:\/\/us.edu.pl\/kandydat\/wp-json\/wp\/v2\/types\/page"}],"author":[{"embeddable":true,"href":"https:\/\/us.edu.pl\/kandydat\/wp-json\/wp\/v2\/users\/31"}],"replies":[{"embeddable":true,"href":"https:\/\/us.edu.pl\/kandydat\/wp-json\/wp\/v2\/comments?post=165"}],"version-history":[{"count":7,"href":"https:\/\/us.edu.pl\/kandydat\/wp-json\/wp\/v2\/pages\/165\/revisions"}],"predecessor-version":[{"id":12848,"href":"https:\/\/us.edu.pl\/kandydat\/wp-json\/wp\/v2\/pages\/165\/revisions\/12848"}],"up":[{"embeddable":true,"href":"https:\/\/us.edu.pl\/kandydat\/wp-json\/wp\/v2\/pages\/148"}],"wp:attachment":[{"href":"https:\/\/us.edu.pl\/kandydat\/wp-json\/wp\/v2\/media?parent=165"}],"curies":[{"name":"wp","href":"https:\/\/api.w.org\/{rel}","templated":true}]}}