{"id":1856,"date":"2019-10-11T12:45:52","date_gmt":"2019-10-11T10:45:52","guid":{"rendered":"https:\/\/us.edu.pl\/kandydat\/?page_id=1856"},"modified":"2020-06-17T20:47:10","modified_gmt":"2020-06-17T18:47:10","slug":"stara-matura","status":"publish","type":"page","link":"https:\/\/us.edu.pl\/kandydat\/rekrutacja-na-studia-krok-po-kroku\/przeliczanie-ocen-z-matur\/stara-matura\/","title":{"rendered":"Stara matura"},"content":{"rendered":"<p>[vc_row][vc_column]\r\n                <div class=\"text-modules\">\r\n                    <div class=\"container\">\r\n                        <h3 class=\"page-title text__title\">\u015awiadectwa dojrza\u0142o\u015bci wydane przed 2005 r. tzw. \u201estara matura\u201d<\/h3>\r\n                        <div class=\"text-modules__content\"><\/p>\n<div>Je\u017celi zasady okre\u015blone\u00a0w na wybrany kierunek studi\u00f3w nie stanowi\u0105 inaczej, to przypadku kandydat\u00f3w, kt\u00f3rzy zdali egzamin dojrza\u0142o\u015bci (stara matura) bierze si\u0119 pod uwag\u0119 wyniki z poszczeg\u00f3lnych przedmiot\u00f3w zdawanych pisemnie albo ustnie (okre\u015blone w kryteriach przyj\u0119\u0107 na kierunku wobec kandydat\u00f3w, kt\u00f3rzy legitymuj\u0105 si\u0119 \u201enow\u0105 matur\u0105\u201d), zamieszczone na \u015bwiadectwie dojrza\u0142o\u015bci i w za\u015bwiadczeniu wydanym przez OKE.<\/div>\n<div>Je\u017celi na kierunku przewidziano egzaminy wst\u0119pne, pod uwag\u0119 brane s\u0105 wyniki tych egzamin\u00f3w \u0142\u0105cznie z wynikiem egzaminu dojrza\u0142o\u015bci.<\/div>\n<div><\/div>\n<div>Spos\u00f3b przeliczania wynik\u00f3w uzyskanych na egzaminie dojrza\u0142o\u015bci dostosowany jest do systemu oceniania kandydat\u00f3w, kt\u00f3rzy zdali egzamin maturalny (nowa matura).<\/div>\n<div><\/div>\n<div>Oceny z egzaminu dojrza\u0142o\u015bci zostan\u0105 przeliczone na punkty procentowe w\u00a0nast\u0119puj\u0105cy spos\u00f3b:<\/div>\n<table class=\"aligncenter\" style=\"height: 108px;width: 82.27%\" border=\"1\" cellspacing=\"0\" cellpadding=\"0\">\n<tbody>\n<tr style=\"height: 18px\">\n<td style=\"height: 18px\" width=\"240\">\n<div style=\"text-align: center\">Matura do 1991 roku<\/div>\n<\/td>\n<td style=\"height: 18px;text-align: center\" width=\"228\">\n<div>Matura po 1991 roku<\/div>\n<\/td>\n<\/tr>\n<tr style=\"height: 18px\">\n<td style=\"height: 18px\" width=\"240\">\n<div style=\"text-align: center\">5 \u2014 100 %<\/div>\n<\/td>\n<td style=\"height: 18px\" width=\"228\">\n<div style=\"text-align: center\">6 \u2014 100 %<\/div>\n<\/td>\n<\/tr>\n<tr style=\"height: 18px\">\n<td style=\"height: 18px\" width=\"240\">\n<div style=\"text-align: center\">4 \u2014 70 %<\/div>\n<\/td>\n<td style=\"height: 18px\" width=\"228\">\n<div style=\"text-align: center\">5 \u2014 80 %<\/div>\n<\/td>\n<\/tr>\n<tr style=\"height: 18px\">\n<td style=\"height: 18px\" width=\"240\">\n<div style=\"text-align: center\">3 \u2014 30 %<\/div>\n<\/td>\n<td style=\"height: 18px\" width=\"228\">\n<div style=\"text-align: center\">4 \u2014 75 %<\/div>\n<\/td>\n<\/tr>\n<tr style=\"height: 18px\">\n<td style=\"height: 18px\" width=\"240\">\n<div><\/div>\n<\/td>\n<td style=\"height: 18px\" width=\"228\">\n<div style=\"text-align: center\">3 \u2014 50 %<\/div>\n<\/td>\n<\/tr>\n<tr style=\"height: 18px\">\n<td style=\"height: 18px;text-align: center\" width=\"240\">\n<div><\/div>\n<\/td>\n<td style=\"height: 18px\" width=\"228\">\n<div style=\"text-align: center\">2 \u2014 30 %<\/div>\n<\/td>\n<\/tr>\n<\/tbody>\n<\/table>\n<div><\/div>\n<div>Je\u017celi kandydat nie zdawa\u0142 egzaminu dojrza\u0142o\u015bci z wymaganego przedmiotu lub poziomu wskazanego w kryteriach przyj\u0119\u0107, mo\u017ce ubiega\u0107 si\u0119 o przyj\u0119cie na studia, o ile w post\u0119powaniu brany jest pod uwag\u0119 wi\u0119cej ni\u017c jeden przedmiot i kandydat posiada z niego wynik. Z brakuj\u0105cego przedmiotu lub poziomu uzyskuje zerow\u0105 liczb\u0119 punkt\u00f3w. Wyj\u0105tkiem s\u0105 studia, gdzie posiadanie wyniku z danego przedmiotu lub poziomu jest wymagane na poziomie kryterium formalnego.<\/div>\n<div><\/div>\n<p>\n<\/div>\r\n                    <\/div>\r\n                <\/div>[\/vc_column][\/vc_row]<\/p>","protected":false},"excerpt":{"rendered":"<p>[vc_row][vc_column][\/vc_column][\/vc_row] [&#8230;]<\/p>\n<p><a class=\"btn btn-secondary understrap-read-more-link\" href=\"https:\/\/us.edu.pl\/kandydat\/rekrutacja-na-studia-krok-po-kroku\/przeliczanie-ocen-z-matur\/stara-matura\/\">Read More&#8230;<\/a><\/p>\n","protected":false},"author":31,"featured_media":0,"parent":1827,"menu_order":3,"comment_status":"closed","ping_status":"closed","template":"page-templates\/inner-page.php","meta":{"_expiration-date-status":"saved","_expiration-date":0,"_expiration-date-type":"","_expiration-date-categories":[],"_expiration-date-options":[]},"acf":[],"_links":{"self":[{"href":"https:\/\/us.edu.pl\/kandydat\/wp-json\/wp\/v2\/pages\/1856"}],"collection":[{"href":"https:\/\/us.edu.pl\/kandydat\/wp-json\/wp\/v2\/pages"}],"about":[{"href":"https:\/\/us.edu.pl\/kandydat\/wp-json\/wp\/v2\/types\/page"}],"author":[{"embeddable":true,"href":"https:\/\/us.edu.pl\/kandydat\/wp-json\/wp\/v2\/users\/31"}],"replies":[{"embeddable":true,"href":"https:\/\/us.edu.pl\/kandydat\/wp-json\/wp\/v2\/comments?post=1856"}],"version-history":[{"count":17,"href":"https:\/\/us.edu.pl\/kandydat\/wp-json\/wp\/v2\/pages\/1856\/revisions"}],"predecessor-version":[{"id":5087,"href":"https:\/\/us.edu.pl\/kandydat\/wp-json\/wp\/v2\/pages\/1856\/revisions\/5087"}],"up":[{"embeddable":true,"href":"https:\/\/us.edu.pl\/kandydat\/wp-json\/wp\/v2\/pages\/1827"}],"wp:attachment":[{"href":"https:\/\/us.edu.pl\/kandydat\/wp-json\/wp\/v2\/media?parent=1856"}],"curies":[{"name":"wp","href":"https:\/\/api.w.org\/{rel}","templated":true}]}}