{"id":1928,"date":"2019-10-11T13:06:18","date_gmt":"2019-10-11T11:06:18","guid":{"rendered":"https:\/\/us.edu.pl\/kandydat\/?page_id=1928"},"modified":"2020-07-09T14:21:01","modified_gmt":"2020-07-09T12:21:01","slug":"matura-miedzynarodowa","status":"publish","type":"page","link":"https:\/\/us.edu.pl\/kandydat\/rekrutacja-na-studia-krok-po-kroku\/przeliczanie-ocen-z-matur\/matura-miedzynarodowa\/","title":{"rendered":"Matura mi\u0119dzynarodowa &#8211; dyplom IB"},"content":{"rendered":"<p>[vc_row][vc_column]\r\n                <div class=\"text-modules\">\r\n                    <div class=\"container\">\r\n                        <h3 class=\"page-title text__title\">Kandydaci z matur\u0105 mi\u0119dzynarodow\u0105 IB<\/h3>\r\n                        <div class=\"text-modules__content\"><p>Kandydat\u00f3w posiadaj\u0105cych mi\u0119dzynarodow\u0105 matur\u0119 \u2014 dyplom \u201eInternational Baccalaureate\u201d, wydany przez organizacj\u0119 International Baccalaureat Organization z\u00a0siedzib\u0105 w Genewie, obowi\u0105zuj\u0105 takie same zasady rekrutacji jak kandydat\u00f3w z \u201enow\u0105 matur\u0105\u201d. Wyniki uzyskane na dyplomie mi\u0119dzynarodowej matury przeliczane zostan\u0105 proporcjonalnie na skal\u0119 \u201enowej matury\u201d w spos\u00f3b nast\u0119puj\u0105cy:<\/p>\n<table style=\"width: 99%\" border=\"1\" cellspacing=\"0\" cellpadding=\"0\" align=\"center\">\n<tbody>\n<tr>\n<td style=\"width: 154px\">\n<p align=\"center\">Dyplom IB<\/p>\n<\/td>\n<td style=\"width: 154px\">\n<p align=\"center\">Poziom podstawowy (SL)<\/p>\n<\/td>\n<td style=\"width: 154px\">\n<p align=\"center\">Poziom rozszerzony (HL)<\/p>\n<\/td>\n<\/tr>\n<tr>\n<td style=\"width: 154px;height: 26px\">\n<p align=\"center\">7<\/p>\n<\/td>\n<td style=\"width: 154px;height: 26px\">\n<p align=\"center\">100%<\/p>\n<\/td>\n<td style=\"width: 154px;height: 26px\">\n<p align=\"center\">100%<\/p>\n<\/td>\n<\/tr>\n<tr>\n<td style=\"width: 154px;height: 26px\">\n<p align=\"center\">6<\/p>\n<\/td>\n<td style=\"width: 154px;height: 26px\">\n<p align=\"center\">86%<\/p>\n<\/td>\n<td style=\"width: 154px;height: 26px\">\n<p align=\"center\">85,71%<\/p>\n<\/td>\n<\/tr>\n<tr>\n<td style=\"width: 154px;height: 26px\">\n<p align=\"center\">5<\/p>\n<\/td>\n<td style=\"width: 154px;height: 26px\">\n<p align=\"center\">72%<\/p>\n<\/td>\n<td style=\"width: 154px;height: 26px\">\n<p align=\"center\">71,43%<\/p>\n<\/td>\n<\/tr>\n<tr>\n<td style=\"width: 154px;height: 26px\">\n<p align=\"center\">4<\/p>\n<\/td>\n<td style=\"width: 154px;height: 26px\">\n<p align=\"center\">58%<\/p>\n<\/td>\n<td style=\"width: 154px;height: 26px\">\n<p align=\"center\">57,14%<\/p>\n<\/td>\n<\/tr>\n<tr>\n<td style=\"width: 154px;height: 26px\">\n<p align=\"center\">3<\/p>\n<\/td>\n<td style=\"width: 154px;height: 26px\">\n<p align=\"center\">44%<\/p>\n<\/td>\n<td style=\"width: 154px;height: 26px\">\n<p align=\"center\">42,86%<\/p>\n<\/td>\n<\/tr>\n<tr>\n<td style=\"width: 154px;height: 26px\">\n<p align=\"center\">2<\/p>\n<\/td>\n<td style=\"width: 154px;height: 26px\">\n<p align=\"center\">30%<\/p>\n<\/td>\n<td style=\"width: 154px;height: 26px\">\n<p align=\"center\">28,57%<\/p>\n<\/td>\n<\/tr>\n<tr>\n<td style=\"width: 154px;height: 26px\">\n<p align=\"center\">1<\/p>\n<\/td>\n<td style=\"width: 154px;height: 26px\">\n<p align=\"center\">0%<\/p>\n<\/td>\n<td style=\"width: 154px;height: 26px\">\n<p align=\"center\">14,29%<\/p>\n<\/td>\n<\/tr>\n<\/tbody>\n<\/table>\n<div style=\"clear: both\"><\/div>\n<div style=\"clear: both\"><\/div>\n<div><\/div>\n<div>\n<p>W przypadku nieprzedstawienia dyplomu \u201eInternational Baccalaureate\u201d , kandydat do cel\u00f3w kwalifikacji, jest zobowi\u0105zany z\u0142o\u017cy\u0107 odpowiednie za\u015bwiadczenie o wyniku matury wystawione przez upowa\u017cnione organy, a\u00a0dyplom (IB) dostarczy\u0107 niezw\u0142ocznie po jego otrzymaniu.<\/p>\n<\/div>\n<p>\n<\/div>\r\n                    <\/div>\r\n                <\/div>[\/vc_column][\/vc_row]<\/p>","protected":false},"excerpt":{"rendered":"<p>[vc_row][vc_column][\/vc_column][\/vc_row] [&#8230;]<\/p>\n<p><a class=\"btn btn-secondary understrap-read-more-link\" href=\"https:\/\/us.edu.pl\/kandydat\/rekrutacja-na-studia-krok-po-kroku\/przeliczanie-ocen-z-matur\/matura-miedzynarodowa\/\">Read More&#8230;<\/a><\/p>\n","protected":false},"author":31,"featured_media":0,"parent":1827,"menu_order":0,"comment_status":"closed","ping_status":"closed","template":"page-templates\/inner-page.php","meta":{"_expiration-date-status":"saved","_expiration-date":0,"_expiration-date-type":"","_expiration-date-categories":[],"_expiration-date-options":[]},"acf":[],"_links":{"self":[{"href":"https:\/\/us.edu.pl\/kandydat\/wp-json\/wp\/v2\/pages\/1928"}],"collection":[{"href":"https:\/\/us.edu.pl\/kandydat\/wp-json\/wp\/v2\/pages"}],"about":[{"href":"https:\/\/us.edu.pl\/kandydat\/wp-json\/wp\/v2\/types\/page"}],"author":[{"embeddable":true,"href":"https:\/\/us.edu.pl\/kandydat\/wp-json\/wp\/v2\/users\/31"}],"replies":[{"embeddable":true,"href":"https:\/\/us.edu.pl\/kandydat\/wp-json\/wp\/v2\/comments?post=1928"}],"version-history":[{"count":8,"href":"https:\/\/us.edu.pl\/kandydat\/wp-json\/wp\/v2\/pages\/1928\/revisions"}],"predecessor-version":[{"id":6949,"href":"https:\/\/us.edu.pl\/kandydat\/wp-json\/wp\/v2\/pages\/1928\/revisions\/6949"}],"up":[{"embeddable":true,"href":"https:\/\/us.edu.pl\/kandydat\/wp-json\/wp\/v2\/pages\/1827"}],"wp:attachment":[{"href":"https:\/\/us.edu.pl\/kandydat\/wp-json\/wp\/v2\/media?parent=1928"}],"curies":[{"name":"wp","href":"https:\/\/api.w.org\/{rel}","templated":true}]}}