{"id":3829,"date":"2025-06-10T11:17:54","date_gmt":"2025-06-10T09:17:54","guid":{"rendered":"https:\/\/us.edu.pl\/kolegium\/ism\/?post_type=komunikaty&#038;p=3829"},"modified":"2025-06-10T11:17:54","modified_gmt":"2025-06-10T09:17:54","slug":"informacja-dotyczaca-pracy-semestralnej","status":"publish","type":"komunikaty","link":"https:\/\/us.edu.pl\/kolegium\/ism\/komunikaty\/informacja-dotyczaca-pracy-semestralnej\/","title":{"rendered":"Informacja dotycz\u0105ca pracy semestralnej"},"content":{"rendered":"<p>[vc_row][vc_column]\r\n                <div class=\"text-modules\">\r\n                    <div class=\"container\">\r\n                        \r\n                        <div class=\"text-modules__content\"><p><span style=\"font-size: 14pt;\">Informujemy, \u017ce istnieje ju\u017c mo\u017cliwo\u015b\u0107 wgrania pracy semestralnej w portalu ISM.<\/span><\/p>\n<\/div>\r\n                    <\/div>\r\n                <\/div>[\/vc_column][\/vc_row]<\/p>","protected":false},"excerpt":{"rendered":"<p>[vc_row][vc_column][\/vc_column][\/vc_row] [&#8230;]<\/p>\n<p><a class=\"btn btn-secondary understrap-read-more-link\" href=\"https:\/\/us.edu.pl\/kolegium\/ism\/komunikaty\/informacja-dotyczaca-pracy-semestralnej\/\">Read More&#8230;<\/a><\/p>\n","protected":false},"author":5665,"featured_media":0,"template":"","meta":{"_expiration-date-status":"","_expiration-date":0,"_expiration-date-type":"","_expiration-date-categories":[],"_expiration-date-options":[]},"acf":[],"_links":{"self":[{"href":"https:\/\/us.edu.pl\/kolegium\/ism\/wp-json\/wp\/v2\/komunikaty\/3829"}],"collection":[{"href":"https:\/\/us.edu.pl\/kolegium\/ism\/wp-json\/wp\/v2\/komunikaty"}],"about":[{"href":"https:\/\/us.edu.pl\/kolegium\/ism\/wp-json\/wp\/v2\/types\/komunikaty"}],"author":[{"embeddable":true,"href":"https:\/\/us.edu.pl\/kolegium\/ism\/wp-json\/wp\/v2\/users\/5665"}],"version-history":[{"count":1,"href":"https:\/\/us.edu.pl\/kolegium\/ism\/wp-json\/wp\/v2\/komunikaty\/3829\/revisions"}],"predecessor-version":[{"id":3833,"href":"https:\/\/us.edu.pl\/kolegium\/ism\/wp-json\/wp\/v2\/komunikaty\/3829\/revisions\/3833"}],"wp:attachment":[{"href":"https:\/\/us.edu.pl\/kolegium\/ism\/wp-json\/wp\/v2\/media?parent=3829"}],"curies":[{"name":"wp","href":"https:\/\/api.w.org\/{rel}","templated":true}]}}

Informacja dotycząca pracy semestralnej

<p>[vc_row][vc_column]
                <div class="text-modules">
                    <div class="container">
                        
                        <div class="text-modules__content"><p><span style="font-size: 14pt;">Informujemy, że istnieje już możliwość wgrania pracy semestralnej w portalu ISM.</span></p>
</div>
                    </div>
                </div>[/vc_column][/vc_row]</p>
