{"id":107,"date":"2021-10-13T09:58:45","date_gmt":"2021-10-13T07:58:45","guid":{"rendered":"https:\/\/us.edu.pl\/kolegium\/ism\/?page_id=107"},"modified":"2025-11-27T14:31:49","modified_gmt":"2025-11-27T13:31:49","slug":"srodowisko-miasta-miasto-srodowiska","status":"publish","type":"page","link":"https:\/\/us.edu.pl\/kolegium\/ism\/o-kolegium\/projects\/srodowisko-miasta-miasto-srodowiska\/","title":{"rendered":"\u015arodowisko miasta-miasto \u015brodowiska"},"content":{"rendered":"<p>[vc_row][vc_column width=&#8221;1\/2&#8243;]\r\n                <div class=\"text-modules\">\r\n                    <div class=\"container\">\r\n                        <h3 class=\"page-title text__title\">\u015arodowisko miasta-miasto \u015brodowiska<\/h3>\r\n                        <div class=\"text-modules__content\"><p><span style=\"font-size: 14pt;\"><strong>Finansowanie:<\/strong> Wojew\u00f3dzki Fundusz Ochrony \u015arodowiska i Gospodarki Wodnej w Katowicach<\/span><\/p>\n<p><span style=\"font-size: 14pt;\"><strong>Cel projektu<\/strong>: Projekt odnosi\u0142 si\u0119 do idei ekosystemu naturalnego \u2013 uczestnicy poszukiwali analogii mi\u0119dzy ekosystemem naturalnym a struktur\u0105 miasta. Zidentyfikowano wzajemne zale\u017cno\u015bci mi\u0119dzy elementami funkcjonalnymi miasta, w tym elementami przyrodniczymi.<\/span><\/p>\n<p><span style=\"font-size: 14pt;\"><strong>Wyzwania projektu:<\/strong> Cz\u0142owiek, wp\u0142ywaj\u0105c na ekosystem, jednocze\u015bnie ma swoje potrzeby. Kluczowym wyzwaniem by\u0142o inicjowanie dzia\u0142a\u0144 na rzecz utrzymania funkcjonowania ekosystem\u00f3w miejskich jako miejsc, kt\u00f3re:<\/span><\/p>\n<ul>\n<li><span style=\"font-size: 14pt;\">zapewniaj\u0105 podstawowe potrzeby cz\u0142owieka,<\/span><\/li>\n<li><span style=\"font-size: 14pt;\">umo\u017cliwiaj\u0105 interakcje z elementami \u015brodowiska przyrodniczego,<\/span><\/li>\n<li><span style=\"font-size: 14pt;\">oferuj\u0105 inne us\u0142ugi ekosystemowe.<\/span><\/li>\n<\/ul>\n<p><span style=\"font-size: 14pt;\"><strong>Zrealizowane dzia\u0142ania<\/strong>: W ramach projektu przeprowadzono cykl seminari\u00f3w, kt\u00f3rych g\u0142\u00f3wnym celem by\u0142o:<\/span><\/p>\n<ol>\n<li><strong><span style=\"font-size: 14pt;\">Podniesie \u015bwiadomo\u015bci spo\u0142ecznej:<\/span><\/strong><br \/>\n<span style=\"font-size: 14pt;\">&#8211; zwi\u0119kszenie \u015bwiadomo\u015bci na temat globalnych zmian klimatycznych,<\/span><br \/>\n<span style=\"font-size: 14pt;\">&#8211; identyfikacja lokalnych wyzwa\u0144 dla miast,<\/span><br \/>\n<span style=\"font-size: 14pt;\">&#8211; zach\u0119canie do dzia\u0142a\u0144 opartych na wynikach bada\u0144 naukowych.<\/span><\/li>\n<li><strong><span style=\"font-size: 14pt;\">Rozw\u00f3j bada\u0144 nad miastami:<\/span><\/strong><br \/>\n<span style=\"font-size: 14pt;\">&#8211; ukazanie mo\u017cliwo\u015bci badania rozwoju miasta w kontek\u015bcie funkcjonowania ekosystem\u00f3w miejskich,<\/span><br \/>\n<span style=\"font-size: 14pt;\">&#8211; analiza ekspercka relacji mi\u0119dzy miastami a ich \u015brodowiskiem.<\/span><\/li>\n<li><strong><span style=\"font-size: 14pt;\">Inicjowanie wsp\u00f3\u0142pracy:<\/span><\/strong><br \/>\n<span style=\"font-size: 14pt;\">&#8211; zaanga\u017cowanie lokalnych podmiot\u00f3w,<\/span><br \/>\n<span style=\"font-size: 14pt;\">&#8211; wypracowanie dobrych praktyk oraz rozwi\u0105za\u0144 pro\u015brodowiskowych.<\/span><\/li>\n<\/ol>\n<p><strong><span style=\"font-size: 14pt;\">Tematyka seminari\u00f3w:<\/span><\/strong><\/p>\n<ol>\n<li><span style=\"font-size: 14pt;\"><em>Miasto ze wska\u017anikiem bior\u00f3\u017cnorodno\u015bci \u2013 <\/em>uczestnicy skupili si\u0119 na poszukiwaniu rozwi\u0105za\u0144 architektonicznych, mog\u0105cych odpowiedzie\u0107 w przysz\u0142o\u015bci na kwestie rekultywacji teren\u00f3w przekszta\u0142conych przez dzia\u0142anie przemys\u0142u lub zostawionego dla spontanicznego wkraczania przyrody.<\/span><\/li>\n<li><span style=\"font-size: 14pt;\"><em>Miasto jak g\u0105bka! \u2013 <\/em>uczestnicy pr\u00f3bowali odpowiedzie\u0107 na pytania: \u201ejakie znaczenie dla jako\u015bci \u017cycia ma b\u0142\u0119kitno-zielona infrastruktura?\u201d oraz \u201ejakie s\u0105 najlepsze sposoby dzia\u0142ania na rzecz zatrzymania wody w mie\u015bcie?\u201d;<\/span><\/li>\n<li><span style=\"font-size: 14pt;\"><em>Jakie gleby takie \u017cycie\u2026 w mie\u015bcie \u2013 <\/em>uczestnicy skupili si\u0119 na problemie zanieczyszczonych gleb i ewentualnych mo\u017cliwo\u015bciach ich odzysku;<\/span><\/li>\n<li><span style=\"font-size: 14pt;\"><em>Zdrowe miasto \u2013 zdrowi mieszka\u0144cy<\/em> \u2013 uczestnicy pr\u00f3bowali odpowiedzie\u0107 na pytanie \u201ejakie znaczenie ma przyroda dla zdrowia cz\u0142owieka?\u201d;<\/span><\/li>\n<li><span style=\"font-size: 14pt;\"><em>Jak oddycha miasto? \u2013 <\/em>uczestnicy skupili si\u0119 g\u0142\u00f3wnych przyczynach zanieczyszczenia powietrza w mie\u015bcie;<\/span><\/li>\n<li><span style=\"font-size: 14pt;\"><em>Ekosystemowa hojno\u015b\u0107 miasta \u2013 <\/em>uczestnicy mogli dowiedzie\u0107 si\u0119, jakie s\u0105 najnowsze podej\u015bcia do zagospodarowania ekosystemu miast;<\/span><\/li>\n<li><span style=\"font-size: 14pt;\"><em>Miejski zielony \u0142ad \u2013 <\/em>uczestnicy pr\u00f3bowali zrozumie\u0107 miasto jako uk\u0142ad energetyczny;<\/span><\/li>\n<li><span style=\"font-size: 14pt;\"><em>My i globalne zmiany w mie\u015bcie \u2013 <\/em>uczestnicy starali si\u0119 znale\u017a\u0107 sposoby zminimalizowania negatywnych efekt\u00f3w zmian klimatu w miastach.<\/span><\/li>\n<\/ol>\n<p>\n<\/div>\r\n                    <\/div>\r\n                <\/div>[\/vc_column][vc_column width=&#8221;1\/2&#8243;]\r\n                <div class=\"text-modules\">\r\n                    <div class=\"container\">\r\n                        \r\n                        <div class=\"text-modules__content\"><p><a href=\"https:\/\/us.edu.pl\/kolegium\/ism\/wp-content\/uploads\/sites\/67\/Bez-kategorii\/broszura_Srodowisko-miasta-miasto-srodowiska-1.jpg\"><img class=\"aligncenter wp-image-2413 size-large\" src=\"https:\/\/us.edu.pl\/kolegium\/ism\/wp-content\/uploads\/sites\/67\/Bez-kategorii\/broszura_Srodowisko-miasta-miasto-srodowiska-1-1024x1024.jpg\" alt=\"\" width=\"640\" height=\"640\" srcset=\"https:\/\/us.edu.pl\/kolegium\/ism\/wp-content\/uploads\/sites\/67\/Bez-kategorii\/broszura_Srodowisko-miasta-miasto-srodowiska-1-1024x1024.jpg 1024w, https:\/\/us.edu.pl\/kolegium\/ism\/wp-content\/uploads\/sites\/67\/Bez-kategorii\/broszura_Srodowisko-miasta-miasto-srodowiska-1-300x300.jpg 300w, https:\/\/us.edu.pl\/kolegium\/ism\/wp-content\/uploads\/sites\/67\/Bez-kategorii\/broszura_Srodowisko-miasta-miasto-srodowiska-1-150x150.jpg 150w, https:\/\/us.edu.pl\/kolegium\/ism\/wp-content\/uploads\/sites\/67\/Bez-kategorii\/broszura_Srodowisko-miasta-miasto-srodowiska-1-768x768.jpg 768w, https:\/\/us.edu.pl\/kolegium\/ism\/wp-content\/uploads\/sites\/67\/Bez-kategorii\/broszura_Srodowisko-miasta-miasto-srodowiska-1-1536x1536.jpg 1536w, https:\/\/us.edu.pl\/kolegium\/ism\/wp-content\/uploads\/sites\/67\/Bez-kategorii\/broszura_Srodowisko-miasta-miasto-srodowiska-1-575x575.jpg 575w, https:\/\/us.edu.pl\/kolegium\/ism\/wp-content\/uploads\/sites\/67\/Bez-kategorii\/broszura_Srodowisko-miasta-miasto-srodowiska-1.jpg 1969w\" sizes=\"(max-width: 640px) 100vw, 640px\" \/><\/a><\/p>\n<\/div>\r\n                    <\/div>\r\n                <\/div>\r\n                <div class=\"text-modules\">\r\n                    <div class=\"container\">\r\n                        \r\n                        <div class=\"text-modules__content\"><p><a href=\"https:\/\/us.edu.pl\/kolegium\/ism\/wp-content\/uploads\/sites\/67\/Bez-kategorii\/broszura_Srodowisko-miasta-miasto-srodowiska-2-1.jpg\"><img class=\"aligncenter wp-image-2429 size-large\" src=\"https:\/\/us.edu.pl\/kolegium\/ism\/wp-content\/uploads\/sites\/67\/Bez-kategorii\/broszura_Srodowisko-miasta-miasto-srodowiska-2-1-1024x1024.jpg\" alt=\"\" width=\"640\" height=\"640\" srcset=\"https:\/\/us.edu.pl\/kolegium\/ism\/wp-content\/uploads\/sites\/67\/Bez-kategorii\/broszura_Srodowisko-miasta-miasto-srodowiska-2-1-1024x1024.jpg 1024w, https:\/\/us.edu.pl\/kolegium\/ism\/wp-content\/uploads\/sites\/67\/Bez-kategorii\/broszura_Srodowisko-miasta-miasto-srodowiska-2-1-300x300.jpg 300w, https:\/\/us.edu.pl\/kolegium\/ism\/wp-content\/uploads\/sites\/67\/Bez-kategorii\/broszura_Srodowisko-miasta-miasto-srodowiska-2-1-150x150.jpg 150w, https:\/\/us.edu.pl\/kolegium\/ism\/wp-content\/uploads\/sites\/67\/Bez-kategorii\/broszura_Srodowisko-miasta-miasto-srodowiska-2-1-768x768.jpg 768w, https:\/\/us.edu.pl\/kolegium\/ism\/wp-content\/uploads\/sites\/67\/Bez-kategorii\/broszura_Srodowisko-miasta-miasto-srodowiska-2-1-1536x1536.jpg 1536w, https:\/\/us.edu.pl\/kolegium\/ism\/wp-content\/uploads\/sites\/67\/Bez-kategorii\/broszura_Srodowisko-miasta-miasto-srodowiska-2-1-575x575.jpg 575w, https:\/\/us.edu.pl\/kolegium\/ism\/wp-content\/uploads\/sites\/67\/Bez-kategorii\/broszura_Srodowisko-miasta-miasto-srodowiska-2-1.jpg 1969w\" sizes=\"(max-width: 640px) 100vw, 640px\" \/><\/a><\/p>\n<\/div>\r\n                    <\/div>\r\n                <\/div>[\/vc_column][\/vc_row][vc_row][vc_column][\/vc_column][\/vc_row]<\/p>","protected":false},"excerpt":{"rendered":"<p>[vc_row][vc_column width=&#8221;1\/2&#8243;][\/vc_column][vc_column width=&#8221;1\/2&#8243;][\/vc_column][\/vc_row][vc_row][vc_column][\/vc_column][\/vc_row] [&#8230;]<\/p>\n<p><a class=\"btn btn-secondary understrap-read-more-link\" href=\"https:\/\/us.edu.pl\/kolegium\/ism\/o-kolegium\/projects\/srodowisko-miasta-miasto-srodowiska\/\">Read More&#8230;<\/a><\/p>\n","protected":false},"author":25,"featured_media":0,"parent":102,"menu_order":36,"comment_status":"closed","ping_status":"closed","template":"","meta":{"_expiration-date-status":"saved","_expiration-date":0,"_expiration-date-type":"","_expiration-date-categories":[],"_expiration-date-options":[]},"acf":[],"_links":{"self":[{"href":"https:\/\/us.edu.pl\/kolegium\/ism\/wp-json\/wp\/v2\/pages\/107"}],"collection":[{"href":"https:\/\/us.edu.pl\/kolegium\/ism\/wp-json\/wp\/v2\/pages"}],"about":[{"href":"https:\/\/us.edu.pl\/kolegium\/ism\/wp-json\/wp\/v2\/types\/page"}],"author":[{"embeddable":true,"href":"https:\/\/us.edu.pl\/kolegium\/ism\/wp-json\/wp\/v2\/users\/25"}],"replies":[{"embeddable":true,"href":"https:\/\/us.edu.pl\/kolegium\/ism\/wp-json\/wp\/v2\/comments?post=107"}],"version-history":[{"count":10,"href":"https:\/\/us.edu.pl\/kolegium\/ism\/wp-json\/wp\/v2\/pages\/107\/revisions"}],"predecessor-version":[{"id":4517,"href":"https:\/\/us.edu.pl\/kolegium\/ism\/wp-json\/wp\/v2\/pages\/107\/revisions\/4517"}],"up":[{"embeddable":true,"href":"https:\/\/us.edu.pl\/kolegium\/ism\/wp-json\/wp\/v2\/pages\/102"}],"wp:attachment":[{"href":"https:\/\/us.edu.pl\/kolegium\/ism\/wp-json\/wp\/v2\/media?parent=107"}],"curies":[{"name":"wp","href":"https:\/\/api.w.org\/{rel}","templated":true}]}}