{"id":350,"date":"2024-01-09T08:18:34","date_gmt":"2024-01-09T07:18:34","guid":{"rendered":"https:\/\/us.edu.pl\/kolegium\/kdo\/?page_id=350"},"modified":"2025-01-31T11:13:17","modified_gmt":"2025-01-31T10:13:17","slug":"ood","status":"publish","type":"page","link":"https:\/\/us.edu.pl\/kolegium\/kdo\/omu\/ood\/","title":{"rendered":"Og\u00f3lnoakademicka Oferta Dydaktyczna (OOD)"},"content":{"rendered":"<p>[vc_row][vc_column][vc_single_image image=&#8221;365&#8243; img_size=&#8221;large&#8221; alignment=&#8221;center&#8221;]\r\n                <div class=\"text-modules\">\r\n                    <div class=\"container\">\r\n                        \r\n                        <div class=\"text-modules__content\"><p><strong><span style=\"font-size: 14pt;\">Czym jest Og\u00f3lnoakademicka Oferta Dydaktyczna (OOD)?<\/span><\/strong><\/p>\n<p>Og\u00f3lnoakademicka Oferta Dydaktyczna (OOD) to oferta przedmiot\u00f3w do realizacji w ramach <strong>studi\u00f3w drugiego stopnia<\/strong> na poziomie <strong>og\u00f3lnouniwersyteckim<\/strong>, przewidzianych w planach studi\u00f3w poszczeg\u00f3lnych kierunk\u00f3w w postaci zapisu: \u201emodu\u0142 og\u00f3lnoakademicki\u201d, \u201emodu\u0142 og\u00f3lnoakademicki (spo\u0142eczny)\u201d, \u201emodu\u0142 og\u00f3lnoakademicki (humanistyczny)\u201d. Osadzenie takich modu\u0142\u00f3w w planach studi\u00f3w przewiduje \u00a7 3 ust. 5 <a href=\"https:\/\/aktyprawne.us.edu.pl\/d\/6396\/5\/\" target=\"_blank\" rel=\"noopener\">uchwa\u0142y nr 385 Senatu Uniwersytetu \u015al\u0105skiego w Katowicach z dnia 23 maja 2023 r. w sprawie wytycznych dotycz\u0105cych wymaga\u0144 w zakresie tworzenia i zmiany program\u00f3w studi\u00f3w prowadzonych w Uniwersytecie \u015al\u0105skim w Katowicach<\/a>.\u00a0Spos\u00f3b organizacji zaj\u0119\u0107 okre\u015bla <a href=\"https:\/\/aktyprawne.us.edu.pl\/423-lista\/d\/6763\/5\/\" target=\"_blank\" rel=\"noopener\">Zarz\u0105dzeniem nr 166 Rektora Uniwersytetu \u015al\u0105skiego w Katowicach z dnia 24 pa\u017adziernika 2023 r. w sprawie sposobu organizacji zaj\u0119\u0107 w ramach Otwartych Modu\u0142\u00f3w Uniwersyteckich (OMU) i Og\u00f3lnoakademickiej Oferty Dydaktycznej<\/a> (OOD) (w miejsce wcze\u015bniej obowi\u0105zuj\u0105cego Zarz\u0105dzenia nr 155 Rektora Uniwersytetu \u015al\u0105skiego w Katowicach z dnia 13 wrze\u015bnia 2021r.).<\/p>\n<p>&nbsp;<\/p>\n<p>Og\u00f3lnoakademicka Oferta Dydaktyczna jest formu\u0142\u0105 wzbogacaj\u0105c\u0105 tre\u015bci kszta\u0142cenia kierunkowego, wprowadzaj\u0105c\u0105 w obszar studi\u00f3w tre\u015bci odpowiadaj\u0105ce na zainteresowania i potrzeby os\u00f3b studiuj\u0105cych, buduj\u0105cych w\u0142asne \u015bcie\u017cki kariery naukowej i zawodowej. W zdobywaniu nowych i doskonaleniu posiadanych ju\u017c\u00a0 kompetencji w ramach OOD studenci i studentki uzyskuj\u0105 dost\u0119p do pe\u0142nego potencja\u0142u oferty dydaktycznej w Uniwersytecie (uwzgl\u0119dniaj\u0105c warunki okre\u015blone\u00a0 w kierunkowym programie podj\u0119tych studi\u00f3w).<\/p>\n<\/div>\r\n                    <\/div>\r\n                <\/div>\r\n                <div class=\"text-modules\">\r\n                    <div class=\"container\">\r\n                        \r\n                        <div class=\"text-modules__content\"><p><span style=\"font-size: 14pt;\"><strong>W jaki spos\u00f3b kszta\u0142towana jest oferta OOD?<\/strong><\/span><\/p>\n<p>Og\u00f3lnoakademicka Oferta Dydaktyczna nie jest sta\u0142a, <strong>budowana jest corocznie<\/strong>, a za jej ostateczny kszta\u0142t odpowiedzialny jest <a href=\"https:\/\/us.edu.pl\/kolegium\/kdo\/omu\/ood\/zespol-ds-otwartych-modulow-uniwersyteckich-omu\/\">Zesp\u00f3\u0142 ds. Otwartych Modu\u0142\u00f3w Uniwersyteckich (OMU)<\/a> (wcze\u015bniej funkcjonuj\u0105cy pod nazw\u0105 Rada OOD) powo\u0142ywany przez Rektora. Propozycje modu\u0142\u00f3w do OOD zg\u0142osi\u0107 mo\u017ce ka\u017cdy nauczyciel akademicki i ka\u017cda nauczycielka akademicka. Mo\u017ce to zrobi\u0107 indywidualnie lub jako reprezentant\/-ka zespo\u0142u autorskiego projekt\u00f3w modu\u0142\u00f3w i p\u00f3\u017aniejszych prowadz\u0105cych, bowiem przedmioty realizowane w ramach OOD mog\u0105 by\u0107 wsp\u00f3\u0142prowadzone. Przedmioty, kt\u00f3re znajd\u0105 si\u0119 w OOD finalnie w ka\u017cdym kolejnym roku akademickim,\u00a0<strong>wy\u0142aniane s\u0105 w wyniku naboru projekt\u00f3w modu\u0142\u00f3w<\/strong>\u00a0oraz\u00a0<strong>rejestracji studenckich<\/strong>\u00a0trwaj\u0105cego w roku poprzedzaj\u0105cym rok akademicki, w kt\u00f3rym modu\u0142y b\u0119d\u0105 realizowane, zgodnie z przyj\u0119tym regulaminem. Nad\u00a0naborem i rejestracjami czuwa Zesp\u00f3\u0142 ds. OMU.<\/p>\n<p>&nbsp;<\/p>\n<p>Bior\u0105c pod uwag\u0119 potrzeby kszta\u0142cenia zapewniaj\u0105cego wielostronny rozw\u00f3j os\u00f3b studiuj\u0105cych w Uniwersytecie \u015al\u0105skim, tre\u015bci modu\u0142\u00f3w powinny wype\u0142nia\u0107 zagadnienia interdyscyplinarne, opracowane i realizowane\u00a0 na styku r\u00f3\u017cnych dziedzin i dyscyplin wiedzy, a tak\u017ce nie powinny powiela\u0107 bezpo\u015brednio zagadnie\u0144 podejmowanych w ramach planowo realizowanych zaj\u0119\u0107 kierunkowych.<\/p>\n<\/div>\r\n                    <\/div>\r\n                <\/div>\r\n                <div class=\"text-modules\">\r\n                    <div class=\"container\">\r\n                        \r\n                        <div class=\"text-modules__content\"><p><span style=\"font-size: 14pt;\"><strong>Na czym polega wyb\u00f3r przez osoby studiuj\u0105ce z oferty OOD?<\/strong><\/span><\/p>\n<p><strong>Studenci i studentki<\/strong> <strong>wybieraj\u0105<\/strong> z przedstawionej im oferty tak\u0105 liczb\u0119 modu\u0142\u00f3w, z poszczeg\u00f3lnych kategorii, kt\u00f3ra pozwoli zrealizowa\u0107 wymagan\u0105 dla ich kierunku przypisan\u0105 im liczb\u0119 punkt\u00f3w ECTS-u realizowanych na poziomie og\u00f3lnouniwersyteckim (mo\u017ce by\u0107 ona r\u00f3\u017cna dla r\u00f3\u017cnych kierunk\u00f3w). Plany studi\u00f3w poszczeg\u00f3lnych kierunk\u00f3w nie okre\u015blaj\u0105 formy zaj\u0119\u0107 na poziomie og\u00f3lnouniwersyteckim (wyk\u0142ad, konwersatorium, laboratorium itd.), podaj\u0105 tylko liczb\u0119 godzin i punkt\u00f3w ECTS. To pomys\u0142odawcy i pomys\u0142odawczynie zg\u0142aszaj\u0105cy\/-e modu\u0142 do konkursu wskazuj\u0105 form\u0119 realizacji modu\u0142u. W efekcie dokonanych przez student\u00f3w i studentki wybor\u00f3w <strong>w jednym przedmiocie mog\u0105 uczestniczy\u0107 osoby studiuj\u0105ce na\u00a0 r\u00f3\u017cnych kierunkach, nawet na r\u00f3\u017cnych wydzia\u0142ach<\/strong>.<\/p>\n<\/div>\r\n                    <\/div>\r\n                <\/div>\r\n                <div class=\"text-modules\">\r\n                    <div class=\"container\">\r\n                        \r\n                        <div class=\"text-modules__content\"><p><span style=\"font-size: 14pt;\"><strong>Jak przebiega realizacja OOD?<\/strong><\/span><\/p>\n<p>\u017beby zapewni\u0107 wszystkim studentom i studentkom mo\u017cliwo\u015b\u0107 wyboru z pe\u0142nej oferty OOD, przedmioty w ramach tej oferty odbywaj\u0105 si\u0119 w wyznaczonym pa\u015bmie: <strong>w <\/strong><strong>poniedzia\u0142ki <\/strong>w godzinach<strong> mi\u0119dzy 13.45 a 20.30<\/strong>.<\/p>\n<p>Przedmioty w ramach OOD mog\u0105 by\u0107 realizowane w formule <strong>kszta\u0142cenia<\/strong> <strong>kontaktowego lub zdalnego<\/strong> z wykorzystaniem metod i technik kszta\u0142cenia na odleg\u0142o\u015b\u0107, w cyklach standardowych (w ca\u0142ym semestrze), albo w cyklach intensywnych, jako zaj\u0119cia zblokowane.<\/p>\n<p>&nbsp;<\/p>\n<p>Pe\u0142na oferta OOD realizowana jest od roku akademickiego 2022\/2023 (poprzedza\u0142 j\u0105 rok 2021\/2022, w czasie kt\u00f3rego funkcjonowa\u0142a oferta o charakterze pilota\u017cowym).<\/p>\n<\/div>\r\n                    <\/div>\r\n                <\/div>[\/vc_column][\/vc_row][vc_row][vc_column][\/vc_column][\/vc_row][vc_row][vc_column]\r\n                <div class=\"tiles-section\" style=\"background: \">\r\n                    <div class=\"container\">\r\n                        <h3 class=\"page-title\"><\/h3>\r\n                        <div class=\"tiles tiles-3\">\r\n                            <a href=\"https:\/\/us.edu.pl\/kolegium\/kdo\/omu\/ood\/aktualna-oferta-ood\/\" class=\"tile tile_ justify-content-center\" style=\"background-color: #002E5A; font-weight: ; color: #ffffff;  \">\r\n                                \r\n                                   \r\n                               \r\n                                <div class=\"tile__name\">Aktualna oferta OOD<\/div>\r\n                            <\/a>\r\n                            <a href=\"https:\/\/us.edu.pl\/kolegium\/kdo\/omu\/ood\/nabor-projektow-modulow\/\" class=\"tile tile_ justify-content-center\" style=\"background-color: #002E5A; font-weight: ; color: #ffffff;  \">\r\n                                \r\n                                   \r\n                               \r\n                                <div class=\"tile__name\">Nab\u00f3r projekt\u00f3w modu\u0142\u00f3w<\/div>\r\n                            <\/a>\r\n                            <a href=\"https:\/\/us.edu.pl\/kolegium\/kdo\/omu\/ood\/dokumenty\/\" class=\"tile tile_ justify-content-center\" style=\"background-color: #002E5A; font-weight: ; color: #ffffff;  \">\r\n                                \r\n                                   \r\n                               \r\n                                <div class=\"tile__name\">Dokumenty<\/div>\r\n                            <\/a>\r\n                            <a href=\"https:\/\/us.edu.pl\/kolegium\/kdo\/omu\/ood\/opisy-modulow\/\" class=\"tile tile_ justify-content-center\" style=\"background-color: #002E5A; font-weight: ; color: #ffffff;  \">\r\n                                \r\n                                   \r\n                               \r\n                                <div class=\"tile__name\">Opisy modu\u0142\u00f3w<\/div>\r\n                            <\/a>\r\n                            <a href=\"https:\/\/us.edu.pl\/kolegium\/kdo\/omu\/ood\/zespol-ds-otwartych-modulow-uniwersyteckich-omu\/\" class=\"tile tile_ justify-content-center\" style=\"background-color: #002E5A; font-weight: ; color: #ffffff;  \">\r\n                                \r\n                                   \r\n                               \r\n                                <div class=\"tile__name\">Zesp\u00f3\u0142 koordynuj\u0105cy ODD<\/div>\r\n                            <\/a>\r\n                            <a href=\"https:\/\/us.edu.pl\/kolegium\/kdo\/omu\/ood\/kontakt\/\" class=\"tile tile_ justify-content-center\" style=\"background-color: #002E5A; font-weight: ; color: #ffffff;  \">\r\n                                \r\n                                   \r\n                               \r\n                                <div class=\"tile__name\">Kontakt<\/div>\r\n                            <\/a><\/div>\r\n                    <\/div>\r\n                <\/div>[\/vc_column][\/vc_row]<\/p>","protected":false},"excerpt":{"rendered":"<p>[vc_row][vc_column][vc_single_image image=&#8221;365&#8243; img_size=&#8221;large&#8221; alignment=&#8221;center&#8221;][\/vc_column][\/vc_row][vc_row][vc_column][\/vc_column][\/vc_row][vc_row][vc_column][\/vc_column][\/vc_row] [&#8230;]<\/p>\n<p><a class=\"btn btn-secondary understrap-read-more-link\" href=\"https:\/\/us.edu.pl\/kolegium\/kdo\/omu\/ood\/\">Read More&#8230;<\/a><\/p>\n","protected":false},"author":3047,"featured_media":359,"parent":346,"menu_order":2,"comment_status":"closed","ping_status":"closed","template":"page-templates\/inner-page-with-bookmarks.php","meta":{"_expiration-date-status":"","_expiration-date":0,"_expiration-date-type":"","_expiration-date-categories":[],"_expiration-date-options":[]},"acf":[],"_links":{"self":[{"href":"https:\/\/us.edu.pl\/kolegium\/kdo\/wp-json\/wp\/v2\/pages\/350"}],"collection":[{"href":"https:\/\/us.edu.pl\/kolegium\/kdo\/wp-json\/wp\/v2\/pages"}],"about":[{"href":"https:\/\/us.edu.pl\/kolegium\/kdo\/wp-json\/wp\/v2\/types\/page"}],"author":[{"embeddable":true,"href":"https:\/\/us.edu.pl\/kolegium\/kdo\/wp-json\/wp\/v2\/users\/3047"}],"replies":[{"embeddable":true,"href":"https:\/\/us.edu.pl\/kolegium\/kdo\/wp-json\/wp\/v2\/comments?post=350"}],"version-history":[{"count":10,"href":"https:\/\/us.edu.pl\/kolegium\/kdo\/wp-json\/wp\/v2\/pages\/350\/revisions"}],"predecessor-version":[{"id":4757,"href":"https:\/\/us.edu.pl\/kolegium\/kdo\/wp-json\/wp\/v2\/pages\/350\/revisions\/4757"}],"up":[{"embeddable":true,"href":"https:\/\/us.edu.pl\/kolegium\/kdo\/wp-json\/wp\/v2\/pages\/346"}],"wp:featuredmedia":[{"embeddable":true,"href":"https:\/\/us.edu.pl\/kolegium\/kdo\/wp-json\/wp\/v2\/media\/359"}],"wp:attachment":[{"href":"https:\/\/us.edu.pl\/kolegium\/kdo\/wp-json\/wp\/v2\/media?parent=350"}],"curies":[{"name":"wp","href":"https:\/\/api.w.org\/{rel}","templated":true}]}}