{"id":367,"date":"2024-01-09T08:56:34","date_gmt":"2024-01-09T07:56:34","guid":{"rendered":"https:\/\/us.edu.pl\/kolegium\/kdo\/?page_id=367"},"modified":"2026-04-01T10:06:33","modified_gmt":"2026-04-01T08:06:33","slug":"aktualna-oferta-ood","status":"publish","type":"page","link":"https:\/\/us.edu.pl\/kolegium\/kdo\/omu\/ood\/aktualna-oferta-ood\/","title":{"rendered":"Aktualna oferta OOD"},"content":{"rendered":"<p>[vc_row][vc_column]\r\n                <div class=\"text-modules\">\r\n                    <div class=\"container\">\r\n                        <h3 class=\"page-title text__title\">Aktualna oferta OOD<\/h3>\r\n                        <div class=\"text-modules__content\"><p><span style=\"font-size: 12pt;\"><strong>\u00a0<\/strong><\/span><\/p>\n<p><span style=\"font-size: 14pt;\"><strong>Og\u00f3lnoakademicka Oferta Dydaktyczna na rok akademicki 2026\/2027 z podzia\u0142em na:<\/strong><\/span><\/p>\n<ul>\n<li><span style=\"font-size: 12pt;\"><a href=\"https:\/\/uniwersytetslaski.sharepoint.com\/:b:\/s\/ZespOMUOOD\/IQDirWO2kCLNR4T_3CVSBFZBAVfuxEvDj5-Hpj0XOmDNEGc?e=bSzDRY\"><strong>ofert\u0119 modu\u0142\u00f3w og\u00f3lnoakademickich (MOG)<\/strong><\/a><strong><br \/>\n<\/strong><a href=\"https:\/\/uniwersytetslaski.sharepoint.com\/:x:\/s\/ZespOMUOOD\/IQBvjtCIy-MhR7iHFpjNH-NlAZZrgW95RuThxmayHu9tJtM?e=Mf5WrW\">LISTA modu\u0142\u00f3w OOD 2026_2027_modu\u0142y og\u00f3lnoakademickie (MOG).xlsx<\/a><\/span><\/li>\n<li><span style=\"font-size: 12pt;\"><a href=\"https:\/\/uniwersytetslaski.sharepoint.com\/:b:\/s\/ZespOMUOOD\/IQDyiny9s8V5QI0iqU9orQE9AWJrSeKCldZ9j0fSZTTx9sY?e=4U7rhV\"><strong>ofert\u0119 modu\u0142\u00f3w og\u00f3lnoakademickich spo\u0142ecznych (MOS)<\/strong><\/a><strong><br \/>\n<\/strong><a href=\"https:\/\/uniwersytetslaski.sharepoint.com\/:x:\/s\/ZespOMUOOD\/IQBFr7a2VvqFRJ3p5o_swnvlAUBznSn1gyBtnAkHTz01sGs?e=EXdYFp\">LISTA modu\u0142\u00f3w OOD 2026_2027_modu\u0142y og\u00f3lnoakademickie spo\u0142eczne (MOS).xlsx<\/a><\/span><\/li>\n<li><span style=\"font-size: 12pt;\"><a href=\"https:\/\/uniwersytetslaski.sharepoint.com\/:b:\/s\/ZespOMUOOD\/IQBPu77IUz8bS4ADCNJgR3XmASPEVTWt74rlDqQqWmz9j40?e=HsZXLt\"><strong>ofert\u0119 modu\u0142\u00f3w og\u00f3lnoakademickich humanistycznych (MOH)<\/strong><\/a><strong><br \/>\n<\/strong><a href=\"https:\/\/uniwersytetslaski.sharepoint.com\/:x:\/s\/ZespOMUOOD\/IQBm285kIHm5T5bcVfuiY55QAdVxI0tVev_u1Ou4Mfj3OC8?e=LopTUv\">LISTA modu\u0142\u00f3w OOD 2026_2027_modu\u0142y og\u00f3lnoakademickie humanistyczne (MOH).xlsx<\/a><\/span><\/li>\n<\/ul>\n<p>\n<\/div>\r\n                    <\/div>\r\n                <\/div>[\/vc_column][\/vc_row][vc_row][vc_column][\/vc_column][\/vc_row]<\/p>","protected":false},"excerpt":{"rendered":"<p>[vc_row][vc_column][\/vc_column][\/vc_row][vc_row][vc_column][\/vc_column][\/vc_row] [&#8230;]<\/p>\n<p><a class=\"btn btn-secondary understrap-read-more-link\" href=\"https:\/\/us.edu.pl\/kolegium\/kdo\/omu\/ood\/aktualna-oferta-ood\/\">Read More&#8230;<\/a><\/p>\n","protected":false},"author":3047,"featured_media":369,"parent":350,"menu_order":1,"comment_status":"closed","ping_status":"closed","template":"page-templates\/inner-page-with-bookmarks.php","meta":{"_expiration-date-status":"","_expiration-date":0,"_expiration-date-type":"","_expiration-date-categories":[],"_expiration-date-options":[]},"acf":[],"_links":{"self":[{"href":"https:\/\/us.edu.pl\/kolegium\/kdo\/wp-json\/wp\/v2\/pages\/367"}],"collection":[{"href":"https:\/\/us.edu.pl\/kolegium\/kdo\/wp-json\/wp\/v2\/pages"}],"about":[{"href":"https:\/\/us.edu.pl\/kolegium\/kdo\/wp-json\/wp\/v2\/types\/page"}],"author":[{"embeddable":true,"href":"https:\/\/us.edu.pl\/kolegium\/kdo\/wp-json\/wp\/v2\/users\/3047"}],"replies":[{"embeddable":true,"href":"https:\/\/us.edu.pl\/kolegium\/kdo\/wp-json\/wp\/v2\/comments?post=367"}],"version-history":[{"count":9,"href":"https:\/\/us.edu.pl\/kolegium\/kdo\/wp-json\/wp\/v2\/pages\/367\/revisions"}],"predecessor-version":[{"id":9480,"href":"https:\/\/us.edu.pl\/kolegium\/kdo\/wp-json\/wp\/v2\/pages\/367\/revisions\/9480"}],"up":[{"embeddable":true,"href":"https:\/\/us.edu.pl\/kolegium\/kdo\/wp-json\/wp\/v2\/pages\/350"}],"wp:featuredmedia":[{"embeddable":true,"href":"https:\/\/us.edu.pl\/kolegium\/kdo\/wp-json\/wp\/v2\/media\/369"}],"wp:attachment":[{"href":"https:\/\/us.edu.pl\/kolegium\/kdo\/wp-json\/wp\/v2\/media?parent=367"}],"curies":[{"name":"wp","href":"https:\/\/api.w.org\/{rel}","templated":true}]}}