{"id":3729,"date":"2025-01-20T12:51:00","date_gmt":"2025-01-20T11:51:00","guid":{"rendered":"https:\/\/us.edu.pl\/kolegium\/kdo\/?page_id=3729"},"modified":"2025-01-22T09:09:48","modified_gmt":"2025-01-22T08:09:48","slug":"sztuka-krytycznego-myslenia","status":"publish","type":"page","link":"https:\/\/us.edu.pl\/kolegium\/kdo\/ksztalcenie-obszarowe\/tydzien-projektowy-2024\/sztuka-krytycznego-myslenia\/","title":{"rendered":"Sztuka krytycznego my\u015blenia"},"content":{"rendered":"<p>[vc_row el_class=&#8221;container&#8221;][vc_column]\r\n                <div class=\"text-modules \">\r\n                    <div class=\"container\">\r\n                        <h3 class=\"section-title section-title_border-bottom\">Sztuka krytycznego my\u015blenia<\/h3> \r\n                        <div class=\"row m-0\">\r\n                            <div class=\"text-modules__content\">\r\n                                <strong>Koordynator: dr Szymon Maku\u0142a<\/strong><\/p>\n<p>Celem tego modu\u0142u jest zapoznanie student\u00f3w z podstawami my\u015blenia krytycznego. Uczestnicy kursu dowiedz\u0105 si\u0119 jak kszta\u0142towa\u0107 swoje przekonania na wz\u00f3r hipotez naukowych. W szczeg\u00f3lno\u015bci jak ocenia\u0107 ich wiarygodno\u015b\u0107 oszacowuj\u0105c ich prawdopodobie\u0144stwo oraz por\u00f3wnywa\u0107 moc wyja\u015bniaj\u0105c\u0105 przekona\u0144. W trakcie kursu zostan\u0105 om\u00f3wione r\u00f3wnie\u017c b\u0142\u0119dy zwi\u0105zane z pochopnym wyci\u0105ganiem wniosk\u00f3w na temat zwi\u0105zk\u00f3w przyczynowo skutkowych, takie jak b\u0142\u0105d fa\u0142szywej przyczyny, czy poprawne interpretowanie korelacji. Kurs wyposa\u017ca uczestnicz\u0105ce osoby w proste narz\u0119dzia i heurystyki wspomagaj\u0105ce krytyczn\u0105 analiz\u0119 wiarygodno\u015bci \u017ar\u00f3de\u0142 informacji, korzystania z opinii ekspert\u00f3w, tzw. fact-checkingu, czy wykrywania dezinformacji. Podczas zaj\u0119\u0107 wykorzystuje si\u0119 zdobyt\u0105 wiedz\u0119 w spos\u00f3b praktyczny, s\u0142uchacze kursu zapoznaj\u0105 si\u0119 ze sposobami wykrywania rozmaitych manipulacji analizuj\u0105c komunikaty zawieraj\u0105ce doniesienia o teoriach spiskowych, denializmie naukowym, czy fake newsach. Prezentowane techniki wchodz\u0105 w sk\u0142ad tzw. behawioralnego narz\u0119dziownika wspomagaj\u0105cego my\u015blenie krytyczne, opracowanego i przetestowanego przez takich badaczy jak: Anastasia Kozyreva, Stephan Lewandowsky, John Cook i Folco Panizza<\/p>\n<div class=\"mt-3\"><\/div>\r\n                            <\/div>\r\n                            \r\n                            \r\n                        <\/div>\r\n                    <\/div>\r\n                <\/div>[\/vc_column][\/vc_row]<\/p>","protected":false},"excerpt":{"rendered":"<p>[vc_row el_class=&#8221;container&#8221;][vc_column][\/vc_column][\/vc_row] [&#8230;]<\/p>\n<p><a class=\"btn btn-secondary understrap-read-more-link\" href=\"https:\/\/us.edu.pl\/kolegium\/kdo\/ksztalcenie-obszarowe\/tydzien-projektowy-2024\/sztuka-krytycznego-myslenia\/\">Read More&#8230;<\/a><\/p>\n","protected":false},"author":6720,"featured_media":0,"parent":530,"menu_order":0,"comment_status":"closed","ping_status":"closed","template":"","meta":{"_expiration-date-status":"","_expiration-date":0,"_expiration-date-type":"","_expiration-date-categories":[],"_expiration-date-options":[]},"acf":[],"_links":{"self":[{"href":"https:\/\/us.edu.pl\/kolegium\/kdo\/wp-json\/wp\/v2\/pages\/3729"}],"collection":[{"href":"https:\/\/us.edu.pl\/kolegium\/kdo\/wp-json\/wp\/v2\/pages"}],"about":[{"href":"https:\/\/us.edu.pl\/kolegium\/kdo\/wp-json\/wp\/v2\/types\/page"}],"author":[{"embeddable":true,"href":"https:\/\/us.edu.pl\/kolegium\/kdo\/wp-json\/wp\/v2\/users\/6720"}],"replies":[{"embeddable":true,"href":"https:\/\/us.edu.pl\/kolegium\/kdo\/wp-json\/wp\/v2\/comments?post=3729"}],"version-history":[{"count":3,"href":"https:\/\/us.edu.pl\/kolegium\/kdo\/wp-json\/wp\/v2\/pages\/3729\/revisions"}],"predecessor-version":[{"id":4165,"href":"https:\/\/us.edu.pl\/kolegium\/kdo\/wp-json\/wp\/v2\/pages\/3729\/revisions\/4165"}],"up":[{"embeddable":true,"href":"https:\/\/us.edu.pl\/kolegium\/kdo\/wp-json\/wp\/v2\/pages\/530"}],"wp:attachment":[{"href":"https:\/\/us.edu.pl\/kolegium\/kdo\/wp-json\/wp\/v2\/media?parent=3729"}],"curies":[{"name":"wp","href":"https:\/\/api.w.org\/{rel}","templated":true}]}}