{"id":3949,"date":"2025-01-20T15:39:04","date_gmt":"2025-01-20T14:39:04","guid":{"rendered":"https:\/\/us.edu.pl\/kolegium\/kdo\/?page_id=3949"},"modified":"2025-06-12T08:42:18","modified_gmt":"2025-06-12T06:42:18","slug":"zielone-technologie","status":"publish","type":"page","link":"https:\/\/us.edu.pl\/kolegium\/kdo\/ksztalcenie-obszarowe\/tydzien-projektowy-2024\/zielone-technologie\/","title":{"rendered":"Zielone technologie"},"content":{"rendered":"<p>[vc_row el_class=&#8221;conteiner&#8221;][vc_column]\r\n                <div class=\"text-modules \">\r\n                    <div class=\"container\">\r\n                        <h3 class=\"section-title section-title_border-bottom\">Zielone technologie<\/h3> \r\n                        <div class=\"row m-0\">\r\n                            <div class=\"text-modules__content\">\r\n                                <strong>Koordynatorka modu\u0142u: dr hab. Aneta S\u0142odek, prof. U\u015a<\/strong><\/p>\n<p>Modu\u0142 &#8222;Zielone Technologie&#8221; stanowi wyj\u0105tkow\u0105 okazj\u0119 dla student\u00f3w i studentek pragn\u0105cych zg\u0142\u0119bi\u0107 kluczowe aspekty zwi\u0105zane z zielon\u0105 technologi\u0105. Program ten nie tylko u\u0142atwi zrozumienie poj\u0119\u0107 takich jak odnawialne \u017ar\u00f3d\u0142a energii czy najlepsze dost\u0119pne techniki (ang. BAT &#8211; Best available technology), ale r\u00f3wnie\u017c odpowie na istotne pytania dotycz\u0105ce zr\u00f3wnowa\u017conego rozwoju, Europejskiego Zielonego \u0141adu oraz dyrektywy Unii Europejskiej.<\/p>\n<p>Program modu\u0142u u\u0142atwi znalezienie odpowiedzi na pytania: czym s\u0105 zielone technologie?, czy warto wydawa\u0107 miliardy na odnawialne \u017ar\u00f3d\u0142a energii?, czy mo\u017cna wytworzy\u0107 nowoczesny, inteligentny materia\u0142 nie szkodz\u0105c \u015brodowisku?, czy biologiczne metody oparte o mikroorganizmy i ro\u015bliny mog\u0105 oczy\u015bci\u0107 ska\u017cone \u015brodowiska?<\/p>\n<p>Zostan\u0105 om\u00f3wione r\u00f3\u017cnorodne \u017ar\u00f3d\u0142a energii odnawialnej, takie jak wiatr, energia s\u0142oneczna, biomasa, geotermia, biopaliwa i energia wody. Szczeg\u00f3lna uwaga zostanie po\u015bwi\u0119cona technologiom wykorzystuj\u0105cym te \u017ar\u00f3d\u0142a, takim jak turbiny wiatrowe, panele s\u0142oneczne, biogazownie, geotermalne pompy ciep\u0142a i biopaliwa. Ponadto, modu\u0142 przybli\u017cy przysz\u0142e trendy w fotowoltaice, obejmuj\u0105ce nowe technologie i rozw\u00f3j rynku.<\/p>\n<p>Analiza wp\u0142ywu odnawialnych \u017ar\u00f3de\u0142 energii na ekonomi\u0119 kraju oraz zdrowie spo\u0142ecze\u0144stwa stanowi istotny element programu. Dodatkowo, oddzielny blok tematyczny skupi si\u0119 na zastosowaniu zielonych technologii w ochronie \u015brodowiska, prezentuj\u0105c biologiczne metody oczyszczania (bioremediacj\u0119, biotechnologie stosowane w oczyszczaniu \u015bciek\u00f3w, biofiltry), gospodark\u0119 odpadami oraz recykling.<\/p>\n<p>Wyb\u00f3r modu\u0142u &#8222;Zielone Technologie&#8221; to inwestycja w zrozumienie i rozw\u00f3j obszar\u00f3w kluczowych dla przysz\u0142o\u015bci, zgodnych z aktualnymi kierunkami rozwoju spo\u0142ecznego i technologicznego. \r\n                                <div class=\"mt-3\"><\/div>\r\n                            <\/div>\r\n                            \r\n                            \r\n                        <\/div>\r\n                    <\/div>\r\n                <\/div>[\/vc_column][\/vc_row]<\/p>","protected":false},"excerpt":{"rendered":"<p>[vc_row el_class=&#8221;conteiner&#8221;][vc_column][\/vc_column][\/vc_row] [&#8230;]<\/p>\n<p><a class=\"btn btn-secondary understrap-read-more-link\" href=\"https:\/\/us.edu.pl\/kolegium\/kdo\/ksztalcenie-obszarowe\/tydzien-projektowy-2024\/zielone-technologie\/\">Read More&#8230;<\/a><\/p>\n","protected":false},"author":6720,"featured_media":0,"parent":530,"menu_order":0,"comment_status":"closed","ping_status":"closed","template":"","meta":{"_expiration-date-status":"","_expiration-date":0,"_expiration-date-type":"","_expiration-date-categories":[],"_expiration-date-options":[]},"acf":[],"_links":{"self":[{"href":"https:\/\/us.edu.pl\/kolegium\/kdo\/wp-json\/wp\/v2\/pages\/3949"}],"collection":[{"href":"https:\/\/us.edu.pl\/kolegium\/kdo\/wp-json\/wp\/v2\/pages"}],"about":[{"href":"https:\/\/us.edu.pl\/kolegium\/kdo\/wp-json\/wp\/v2\/types\/page"}],"author":[{"embeddable":true,"href":"https:\/\/us.edu.pl\/kolegium\/kdo\/wp-json\/wp\/v2\/users\/6720"}],"replies":[{"embeddable":true,"href":"https:\/\/us.edu.pl\/kolegium\/kdo\/wp-json\/wp\/v2\/comments?post=3949"}],"version-history":[{"count":2,"href":"https:\/\/us.edu.pl\/kolegium\/kdo\/wp-json\/wp\/v2\/pages\/3949\/revisions"}],"predecessor-version":[{"id":7797,"href":"https:\/\/us.edu.pl\/kolegium\/kdo\/wp-json\/wp\/v2\/pages\/3949\/revisions\/7797"}],"up":[{"embeddable":true,"href":"https:\/\/us.edu.pl\/kolegium\/kdo\/wp-json\/wp\/v2\/pages\/530"}],"wp:attachment":[{"href":"https:\/\/us.edu.pl\/kolegium\/kdo\/wp-json\/wp\/v2\/media?parent=3949"}],"curies":[{"name":"wp","href":"https:\/\/api.w.org\/{rel}","templated":true}]}}