{"id":432,"date":"2024-01-29T12:59:44","date_gmt":"2024-01-29T11:59:44","guid":{"rendered":"https:\/\/us.edu.pl\/kolegium\/kdo\/?page_id=432"},"modified":"2026-03-10T15:25:04","modified_gmt":"2026-03-10T14:25:04","slug":"ksztalcenie-obszarowe","status":"publish","type":"page","link":"https:\/\/us.edu.pl\/kolegium\/kdo\/ksztalcenie-obszarowe\/","title":{"rendered":"Kszta\u0142cenie obszarowe"},"content":{"rendered":"<p>[vc_row el_class=&#8221;container&#8221;][vc_column]\r\n                <div class=\"text-modules\">\r\n                    <div class=\"container\">\r\n                        <h3 class=\"page-title text__title\">Organizacja kszta\u0142cenia obszarowego 2025-2026 - studia stacjonarne<\/h3>\r\n                        <div class=\"text-modules__content\"><\/div>\r\n                    <\/div>\r\n                <\/div>\r\n                <div class=\"text-modules\">\r\n                    <div class=\"container\">\r\n                        \r\n                        <div class=\"text-modules__content\"><p>Od roku akademickiego 2023\/2024 Uniwersytet \u015al\u0105ski w Katowicach wprowadzi\u0142 nowy model kszta\u0142cenia, kt\u00f3ry ma na celu przygotowanie student\u00f3w do wyzwa\u0144 wsp\u00f3\u0142czesnego \u015bwiata. W programach studi\u00f3w wi\u0119kszo\u015bci kierunk\u00f3w I stopnia oraz jednolitych studi\u00f3w magisterskich zosta\u0142o wprowadzone kszta\u0142cenie obszarowe wspomagaj\u0105ce kszta\u0142cenie kierunkowe.<\/p>\n<p>Kszta\u0142cenie obszarowe daje studentom i studentkom szereg korzy\u015bci, m.in.:<\/p>\n<ul>\n<li>rozszerza wiedz\u0119 i umiej\u0119tno\u015bci z r\u00f3\u017cnych dziedzin;<\/li>\n<li>uczy my\u015blenia krytyczno-analitycznego;<\/li>\n<li>rozwija umiej\u0119tno\u015b\u0107 pracy zespo\u0142owej;<\/li>\n<li>u\u0142atwia znalezienie pracy.<\/li>\n<\/ul>\n<p>Ka\u017cdy modu\u0142 obszarowy sk\u0142ada si\u0119 z 15 godzin zaj\u0119\u0107 asynchronicznych (wyk\u0142ady online, pakiety wiedzy) oraz 15 godzin zaj\u0119\u0107 warsztatowych lub projektowych.<\/p>\n<p>W semestrze zimowym \u0107wiczenia b\u0119d\u0105 odbywa\u0107 si\u0119 w wybrane poniedzia\u0142ki w dw\u00f3ch blokach: 13:45-16:00 oraz 16:15-18:30<\/p>\n<p>W semestrze letnim \u0107wiczenia b\u0119d\u0105 odbywa\u0107 si\u0119 tylko w tygodniu projektowym zaplanowanym w terminie 9 &#8211; 16 maja 2026 roku.<\/p>\n<\/div>\r\n                    <\/div>\r\n                <\/div>\r\n                <div class=\"text-modules\">\r\n                    <div class=\"container\">\r\n                        \r\n                        <div class=\"text-modules__content\"><\/p>\n<h3>Jakie s\u0105 modu\u0142y obszarowe?<\/h3>\n<p>\n<\/div>\r\n                    <\/div>\r\n                <\/div>\r\n                <div class=\"text-modules\">\r\n                    <div class=\"container\">\r\n                        \r\n                        <div class=\"text-modules__content\"><p>Uniwersytet \u015al\u0105ski w Katowicach w roku akademickim 2025\/2026 umo\u017cliwia swoim studentom i studentkom wyb\u00f3r z wachlarza r\u00f3\u017cnych modu\u0142\u00f3w obszarowych.<\/p>\n<p>W <strong>semestrze zimowym<\/strong>, dost\u0119pne s\u0105 modu\u0142y z nast\u0119puj\u0105cych obszar\u00f3w:<\/p>\n<ul>\n<li>Cyfrowy \u015bwiat \u2013 modu\u0142y: <span style=\"color: #333399;\"><a style=\"color: #333399;\" href=\"https:\/\/us.edu.pl\/kolegium\/kdo\/ksztalcenie-obszarowe\/tydzien-projektowy-2024\/sztuczna-inteligencja\/\" target=\"_blank\" rel=\"noopener\">Sztuczna inteligencja<\/a>, <a style=\"color: #333399;\" href=\"https:\/\/us.edu.pl\/kolegium\/kdo\/ksztalcenie-obszarowe\/tydzien-projektowy-2024\/analiza-danych-metody-i-narzedzia\/\" target=\"_blank\" rel=\"noopener\">Analiza danych: metody i narz\u0119dzia<\/a>, <a style=\"color: #333399;\" href=\"https:\/\/us.edu.pl\/kolegium\/kdo\/ksztalcenie-obszarowe\/tydzien-projektowy-2024\/tworzenie-cyfrowych-swiatow\/\" target=\"_blank\" rel=\"noopener\">Tworzenie cyfrowych \u015bwiat\u00f3w<\/a>, <a style=\"color: #333399;\" href=\"https:\/\/us.edu.pl\/kolegium\/kdo\/ksztalcenie-obszarowe\/tydzien-projektowy-2024\/wprowadzenie-do-programowania\/\" target=\"_blank\" rel=\"noopener\">Wprowadzenie do programowania<\/a><\/span>;<\/li>\n<li>Ekspresja tw\u00f3rcza i krytyczne my\u015blenie \u2013 modu\u0142y: <span style=\"color: #333399;\"><a style=\"color: #333399;\" href=\"https:\/\/us.edu.pl\/kolegium\/kdo\/ksztalcenie-obszarowe\/tydzien-projektowy-2024\/sztuka-krytycznego-myslenia\/\" target=\"_blank\" rel=\"noopener\">Sztuka krytycznego my\u015blenia<\/a>, <a style=\"color: #333399;\" href=\"https:\/\/us.edu.pl\/kolegium\/kdo\/ksztalcenie-obszarowe\/tydzien-projektowy-2024\/wyjscie-z-komfortocenu\/\" target=\"_blank\" rel=\"noopener\">Wyj\u015bcie z komfortocenu<\/a>, <a style=\"color: #333399;\" href=\"https:\/\/us.edu.pl\/kolegium\/kdo\/ksztalcenie-obszarowe\/tydzien-projektowy-2024\/argumentacja-i-perswazja\/\" target=\"_blank\" rel=\"noopener\">Argumentacja i perswazja<\/a><\/span>;<\/li>\n<li>Granice nauki \u2013 modu\u0142y: <span style=\"color: #333399;\"><a style=\"color: #333399;\" href=\"https:\/\/us.edu.pl\/kolegium\/kdo\/ksztalcenie-obszarowe\/tydzien-projektowy-2024\/nauka-i-pseudonauka\/\" target=\"_blank\" rel=\"noopener\">Nauka i pseudonauka<\/a>, <a style=\"color: #333399;\" href=\"https:\/\/us.edu.pl\/kolegium\/kdo\/ksztalcenie-obszarowe\/tydzien-projektowy-2024\/zrozumiec-noblistow\/\" target=\"_blank\" rel=\"noopener\">Zrozumie\u0107 Noblist\u00f3w<\/a>, <a style=\"color: #333399;\" href=\"https:\/\/us.edu.pl\/kolegium\/kdo\/ksztalcenie-obszarowe\/tydzien-projektowy-2024\/nauka-i-sztuka\/\" target=\"_blank\" rel=\"noopener\">Nauka i sztuka<\/a><\/span>;<\/li>\n<li>Spo\u0142ecze\u0144stwo obywatelskie i przedsi\u0119biorczo\u015b\u0107 \u2013 modu\u0142y: <span style=\"color: #333399;\"><a style=\"color: #333399;\" href=\"https:\/\/us.edu.pl\/kolegium\/kdo\/ksztalcenie-obszarowe\/tydzien-projektowy-2024\/przedsiebiorczosc\/\" target=\"_blank\" rel=\"noopener\">Przedsi\u0119biorczo\u015b\u0107<\/a>, <a style=\"color: #333399;\" href=\"https:\/\/us.edu.pl\/kolegium\/kdo\/ksztalcenie-obszarowe\/tydzien-projektowy-2024\/vademecum-prawa\/\" target=\"_blank\" rel=\"noopener\">Vademecum prawa<\/a>, <a style=\"color: #333399;\" href=\"https:\/\/us.edu.pl\/kolegium\/kdo\/ksztalcenie-obszarowe\/tydzien-projektowy-2024\/partycypacja-spoleczna-w-praktyce\/\" target=\"_blank\" rel=\"noopener\">Partycypacja spo\u0142eczna w praktyce<\/a><\/span>;<\/li>\n<li>\u015arodowisko naturalne i technologie \u2013 modu\u0142y: <span style=\"color: #333399;\"><a style=\"color: #333399;\" href=\"https:\/\/us.edu.pl\/kolegium\/kdo\/ksztalcenie-obszarowe\/tydzien-projektowy-2024\/zielone-technologie\/\" target=\"_blank\" rel=\"noopener\">Zielone technologie<\/a>, <a style=\"color: #333399;\" href=\"https:\/\/us.edu.pl\/kolegium\/kdo\/ksztalcenie-obszarowe\/tydzien-projektowy-2024\/katastrofalne-zywioly\/\" target=\"_blank\" rel=\"noopener\">Katastrofalne \u017cywio\u0142y<\/a>, <a style=\"color: #333399;\" href=\"https:\/\/us.edu.pl\/kolegium\/kdo\/ksztalcenie-obszarowe\/tydzien-projektowy-2024\/zrownowazony-rozwoj\/\" target=\"_blank\" rel=\"noopener\">Zr\u00f3wnowa\u017cony rozw\u00f3j<\/a>;<\/span><\/li>\n<li>Zdrowie i rozw\u00f3j osobisty \u2013 modu\u0142y: <span style=\"color: #333399;\"><a style=\"color: #333399;\" href=\"https:\/\/us.edu.pl\/kolegium\/kdo\/ksztalcenie-obszarowe\/tydzien-projektowy-2024\/rozwoj-osobisty\/\" target=\"_blank\" rel=\"noopener\">Rozw\u00f3j osobisty<\/a>, <a style=\"color: #333399;\" href=\"https:\/\/us.edu.pl\/kolegium\/kdo\/ksztalcenie-obszarowe\/tydzien-projektowy-2024\/styl-zycia-a-zdrowie-czlowieka\/\" target=\"_blank\" rel=\"noopener\">Styl \u017cycia a zdrowie cz\u0142owieka<\/a>, <a style=\"color: #333399;\" href=\"https:\/\/us.edu.pl\/kolegium\/kdo\/ksztalcenie-obszarowe\/tydzien-projektowy-2024\/zarzadzanie-soba\/\" target=\"_blank\" rel=\"noopener\">Zarz\u0105dzanie sob\u0105<\/a><\/span><\/li>\n<\/ul>\n<p><a href=\"https:\/\/us.edu.pl\/kolegium\/kdo\/harmonogramy-semestr-zimowy-2025-2026\/\" target=\"_blank\" rel=\"noopener\">HARMONOGRAMY<\/a><\/p>\n<p>\n<\/div>\r\n                    <\/div>\r\n                <\/div>\r\n                <div class=\"text-modules\">\r\n                    <div class=\"container\">\r\n                        \r\n                        <div class=\"text-modules__content\"><p>W <strong>semestrze letnim<\/strong>, dost\u0119pne b\u0119d\u0105 modu\u0142y z nast\u0119puj\u0105cych obszar\u00f3w:<\/p>\n<ul>\n<li>Cyfrowy \u015bwiat \u2013 modu\u0142y: <span style=\"color: #333399;\"><a style=\"color: #333399;\" href=\"https:\/\/us.edu.pl\/kolegium\/kdo\/ksztalcenie-obszarowe\/tydzien-projektowy-2024\/sztuczna-inteligencja\/\" target=\"_blank\" rel=\"noopener\">Sztuczna inteligencja<\/a>, <a style=\"color: #333399;\" href=\"https:\/\/us.edu.pl\/kolegium\/kdo\/ksztalcenie-obszarowe\/tydzien-projektowy-2024\/analiza-danych-metody-i-narzedzia\/\" target=\"_blank\" rel=\"noopener\">Analiza danych: metody i narz\u0119dzia<\/a>, <a style=\"color: #333399;\" href=\"https:\/\/us.edu.pl\/kolegium\/kdo\/ksztalcenie-obszarowe\/tydzien-projektowy-2024\/tworzenie-cyfrowych-swiatow\/\" target=\"_blank\" rel=\"noopener\">Tworzenie cyfrowych \u015bwiat\u00f3w<\/a>, <a style=\"color: #333399;\" href=\"https:\/\/us.edu.pl\/kolegium\/kdo\/ksztalcenie-obszarowe\/tydzien-projektowy-2024\/wprowadzenie-do-programowania\/\" target=\"_blank\" rel=\"noopener\">Wprowadzenie do programowania<\/a><\/span>; <a href=\"https:\/\/us.edu.pl\/kolegium\/kdo\/ksztalcenie-obszarowe\/tydzien-projektowy-2024\/ngai\/\">Narz\u0119dzia generatywnej AI w praktyce<\/a>;<\/li>\n<li>Ekspresja tw\u00f3rcza i krytyczne my\u015blenie \u2013 modu\u0142y: <span style=\"color: #333399;\"><a style=\"color: #333399;\" href=\"https:\/\/us.edu.pl\/kolegium\/kdo\/ksztalcenie-obszarowe\/tydzien-projektowy-2024\/sztuka-krytycznego-myslenia\/\" target=\"_blank\" rel=\"noopener\">Sztuka krytycznego my\u015blenia<\/a>, <a style=\"color: #333399;\" href=\"https:\/\/us.edu.pl\/kolegium\/kdo\/ksztalcenie-obszarowe\/tydzien-projektowy-2024\/wyjscie-z-komfortocenu\/\" target=\"_blank\" rel=\"noopener\">Wyj\u015bcie z komfortocenu<\/a>, <a style=\"color: #333399;\" href=\"https:\/\/us.edu.pl\/kolegium\/kdo\/ksztalcenie-obszarowe\/tydzien-projektowy-2024\/argumentacja-i-perswazja\/\" target=\"_blank\" rel=\"noopener\">Argumentacja i perswazja<\/a><\/span>; <span style=\"color: #333399;\"><a style=\"color: #333399;\" href=\"https:\/\/us.edu.pl\/kolegium\/kdo\/ksztalcenie-obszarowe\/tydzien-projektowy-2024\/sc\/\">Sztuka czytania<\/a><\/span><\/li>\n<li>Granice nauki \u2013 modu\u0142y: <span style=\"color: #333399;\"><a style=\"color: #333399;\" href=\"https:\/\/us.edu.pl\/kolegium\/kdo\/ksztalcenie-obszarowe\/tydzien-projektowy-2024\/nauka-i-pseudonauka\/\" target=\"_blank\" rel=\"noopener\">Nauka i pseudonauka<\/a>, <a style=\"color: #333399;\" href=\"https:\/\/us.edu.pl\/kolegium\/kdo\/ksztalcenie-obszarowe\/tydzien-projektowy-2024\/zrozumiec-noblistow\/\" target=\"_blank\" rel=\"noopener\">Zrozumie\u0107 Noblist\u00f3w<\/a>, <a style=\"color: #333399;\" href=\"https:\/\/us.edu.pl\/kolegium\/kdo\/ksztalcenie-obszarowe\/tydzien-projektowy-2024\/nauka-i-sztuka\/\" target=\"_blank\" rel=\"noopener\">Nauka i sztuka<\/a><\/span>;<span style=\"color: #333399;\"> <a style=\"color: #333399;\" href=\"https:\/\/us.edu.pl\/kolegium\/kdo\/ksztalcenie-obszarowe\/tydzien-projektowy-2024\/zw\/\">Zdiagnozuj i wylecz &#8211; najnowsza technologia w s\u0142u\u017cbie zdrowia;<\/a><\/span><\/li>\n<li>Spo\u0142ecze\u0144stwo obywatelskie i przedsi\u0119biorczo\u015b\u0107 \u2013 modu\u0142y: <span style=\"color: #333399;\"><a style=\"color: #333399;\" href=\"https:\/\/us.edu.pl\/kolegium\/kdo\/ksztalcenie-obszarowe\/tydzien-projektowy-2024\/przedsiebiorczosc\/\" target=\"_blank\" rel=\"noopener\">Przedsi\u0119biorczo\u015b\u0107<\/a>, <a style=\"color: #333399;\" href=\"https:\/\/us.edu.pl\/kolegium\/kdo\/ksztalcenie-obszarowe\/tydzien-projektowy-2024\/vademecum-prawa\/\" target=\"_blank\" rel=\"noopener\">Vademecum prawa<\/a>, <a style=\"color: #333399;\" href=\"https:\/\/us.edu.pl\/kolegium\/kdo\/ksztalcenie-obszarowe\/tydzien-projektowy-2024\/partycypacja-spoleczna-w-praktyce\/\" target=\"_blank\" rel=\"noopener\">Partycypacja spo\u0142eczna w praktyce<\/a><\/span>;<span style=\"color: #333399;\"> <a style=\"color: #333399;\" href=\"https:\/\/us.edu.pl\/kolegium\/kdo\/ksztalcenie-obszarowe\/tydzien-projektowy-2024\/pc\/\">Prawa cz\u0142owieka<\/a>;<\/span><\/li>\n<li>\u015arodowisko naturalne i technologie \u2013 modu\u0142y: <span style=\"color: #333399;\"><a style=\"color: #333399;\" href=\"https:\/\/us.edu.pl\/kolegium\/kdo\/ksztalcenie-obszarowe\/tydzien-projektowy-2024\/zielone-technologie\/\" target=\"_blank\" rel=\"noopener\">Zielone technologie<\/a>, <a style=\"color: #333399;\" href=\"https:\/\/us.edu.pl\/kolegium\/kdo\/ksztalcenie-obszarowe\/tydzien-projektowy-2024\/katastrofalne-zywioly\/\" target=\"_blank\" rel=\"noopener\">Katastrofalne \u017cywio\u0142y<\/a>, <a style=\"color: #333399;\" href=\"https:\/\/us.edu.pl\/kolegium\/kdo\/ksztalcenie-obszarowe\/tydzien-projektowy-2024\/zrownowazony-rozwoj\/\" target=\"_blank\" rel=\"noopener\">Zr\u00f3wnowa\u017cony rozw\u00f3j<\/a>; <a style=\"color: #333399;\" href=\"https:\/\/us.edu.pl\/kolegium\/kdo\/ksztalcenie-obszarowe\/tydzien-projektowy-2024\/wkz\/\">Woda klucz do \u017cycia;<\/a><\/span><\/li>\n<li>Zdrowie i rozw\u00f3j osobisty \u2013 modu\u0142y: <span style=\"color: #333399;\"><a style=\"color: #333399;\" href=\"https:\/\/us.edu.pl\/kolegium\/kdo\/ksztalcenie-obszarowe\/tydzien-projektowy-2024\/rozwoj-osobisty\/\" target=\"_blank\" rel=\"noopener\">Rozw\u00f3j osobisty<\/a>, <a style=\"color: #333399;\" href=\"https:\/\/us.edu.pl\/kolegium\/kdo\/ksztalcenie-obszarowe\/tydzien-projektowy-2024\/styl-zycia-a-zdrowie-czlowieka\/\" target=\"_blank\" rel=\"noopener\">Styl \u017cycia a zdrowie cz\u0142owieka<\/a>, <a style=\"color: #333399;\" href=\"https:\/\/us.edu.pl\/kolegium\/kdo\/ksztalcenie-obszarowe\/tydzien-projektowy-2024\/zarzadzanie-soba\/\" target=\"_blank\" rel=\"noopener\">Zarz\u0105dzanie sob\u0105;\u00a0<\/a> \u00a0<a style=\"color: #333399;\" href=\"https:\/\/us.edu.pl\/kolegium\/kdo\/ksztalcenie-obszarowe\/tydzien-projektowy-2024\/beaz\/\" target=\"_blank\" rel=\"noopener\">Bioetyczne i etyczne aspekty zdrowia i \u017cycia<\/a><\/span><\/li>\n<\/ul>\n<p>\n<\/div>\r\n                    <\/div>\r\n                <\/div>[\/vc_column][\/vc_row][vc_row][vc_column]<div class=\"container\"><div class=\"separator\" style=\"background-color: #EBEBEB\"><\/div><\/div>[\/vc_column][\/vc_row][vc_row disable_element=&#8221;yes&#8221; el_class=&#8221;container&#8221;][vc_column]\r\n                <div class=\"text-modules\">\r\n                    <div class=\"container\">\r\n                        <h3 class=\"page-title text__title\">Dost\u0119pne nagrania i prezentacje<\/h3>\r\n                        <div class=\"text-modules__content\"><p><span style=\"font-size: 12pt;\">1.\u00a0 <a href=\"https:\/\/us.edu.pl\/kolegium\/kdo\/wp-content\/uploads\/sites\/75\/2025\/01\/Prezentacja-KDO-Wydzialy-osoby-studiujace_I-rok.pdf\" class=\"mtli_attachment mtli_pdf\" class=\"mtli_attachment mtli_pdf\" target=\"_blank\" rel=\"noopener\">Prezentacja KDO dla os\u00f3b studiuj\u0105cych na I roku<\/a><\/span><\/p>\n<p><span style=\"font-size: 12pt;\">2.\u00a0 <a href=\"https:\/\/drive.google.com\/file\/d\/15E8AA2WhWc_Vle2DJ754ODMG4IcNQQ7c\/view\" target=\"_blank\" rel=\"noopener\">Nagranie o Mikropo\u015bwiadczeniach<\/a><\/span><\/p>\n<p><span style=\"font-size: 12pt;\">3.\u00a0 Prezentacja <a href=\"https:\/\/us.edu.pl\/kolegium\/kdo\/wp-content\/uploads\/sites\/75\/pliki\/filmy\/KDO_MIKROPOSWIADCZENIA.pptx\" target=\"_blank\" rel=\"noopener\">Mikropo\u015bwiadczenia<\/a><\/span><\/p>\n<p>\n<\/div>\r\n                    <\/div>\r\n                <\/div>[\/vc_column][\/vc_row]<\/p>","protected":false},"excerpt":{"rendered":"<p>[vc_row el_class=&#8221;container&#8221;][vc_column][\/vc_column][\/vc_row][vc_row][vc_column][\/vc_column][\/vc_row][vc_row disable_element=&#8221;yes&#8221; el_class=&#8221;container&#8221;][vc_column][\/vc_column][\/vc_row] [&#8230;]<\/p>\n<p><a class=\"btn btn-secondary understrap-read-more-link\" href=\"https:\/\/us.edu.pl\/kolegium\/kdo\/ksztalcenie-obszarowe\/\">Read More&#8230;<\/a><\/p>\n","protected":false},"author":26,"featured_media":0,"parent":0,"menu_order":0,"comment_status":"closed","ping_status":"closed","template":"","meta":{"_expiration-date-status":"","_expiration-date":0,"_expiration-date-type":"","_expiration-date-categories":[],"_expiration-date-options":[]},"acf":[],"_links":{"self":[{"href":"https:\/\/us.edu.pl\/kolegium\/kdo\/wp-json\/wp\/v2\/pages\/432"}],"collection":[{"href":"https:\/\/us.edu.pl\/kolegium\/kdo\/wp-json\/wp\/v2\/pages"}],"about":[{"href":"https:\/\/us.edu.pl\/kolegium\/kdo\/wp-json\/wp\/v2\/types\/page"}],"author":[{"embeddable":true,"href":"https:\/\/us.edu.pl\/kolegium\/kdo\/wp-json\/wp\/v2\/users\/26"}],"replies":[{"embeddable":true,"href":"https:\/\/us.edu.pl\/kolegium\/kdo\/wp-json\/wp\/v2\/comments?post=432"}],"version-history":[{"count":12,"href":"https:\/\/us.edu.pl\/kolegium\/kdo\/wp-json\/wp\/v2\/pages\/432\/revisions"}],"predecessor-version":[{"id":9454,"href":"https:\/\/us.edu.pl\/kolegium\/kdo\/wp-json\/wp\/v2\/pages\/432\/revisions\/9454"}],"wp:attachment":[{"href":"https:\/\/us.edu.pl\/kolegium\/kdo\/wp-json\/wp\/v2\/media?parent=432"}],"curies":[{"name":"wp","href":"https:\/\/api.w.org\/{rel}","templated":true}]}}