{"id":5449,"date":"2025-02-24T16:07:47","date_gmt":"2025-02-24T15:07:47","guid":{"rendered":"https:\/\/us.edu.pl\/kolegium\/kdo\/?page_id=5449"},"modified":"2025-10-06T14:42:14","modified_gmt":"2025-10-06T12:42:14","slug":"pytanie-4","status":"publish","type":"page","link":"https:\/\/us.edu.pl\/kolegium\/kdo\/up\/pytania\/pytanie-4\/","title":{"rendered":"Pytanie 4"},"content":{"rendered":"<p>[vc_row el_class=&#8221;container&#8221;][vc_column]\r\n                <div class=\"text-modules\">\r\n                    <div class=\"container\">\r\n                        \r\n                        <div class=\"text-modules__content\"><p><span style=\"font-size: 12pt;\"><b>4. Jakie korzy\u015bci osi\u0105ga osoba bior\u0105ca udzia\u0142 w Projekcie?<\/b>\u00a0<\/span><\/p>\n<p><span style=\"font-size: 12pt;\">Osoba bior\u0105ca udzia\u0142 w Projekcie:\u00a0\u00a0<\/span><\/p>\n<ol>\n<li><span style=\"font-size: 12pt;\">b\u0119dzie mog\u0142a zrealizowa\u0107 sw\u00f3j Indywidualny Projekt Innowacyjny, na kt\u00f3ry, po spe\u0142nieniu wymog\u00f3w okre\u015blonych \u201eRegulaminem rekrutacji i uczestnictwa w Projekcie \u201eUczelnie Przysz\u0142o\u015bci\u201d, otrzyma stypendium <b>w maksymalnej wysoko\u015bci 20\u202f000 z\u0142,<\/b>\u00a0<\/span><\/li>\n<li><span style=\"font-size: 12pt;\">b\u0119dzie obj\u0119ta <b>Indywidualnym Planem Edukacyjnym (IPE).<\/b> Jest to plan wypracowany w porozumieniu z <b>Opiekunem z Uczelni, <\/b>kt\u00f3ry okre\u015bla jakie dzia\u0142ania w ramach Projektu s\u0105 Osobie uczestnicz\u0105cej najbardziej przydatne.\u00a0<\/span><\/li>\n<li><span style=\"font-size: 12pt;\">b\u0119dzie uczestniczy\u0142a w <b>wyjazdowym tygodniu projektowym<\/b> (koszty dojazdu i uczestnictwa pokrywa NCBR), <b>konsultacjach projektowych, mikrokursach<\/b>,\u00a0\u00a0<\/span><\/li>\n<li><span style=\"font-size: 12pt;\">b\u0119dzie obj\u0119ta wsparciem <b>Opiekuna z Uczelni, Mentora naukowego i Mentora biznesowego,<\/b>\u00a0<\/span><\/li>\n<li><span style=\"font-size: 12pt;\">w ramach poszczeg\u00f3lnych dzia\u0142a\u0144 b\u0119dzie mog\u0142a uzyska\u0107 okre\u015blon\u0105 liczb\u0119 <b>ECTS<\/b> zamiast\u00a0ECTS ze standardowych zaj\u0119\u0107 kierunkowych (szczeg\u00f3\u0142owe informacje na ten temat s\u0105 zawarte w Regulaminie rekrutacji i uczestnictwa w Projekcie \u201eUczelnie Przysz\u0142o\u015bci\u201d).\u00a0<\/span><\/li>\n<\/ol>\n<p>\n<\/div>\r\n                    <\/div>\r\n                <\/div>[\/vc_column][\/vc_row]<\/p>","protected":false},"excerpt":{"rendered":"<p>[vc_row el_class=&#8221;container&#8221;][vc_column][\/vc_column][\/vc_row] [&#8230;]<\/p>\n<p><a class=\"btn btn-secondary understrap-read-more-link\" href=\"https:\/\/us.edu.pl\/kolegium\/kdo\/up\/pytania\/pytanie-4\/\">Read More&#8230;<\/a><\/p>\n","protected":false},"author":6720,"featured_media":0,"parent":8303,"menu_order":0,"comment_status":"closed","ping_status":"closed","template":"","meta":{"_expiration-date-status":"","_expiration-date":0,"_expiration-date-type":"","_expiration-date-categories":[],"_expiration-date-options":[]},"acf":[],"_links":{"self":[{"href":"https:\/\/us.edu.pl\/kolegium\/kdo\/wp-json\/wp\/v2\/pages\/5449"}],"collection":[{"href":"https:\/\/us.edu.pl\/kolegium\/kdo\/wp-json\/wp\/v2\/pages"}],"about":[{"href":"https:\/\/us.edu.pl\/kolegium\/kdo\/wp-json\/wp\/v2\/types\/page"}],"author":[{"embeddable":true,"href":"https:\/\/us.edu.pl\/kolegium\/kdo\/wp-json\/wp\/v2\/users\/6720"}],"replies":[{"embeddable":true,"href":"https:\/\/us.edu.pl\/kolegium\/kdo\/wp-json\/wp\/v2\/comments?post=5449"}],"version-history":[{"count":1,"href":"https:\/\/us.edu.pl\/kolegium\/kdo\/wp-json\/wp\/v2\/pages\/5449\/revisions"}],"predecessor-version":[{"id":5453,"href":"https:\/\/us.edu.pl\/kolegium\/kdo\/wp-json\/wp\/v2\/pages\/5449\/revisions\/5453"}],"up":[{"embeddable":true,"href":"https:\/\/us.edu.pl\/kolegium\/kdo\/wp-json\/wp\/v2\/pages\/8303"}],"wp:attachment":[{"href":"https:\/\/us.edu.pl\/kolegium\/kdo\/wp-json\/wp\/v2\/media?parent=5449"}],"curies":[{"name":"wp","href":"https:\/\/api.w.org\/{rel}","templated":true}]}}