{"id":5625,"date":"2025-02-25T12:14:25","date_gmt":"2025-02-25T11:14:25","guid":{"rendered":"https:\/\/us.edu.pl\/kolegium\/kdo\/?page_id=5625"},"modified":"2025-10-06T15:03:29","modified_gmt":"2025-10-06T13:03:29","slug":"pytanie-14","status":"publish","type":"page","link":"https:\/\/us.edu.pl\/kolegium\/kdo\/up\/pytania\/pytanie-14\/","title":{"rendered":"Pytanie 14"},"content":{"rendered":"<p>[vc_row el_class=&#8221;container&#8221;][vc_column]\r\n                <div class=\"text-modules \">\r\n                    <div class=\"container\">\r\n                         \r\n                        <div class=\"row m-0\">\r\n                            <div class=\"text-modules__content\">\r\n                                <span style=\"font-size: 14pt;\"><strong>14. W jakim okresie trwa wsp\u00f3\u0142praca z Mentorami i jakie s\u0105 ich zadania?<\/strong><\/span><\/p>\n<p><span style=\"font-size: 12pt;\">Wsp\u00f3\u0142praca z Mentorami trwa podczas realizacji IPI. Osoba realizuj\u0105ca IPI otrzymuje wsparcie od Mentora biznesowego, kt\u00f3ry jest przedstawicielem otoczenia spo\u0142eczno-gospodarczego i pomaga Osobie realizuj\u0105cej IPI przy wdro\u017ceniu rezultat\u00f3w IPI. Drugim mentorem jest Mentor naukowy, kt\u00f3ry wspiera rozw\u00f3j naukowy Osoby realizuj\u0105cej projekt. Wsparcie to nie mo\u017ce przekroczy\u0107 150 godzin dydaktycznych.<\/span> \r\n                                <div class=\"mt-3\"><\/div>\r\n                            <\/div>\r\n                            \r\n                            \r\n                        <\/div>\r\n                    <\/div>\r\n                <\/div>[\/vc_column][\/vc_row]<\/p>","protected":false},"excerpt":{"rendered":"<p>[vc_row el_class=&#8221;container&#8221;][vc_column][\/vc_column][\/vc_row] [&#8230;]<\/p>\n<p><a class=\"btn btn-secondary understrap-read-more-link\" href=\"https:\/\/us.edu.pl\/kolegium\/kdo\/up\/pytania\/pytanie-14\/\">Read More&#8230;<\/a><\/p>\n","protected":false},"author":6720,"featured_media":0,"parent":8303,"menu_order":0,"comment_status":"closed","ping_status":"closed","template":"","meta":{"_expiration-date-status":"","_expiration-date":0,"_expiration-date-type":"","_expiration-date-categories":[],"_expiration-date-options":[]},"acf":[],"_links":{"self":[{"href":"https:\/\/us.edu.pl\/kolegium\/kdo\/wp-json\/wp\/v2\/pages\/5625"}],"collection":[{"href":"https:\/\/us.edu.pl\/kolegium\/kdo\/wp-json\/wp\/v2\/pages"}],"about":[{"href":"https:\/\/us.edu.pl\/kolegium\/kdo\/wp-json\/wp\/v2\/types\/page"}],"author":[{"embeddable":true,"href":"https:\/\/us.edu.pl\/kolegium\/kdo\/wp-json\/wp\/v2\/users\/6720"}],"replies":[{"embeddable":true,"href":"https:\/\/us.edu.pl\/kolegium\/kdo\/wp-json\/wp\/v2\/comments?post=5625"}],"version-history":[{"count":1,"href":"https:\/\/us.edu.pl\/kolegium\/kdo\/wp-json\/wp\/v2\/pages\/5625\/revisions"}],"predecessor-version":[{"id":5629,"href":"https:\/\/us.edu.pl\/kolegium\/kdo\/wp-json\/wp\/v2\/pages\/5625\/revisions\/5629"}],"up":[{"embeddable":true,"href":"https:\/\/us.edu.pl\/kolegium\/kdo\/wp-json\/wp\/v2\/pages\/8303"}],"wp:attachment":[{"href":"https:\/\/us.edu.pl\/kolegium\/kdo\/wp-json\/wp\/v2\/media?parent=5625"}],"curies":[{"name":"wp","href":"https:\/\/api.w.org\/{rel}","templated":true}]}}