{"id":5861,"date":"2025-03-17T14:57:23","date_gmt":"2025-03-17T13:57:23","guid":{"rendered":"https:\/\/us.edu.pl\/kolegium\/kdo\/?page_id=5861"},"modified":"2025-03-17T15:03:06","modified_gmt":"2025-03-17T14:03:06","slug":"roznice-programowe-pytanie-2","status":"publish","type":"page","link":"https:\/\/us.edu.pl\/kolegium\/kdo\/roznice-programowe\/roznice-programowe-pytanie-2\/","title":{"rendered":"R\u00f3\u017cnice programowe pytanie 2"},"content":{"rendered":"<p>[vc_row el_class=&#8221;container&#8221;][vc_column]\r\n                <div class=\"text-modules\">\r\n                    <div class=\"container\">\r\n                        \r\n                        <div class=\"text-modules__content\"><\/p>\n<h4><span style=\"font-size: 14pt;\"><strong>Jak realizowa\u0107 r\u00f3\u017cnice\u00a0 programowe w ramach kszta\u0142cenia og\u00f3lnouniwersyteckiego \u2013 kszta\u0142cenie nauczycielskie?<\/strong><\/span><\/h4>\n<p><span style=\"font-size: 12pt;\">Ze wzgl\u0119du na kwalifikacyjny charakter studi\u00f3w w zakresie przygotowania do wykonywania zawodu nauczyciela wszelkie pytania o r\u00f3\u017cnice programowe (w zakresie kszta\u0142cenia og\u00f3lnouniwersyteckiego)\u00a0 nale\u017cy kierowa\u0107 bezpo\u015brednio do koordynatorki zespo\u0142u ds. kszta\u0142cenia nauczycielskiego: <a href=\"https:\/\/us.edu.pl\/kolegium\/kdo\/ksztalcenie-nauczycielskie\/kontakt-z-zespolem-ksztalcenia-nauczycielskiego\/\" target=\"_blank\" rel=\"noopener\">dr hab. Jolanty Skutnik, prof. U\u015a<\/a> lub Jej zast\u0119pczyni <a href=\"https:\/\/us.edu.pl\/kolegium\/kdo\/ksztalcenie-nauczycielskie\/kontakt-z-zespolem-ksztalcenia-nauczycielskiego\/\" target=\"_blank\" rel=\"noopener\">dr Anny Szczerby-Zubek, prof. U\u015a.<\/a><\/span><\/p>\n<\/div>\r\n                    <\/div>\r\n                <\/div>[\/vc_column][\/vc_row]<\/p>","protected":false},"excerpt":{"rendered":"<p>[vc_row el_class=&#8221;container&#8221;][vc_column][\/vc_column][\/vc_row] [&#8230;]<\/p>\n<p><a class=\"btn btn-secondary understrap-read-more-link\" href=\"https:\/\/us.edu.pl\/kolegium\/kdo\/roznice-programowe\/roznice-programowe-pytanie-2\/\">Read More&#8230;<\/a><\/p>\n","protected":false},"author":6720,"featured_media":0,"parent":5741,"menu_order":0,"comment_status":"closed","ping_status":"closed","template":"","meta":{"_expiration-date-status":"","_expiration-date":0,"_expiration-date-type":"","_expiration-date-categories":[],"_expiration-date-options":[]},"acf":[],"_links":{"self":[{"href":"https:\/\/us.edu.pl\/kolegium\/kdo\/wp-json\/wp\/v2\/pages\/5861"}],"collection":[{"href":"https:\/\/us.edu.pl\/kolegium\/kdo\/wp-json\/wp\/v2\/pages"}],"about":[{"href":"https:\/\/us.edu.pl\/kolegium\/kdo\/wp-json\/wp\/v2\/types\/page"}],"author":[{"embeddable":true,"href":"https:\/\/us.edu.pl\/kolegium\/kdo\/wp-json\/wp\/v2\/users\/6720"}],"replies":[{"embeddable":true,"href":"https:\/\/us.edu.pl\/kolegium\/kdo\/wp-json\/wp\/v2\/comments?post=5861"}],"version-history":[{"count":3,"href":"https:\/\/us.edu.pl\/kolegium\/kdo\/wp-json\/wp\/v2\/pages\/5861\/revisions"}],"predecessor-version":[{"id":5877,"href":"https:\/\/us.edu.pl\/kolegium\/kdo\/wp-json\/wp\/v2\/pages\/5861\/revisions\/5877"}],"up":[{"embeddable":true,"href":"https:\/\/us.edu.pl\/kolegium\/kdo\/wp-json\/wp\/v2\/pages\/5741"}],"wp:attachment":[{"href":"https:\/\/us.edu.pl\/kolegium\/kdo\/wp-json\/wp\/v2\/media?parent=5861"}],"curies":[{"name":"wp","href":"https:\/\/api.w.org\/{rel}","templated":true}]}}