{"id":6113,"date":"2025-03-28T11:54:56","date_gmt":"2025-03-28T10:54:56","guid":{"rendered":"https:\/\/us.edu.pl\/kolegium\/kdo\/?page_id=6113"},"modified":"2025-09-10T10:57:27","modified_gmt":"2025-09-10T08:57:27","slug":"rozwoj-osobisty","status":"publish","type":"page","link":"https:\/\/us.edu.pl\/kolegium\/kdo\/ksztalcenie-obszarowe\/tydzien-projektowy-2024\/rozwoj-osobisty\/","title":{"rendered":"Rozw\u00f3j osobisty"},"content":{"rendered":"<p>[vc_row el_class=&#8221;container&#8221;][vc_column]\r\n                <div class=\"text-modules \">\r\n                    <div class=\"container\">\r\n                        <h3 class=\"section-title section-title_border-bottom\">Rozw\u00f3j osobisty<\/h3> \r\n                        <div class=\"row m-0\">\r\n                            <div class=\"text-modules__content\">\r\n                                <strong>Koordynatorka: dr Magdalena Sitko-Dominik<\/strong><\/p>\n<p>Celem modu\u0142u jest wprowadzenie student\u00f3w do obszaru komunikacji interpersonalnej i spo\u0142ecznej. Zapoznaje z zagadnieniami wa\u017cnymi dla porozumiewania si\u0119 mi\u0119dzyludzkiego, grupowego, spo\u0142ecznego i organizacyjnego. Porusza kwestie skuteczno\u015bci komunikowania w r\u00f3\u017cnych sytuacjach spo\u0142ecznych, ale r\u00f3wnie\u017c jego etyczno\u015bci i zgodno\u015bci z prawem oraz og\u00f3lnie przyj\u0119tymi normami. Przybli\u017ca sytuacje, kiedy komunikacja staje si\u0119 trudna lub jest \u017ar\u00f3d\u0142em dyskomfortu lub nawet cierpienia cz\u0142owieka. Z jednej strony modu\u0142 odpowiada na pytanie: jak rozmawia\u0107, aby si\u0119 porozumie\u0107 i uszanowa\u0107 odmienno\u015b\u0107 stanowisk? Z drugiej strony: jak rozumie\u0107 i przeciwdzia\u0142a\u0107 przeszkodom, kt\u00f3re sprawiaj\u0105, \u017ce komunikacja staje si\u0119 trudna\/patologiczna (konflikt, przemoc)? \r\n                                <div class=\"mt-3\"><\/div>\r\n                            <\/div>\r\n                            \r\n                            \r\n                        <\/div>\r\n                    <\/div>\r\n                <\/div>[\/vc_column][\/vc_row]<\/p>","protected":false},"excerpt":{"rendered":"<p>[vc_row el_class=&#8221;container&#8221;][vc_column][\/vc_column][\/vc_row] [&#8230;]<\/p>\n<p><a class=\"btn btn-secondary understrap-read-more-link\" href=\"https:\/\/us.edu.pl\/kolegium\/kdo\/ksztalcenie-obszarowe\/tydzien-projektowy-2024\/rozwoj-osobisty\/\">Read More&#8230;<\/a><\/p>\n","protected":false},"author":6720,"featured_media":0,"parent":530,"menu_order":0,"comment_status":"closed","ping_status":"closed","template":"","meta":{"_expiration-date-status":"","_expiration-date":0,"_expiration-date-type":"","_expiration-date-categories":[],"_expiration-date-options":[]},"acf":[],"_links":{"self":[{"href":"https:\/\/us.edu.pl\/kolegium\/kdo\/wp-json\/wp\/v2\/pages\/6113"}],"collection":[{"href":"https:\/\/us.edu.pl\/kolegium\/kdo\/wp-json\/wp\/v2\/pages"}],"about":[{"href":"https:\/\/us.edu.pl\/kolegium\/kdo\/wp-json\/wp\/v2\/types\/page"}],"author":[{"embeddable":true,"href":"https:\/\/us.edu.pl\/kolegium\/kdo\/wp-json\/wp\/v2\/users\/6720"}],"replies":[{"embeddable":true,"href":"https:\/\/us.edu.pl\/kolegium\/kdo\/wp-json\/wp\/v2\/comments?post=6113"}],"version-history":[{"count":2,"href":"https:\/\/us.edu.pl\/kolegium\/kdo\/wp-json\/wp\/v2\/pages\/6113\/revisions"}],"predecessor-version":[{"id":8024,"href":"https:\/\/us.edu.pl\/kolegium\/kdo\/wp-json\/wp\/v2\/pages\/6113\/revisions\/8024"}],"up":[{"embeddable":true,"href":"https:\/\/us.edu.pl\/kolegium\/kdo\/wp-json\/wp\/v2\/pages\/530"}],"wp:attachment":[{"href":"https:\/\/us.edu.pl\/kolegium\/kdo\/wp-json\/wp\/v2\/media?parent=6113"}],"curies":[{"name":"wp","href":"https:\/\/api.w.org\/{rel}","templated":true}]}}

Rozwój osobisty

<p>[vc_row el_class=&#8221;container&#8221;][vc_column]
                <div class="text-modules ">
                    <div class="container">
                        <h3 class="section-title section-title_border-bottom">Rozwój osobisty</h3> 
                        <div class="row m-0">
                            <div class="text-modules__content">
                                <strong>Koordynatorka: dr Magdalena Sitko-Dominik</strong></p>
<p>Celem modułu jest wprowadzenie studentów do obszaru komunikacji interpersonalnej i społecznej. Zapoznaje z zagadnieniami ważnymi dla porozumiewania się międzyludzkiego, grupowego, społecznego i organizacyjnego. Porusza kwestie skuteczności komunikowania w różnych sytuacjach społecznych, ale również jego etyczności i zgodności z prawem oraz ogólnie przyjętymi normami. Przybliża sytuacje, kiedy komunikacja staje się trudna lub jest źródłem dyskomfortu lub nawet cierpienia człowieka. Z jednej strony moduł odpowiada na pytanie: jak rozmawiać, aby się porozumieć i uszanować odmienność stanowisk? Z drugiej strony: jak rozumieć i przeciwdziałać przeszkodom, które sprawiają, że komunikacja staje się trudna/patologiczna (konflikt, przemoc)? 
                                <div class="mt-3"></div>
                            </div>
                            
                            
                        </div>
                    </div>
                </div>[/vc_column][/vc_row]</p>
