{"id":6121,"date":"2025-12-17T14:59:17","date_gmt":"2025-12-17T13:59:17","guid":{"rendered":"https:\/\/us.edu.pl\/kolegium\/kdo\/?page_id=6121"},"modified":"2026-03-10T15:03:00","modified_gmt":"2026-03-10T14:03:00","slug":"pc","status":"publish","type":"page","link":"https:\/\/us.edu.pl\/kolegium\/kdo\/ksztalcenie-obszarowe\/tydzien-projektowy-2024\/pc\/","title":{"rendered":"PC"},"content":{"rendered":"<p>[vc_row el_class=&#8221;container&#8221;][vc_column]\r\n                <div class=\"text-modules \">\r\n                    <div class=\"container\">\r\n                        <h3 class=\"section-title section-title_border-bottom\">Prawa cz\u0142owieka<\/h3> \r\n                        <div class=\"row m-0\">\r\n                            <div class=\"text-modules__content\">\r\n                                <strong>Koordynator: dr hab. Mariusz Jagielski, prof. U\u015a<\/strong><\/p>\n<p><span style=\"font-size: 12pt;\">Celem modu\u0142u jest zapoznanie student\u00f3w z problematyk\u0105 praw cz\u0142owieka. W ramach modu\u0142u studenci uzyskaj\u0105 wiedz\u0119, kt\u00f3ra pozwoli im zrozumie\u0107 problemy zwi\u0105zane z ochron\u0105 praw cz\u0142owieka oraz uzyska\u0107 wiedz\u0119 i umiej\u0119tno\u015bci pozwalaj\u0105ce im chroni\u0107 ich prawa. W pierwszej kolejno\u015bci studenci zapoznan\u0105 si\u0119 z podstawowymi poj\u0119ciami funkcjonuj\u0105cymi w tej dziedzinie, dzi\u0119ki czemu b\u0119d\u0105 mogli porusza\u0107 si\u0119 po wskazanej problematyce. Nast\u0119pnie, uzyskaj\u0105 praktyczne umiej\u0119tno\u015bci dotycz\u0105ce mo\u017cliwo\u015bci skorzystania z praw. W ramach tej cz\u0119\u015bci studenci naucz\u0105 si\u0119, jakie \u015brodki prawne s\u0142u\u017c\u0105 do ochrony praw jednostek w poszczeg\u00f3lnych dziedzinach \u017cycia, jak z nich skorzysta\u0107 i do kogo si\u0119 zwr\u00f3ci\u0107 w przypadku zagro\u017cenia. Szczeg\u00f3lna uwaga b\u0119dzie po\u015bwi\u0119cona zagadnieniom, kt\u00f3re wydaj\u0105 si\u0119 najbardziej praktycznie u\u017cyteczne w przypadku m\u0142odych ludzi, czyli kwestiom antydyskryminacyjnym oraz zagro\u017ceniom wolno\u015bci s\u0142owa. Odr\u0119bny segment b\u0119dzie po\u015bwi\u0119cony problematyce ochrony praw cz\u0142owieka na \u015bwiecie, co ma na celu pokazanie wyzwa\u0144, jakim w dziedzinie praw cz\u0142owieka musz\u0105 sprosta\u0107 jednostki w przypadku kryzys\u00f3w politycznych, klimatycznych i wojen w r\u00f3\u017cnych cz\u0119\u015bciach \u015bwiata.<\/span> \r\n                                <div class=\"mt-3\"><\/div>\r\n                            <\/div>\r\n                            \r\n                            \r\n                        <\/div>\r\n                    <\/div>\r\n                <\/div>[\/vc_column][\/vc_row]<\/p>","protected":false},"excerpt":{"rendered":"<p>[vc_row el_class=&#8221;container&#8221;][vc_column][\/vc_column][\/vc_row] [&#8230;]<\/p>\n<p><a class=\"btn btn-secondary understrap-read-more-link\" href=\"https:\/\/us.edu.pl\/kolegium\/kdo\/ksztalcenie-obszarowe\/tydzien-projektowy-2024\/pc\/\">Read More&#8230;<\/a><\/p>\n","protected":false},"author":6720,"featured_media":0,"parent":530,"menu_order":0,"comment_status":"closed","ping_status":"closed","template":"","meta":{"_expiration-date-status":"","_expiration-date":0,"_expiration-date-type":"","_expiration-date-categories":[],"_expiration-date-options":[]},"acf":[],"_links":{"self":[{"href":"https:\/\/us.edu.pl\/kolegium\/kdo\/wp-json\/wp\/v2\/pages\/6121"}],"collection":[{"href":"https:\/\/us.edu.pl\/kolegium\/kdo\/wp-json\/wp\/v2\/pages"}],"about":[{"href":"https:\/\/us.edu.pl\/kolegium\/kdo\/wp-json\/wp\/v2\/types\/page"}],"author":[{"embeddable":true,"href":"https:\/\/us.edu.pl\/kolegium\/kdo\/wp-json\/wp\/v2\/users\/6720"}],"replies":[{"embeddable":true,"href":"https:\/\/us.edu.pl\/kolegium\/kdo\/wp-json\/wp\/v2\/comments?post=6121"}],"version-history":[{"count":2,"href":"https:\/\/us.edu.pl\/kolegium\/kdo\/wp-json\/wp\/v2\/pages\/6121\/revisions"}],"predecessor-version":[{"id":9449,"href":"https:\/\/us.edu.pl\/kolegium\/kdo\/wp-json\/wp\/v2\/pages\/6121\/revisions\/9449"}],"up":[{"embeddable":true,"href":"https:\/\/us.edu.pl\/kolegium\/kdo\/wp-json\/wp\/v2\/pages\/530"}],"wp:attachment":[{"href":"https:\/\/us.edu.pl\/kolegium\/kdo\/wp-json\/wp\/v2\/media?parent=6121"}],"curies":[{"name":"wp","href":"https:\/\/api.w.org\/{rel}","templated":true}]}}

<p>[vc_row el_class=&#8221;container&#8221;][vc_column]
                <div class="text-modules ">
                    <div class="container">
                        <h3 class="section-title section-title_border-bottom">Prawa człowieka</h3> 
                        <div class="row m-0">
                            <div class="text-modules__content">
                                <strong>Koordynator: dr hab. Mariusz Jagielski, prof. UŚ</strong></p>
<p><span style="font-size: 12pt;">Celem modułu jest zapoznanie studentów z problematyką praw człowieka. W ramach modułu studenci uzyskają wiedzę, która pozwoli im zrozumieć problemy związane z ochroną praw człowieka oraz uzyskać wiedzę i umiejętności pozwalające im chronić ich prawa. W pierwszej kolejności studenci zapoznaną się z podstawowymi pojęciami funkcjonującymi w tej dziedzinie, dzięki czemu będą mogli poruszać się po wskazanej problematyce. Następnie, uzyskają praktyczne umiejętności dotyczące możliwości skorzystania z praw. W ramach tej części studenci nauczą się, jakie środki prawne służą do ochrony praw jednostek w poszczególnych dziedzinach życia, jak z nich skorzystać i do kogo się zwrócić w przypadku zagrożenia. Szczególna uwaga będzie poświęcona zagadnieniom, które wydają się najbardziej praktycznie użyteczne w przypadku młodych ludzi, czyli kwestiom antydyskryminacyjnym oraz zagrożeniom wolności słowa. Odrębny segment będzie poświęcony problematyce ochrony praw człowieka na świecie, co ma na celu pokazanie wyzwań, jakim w dziedzinie praw człowieka muszą sprostać jednostki w przypadku kryzysów politycznych, klimatycznych i wojen w różnych częściach świata.</span> 
                                <div class="mt-3"></div>
                            </div>
                            
                            
                        </div>
                    </div>
                </div>[/vc_column][/vc_row]</p>
