{"id":6509,"date":"2025-04-08T09:19:28","date_gmt":"2025-04-08T07:19:28","guid":{"rendered":"https:\/\/us.edu.pl\/kolegium\/kdo\/?page_id=6509"},"modified":"2025-09-29T15:57:03","modified_gmt":"2025-09-29T13:57:03","slug":"mikroposwiadczenia","status":"publish","type":"page","link":"https:\/\/us.edu.pl\/kolegium\/kdo\/mikroposwiadczenia\/","title":{"rendered":"Mikropo\u015bwiadczenia"},"content":{"rendered":"<p>[vc_row el_class=&#8221;container&#8221;][vc_column]\r\n                <div class=\"text-modules \">\r\n                    <div class=\"container\">\r\n                        <h3 class=\"section-title section-title_border-bottom\">MIKROPO\u015aWIADCZENIA<\/h3> \r\n                        <div class=\"row m-0\">\r\n                            <div class=\"text-modules__content\">\r\n                                <\/p>\n<h3>Czym jest Mikropo\u015bwiadczenie ?<\/h3>\n<p>&nbsp;<\/p>\n<p><span style=\"font-size: 12pt;\">Mikropo\u015bwiadczenia oznaczaj\u0105 opis efekt\u00f3w uczenia si\u0119, kt\u00f3re osoba ucz\u0105ca si\u0119 uzyska\u0142a przy niewielkim nak\u0142adzie uczenia si\u0119. Efekty te zosta\u0142y ocenione na podstawie przejrzystych i jasno okre\u015blonych kryteri\u00f3w. Aktywno\u015bci edukacyjne prowadz\u0105ce do uzyskania mikropo\u015bwiadcze\u0144 s\u0105 opracowywane tak, aby osoba ucz\u0105ca si\u0119 zdoby\u0142a konkretn\u0105 wiedz\u0119, umiej\u0119tno\u015bci i kompetencje, kt\u00f3re odpowiadaj\u0105 na potrzeby spo\u0142eczne, osobiste i kulturowe lub na potrzeby rynku pracy. <\/span><\/p>\n<p><span style=\"font-size: 12pt;\">Mikropo\u015bwiadczenie jest w\u0142asno\u015bci\u0105 osoby studiuj\u0105cej, kt\u00f3ra bezpo\u015brednio po jego otrzymaniu,\u00a0 b\u0119dzie mog\u0142a udost\u0119pnia\u0107 je na przyk\u0142ad potencjalnym pracodawcom, dla kt\u00f3rych jest to czytelna i wiarygodna forma potwierdzania nabytych przez w\u0142a\u015bciciela mikropo\u015bwiadczenia kompetencji. Mog\u0105 by\u0107 samodzielne lub \u0142\u0105czone w wi\u0119ksze po\u015bwiadczenia. Mikropo\u015bwiadczenia podlegaj\u0105 zapewnianiu jako\u015bci wed\u0142ug uzgodnionych standard\u00f3w w stosownym sektorze lub obszarze dzia\u0142alno\u015bci.<\/span><\/p>\n<p><strong><span style=\"font-size: 14pt;\">Jest to nowoczesny certyfikat oczekiwany przez wsp\u00f3\u0142czesnych pracodawc\u00f3w.<\/span><\/strong> \r\n                                <div class=\"mt-3\"><\/div>\r\n                            <\/div>\r\n                            \r\n                            \r\n                        <\/div>\r\n                    <\/div>\r\n                <\/div>[\/vc_column][\/vc_row][vc_row el_class=&#8221;container&#8221;][vc_column]\r\n                <div class=\"text-modules \">\r\n                    <div class=\"container\">\r\n                         \r\n                        <div class=\"row m-0\">\r\n                            <div class=\"text-modules__content\">\r\n                                Ju\u017c w semestrze letnim 2024\/2025 roku osoby studiuj\u0105ce na kierunkach, kt\u00f3re wdro\u017cy\u0142y Now\u0105 Koncepcj\u0119 Studi\u00f3w mia\u0142y szans\u0119 zdoby\u0107 mikropo\u015bwiadczenie w ramach dw\u00f3ch modu\u0142\u00f3w proponowanych w przestrzeni kszta\u0142cenia obszarowego wspieraj\u0105cego kszta\u0142cenie kierunkowe. \r\n                                <div class=\"mt-3\"><\/div>\r\n                            <\/div>\r\n                            \r\n                            \r\n                        <\/div>\r\n                    <\/div>\r\n                <\/div>[\/vc_column][\/vc_row][vc_row el_class=&#8221;container&#8221;][vc_column]\r\n                <div class=\"tiles-section\" style=\"background: \">\r\n                    <div class=\"container\">\r\n                        <h3 class=\"page-title\"><\/h3>\r\n                        <div class=\"tiles tiles-2\">\r\n                            <a href=\"https:\/\/us.edu.pl\/kolegium\/kdo\/mikroposwiadczenia\/vp-mikroposwiadczenie\/\" class=\"tile tile_ justify-content-center\" style=\"background-color: #002E5A; font-weight: bold; color: #ffffff;  \">\r\n                                \r\n                                   \r\n                               \r\n                                <div class=\"tile__name\">Vademecum prawa<\/div>\r\n                            <\/a>\r\n                            <a href=\"https:\/\/us.edu.pl\/kolegium\/kdo\/mikroposwiadczenia\/skm-mikroposwiadczenie\/\" class=\"tile tile_ justify-content-center\" style=\"background-color: #002E5A; font-weight: bold; color: #ffffff;  \">\r\n                                \r\n                                   \r\n                               \r\n                                <div class=\"tile__name\">Sztuka krytycznego my\u015blenia<\/div>\r\n                            <\/a><\/div>\r\n                    <\/div>\r\n                <\/div>[\/vc_column][\/vc_row]<\/p>","protected":false},"excerpt":{"rendered":"<p>[vc_row el_class=&#8221;container&#8221;][vc_column][\/vc_column][\/vc_row][vc_row el_class=&#8221;container&#8221;][vc_column][\/vc_column][\/vc_row][vc_row el_class=&#8221;container&#8221;][vc_column][\/vc_column][\/vc_row] [&#8230;]<\/p>\n<p><a class=\"btn btn-secondary understrap-read-more-link\" href=\"https:\/\/us.edu.pl\/kolegium\/kdo\/mikroposwiadczenia\/\">Read More&#8230;<\/a><\/p>\n","protected":false},"author":6720,"featured_media":0,"parent":0,"menu_order":0,"comment_status":"closed","ping_status":"closed","template":"","meta":{"_expiration-date-status":"","_expiration-date":0,"_expiration-date-type":"","_expiration-date-categories":[],"_expiration-date-options":[]},"acf":[],"_links":{"self":[{"href":"https:\/\/us.edu.pl\/kolegium\/kdo\/wp-json\/wp\/v2\/pages\/6509"}],"collection":[{"href":"https:\/\/us.edu.pl\/kolegium\/kdo\/wp-json\/wp\/v2\/pages"}],"about":[{"href":"https:\/\/us.edu.pl\/kolegium\/kdo\/wp-json\/wp\/v2\/types\/page"}],"author":[{"embeddable":true,"href":"https:\/\/us.edu.pl\/kolegium\/kdo\/wp-json\/wp\/v2\/users\/6720"}],"replies":[{"embeddable":true,"href":"https:\/\/us.edu.pl\/kolegium\/kdo\/wp-json\/wp\/v2\/comments?post=6509"}],"version-history":[{"count":10,"href":"https:\/\/us.edu.pl\/kolegium\/kdo\/wp-json\/wp\/v2\/pages\/6509\/revisions"}],"predecessor-version":[{"id":8196,"href":"https:\/\/us.edu.pl\/kolegium\/kdo\/wp-json\/wp\/v2\/pages\/6509\/revisions\/8196"}],"wp:attachment":[{"href":"https:\/\/us.edu.pl\/kolegium\/kdo\/wp-json\/wp\/v2\/media?parent=6509"}],"curies":[{"name":"wp","href":"https:\/\/api.w.org\/{rel}","templated":true}]}}