{"id":832,"date":"2024-08-26T10:50:11","date_gmt":"2024-08-26T08:50:11","guid":{"rendered":"https:\/\/us.edu.pl\/kolegium\/kdo\/?page_id=832"},"modified":"2026-04-23T13:08:12","modified_gmt":"2026-04-23T11:08:12","slug":"harmonogramy-kn","status":"publish","type":"page","link":"https:\/\/us.edu.pl\/kolegium\/kdo\/ksztalcenie-nauczycielskie\/harmonogramy-kn\/","title":{"rendered":"Harmonogramy"},"content":{"rendered":"<p>[vc_row el_class=&#8221;container&#8221;][vc_column width=&#8221;2\/3&#8243;]\r\n                <div class=\"text-modules\">\r\n                    <div class=\"container\">\r\n                        \r\n                        <div class=\"text-modules__content\"><\/p>\n<h4><span style=\"font-size: 14pt;\">Organizacja og\u00f3lnouniwersyteckiego kszta\u0142cenia nauczycielskiego w semestrze letnim 2025\/2026<\/span><\/h4>\n<p>&nbsp;<\/p>\n<p><span style=\"font-size: 12pt;\">Zaj\u0119cia odbywaj\u0105 si\u0119 w ka\u017cdy pi\u0105tek od godziny 8.00 do 13.00 oraz w wybrane poniedzia\u0142ki.\u00a0<\/span><\/p>\n<p><span style=\"font-size: 12pt;\">Szczeg\u00f3\u0142owe informacje wraz harmonogram dost\u0119pne s\u0105 w plikach do pobrania poni\u017cej. Prosimy \u015bledzi\u0107 aktualizacje harmonogramu.<\/span><\/p>\n<\/div>\r\n                    <\/div>\r\n                <\/div><div class=\"container\"><div class=\"separator\" style=\"background-color: #002E5A\"><\/div><\/div>\r\n                <div class=\"text-modules\">\r\n                    <div class=\"container\">\r\n                        \r\n                        <div class=\"text-modules__content\"><\/p>\n<h4><strong><span style=\"font-size: 14pt;\">Harmonogramy do pobrania<\/span><\/strong><\/h4>\n<p><span style=\"font-size: 14pt;\">4 semestr studi\u00f3w stacjonarnych\u00a0 +\u00a0 2 semestr studi\u00f3w stacjonarnych WTL<\/span><\/p>\n<p><a href=\"https:\/\/us.edu.pl\/kolegium\/kdo\/wp-content\/uploads\/sites\/75\/pliki\/Nauczycielskie\/Emisja_glosu_ppp_semestr_letni_25-26_akt.pdf\" class=\"mtli_attachment mtli_pdf\" class=\"mtli_attachment mtli_pdf\">Emisja g\u0142osu oraz Pierwsza pomoc przedmedyczna<\/a><\/p>\n<h3><\/h3>\n<p><span style=\"font-size: 14pt;\">2 semestr studi\u00f3w stacjonarnych + 4 semestr studi\u00f3w stacjonarnych WTL<\/span><\/p>\n<p><a href=\"https:\/\/us.edu.pl\/kolegium\/kdo\/wp-content\/uploads\/sites\/75\/pliki\/Nauczycielskie\/Psychologia-1-oraz-Pedagogika-1.pdf\" class=\"mtli_attachment mtli_pdf\" class=\"mtli_attachment mtli_pdf\" target=\"_blank\" rel=\"noopener\">Psychologia 1 oraz <span style=\"font-size: 12pt;\">Pedagogika<\/span> 1<\/a><\/p>\n<\/div>\r\n                    <\/div>\r\n                <\/div>[\/vc_column][vc_column width=&#8221;1\/3&#8243;]\r\n                <div class=\"text-modules\">\r\n                    <div class=\"container\">\r\n                        \r\n                        <div class=\"text-modules__content\"><p><img class=\" wp-image-695\" src=\"https:\/\/us.edu.pl\/kolegium\/kdo\/wp-content\/uploads\/sites\/75\/obrazek-wyrozniajacy\/charlesdeluvio-Lks7vei-eAg-unsplash.jpg\" alt=\"Dwie rozmawiaj\u0105ce osoby, siedz\u0105ce przed laptopami\" width=\"534\" height=\"356\" srcset=\"https:\/\/us.edu.pl\/kolegium\/kdo\/wp-content\/uploads\/sites\/75\/obrazek-wyrozniajacy\/charlesdeluvio-Lks7vei-eAg-unsplash.jpg 640w, https:\/\/us.edu.pl\/kolegium\/kdo\/wp-content\/uploads\/sites\/75\/obrazek-wyrozniajacy\/charlesdeluvio-Lks7vei-eAg-unsplash-575x384.jpg 575w\" sizes=\"(max-width: 534px) 100vw, 534px\" \/><span style=\"font-size: 10pt;\">Obraz autorstwa charlesdeluvio, mat. z portalu Freepik<\/span><\/p>\n<\/div>\r\n                    <\/div>\r\n                <\/div>[\/vc_column][\/vc_row]<\/p>","protected":false},"excerpt":{"rendered":"<p>[vc_row el_class=&#8221;container&#8221;][vc_column width=&#8221;2\/3&#8243;][\/vc_column][vc_column width=&#8221;1\/3&#8243;][\/vc_column][\/vc_row] [&#8230;]<\/p>\n<p><a class=\"btn btn-secondary understrap-read-more-link\" href=\"https:\/\/us.edu.pl\/kolegium\/kdo\/ksztalcenie-nauczycielskie\/harmonogramy-kn\/\">Read More&#8230;<\/a><\/p>\n","protected":false},"author":26,"featured_media":0,"parent":763,"menu_order":0,"comment_status":"closed","ping_status":"closed","template":"","meta":{"_expiration-date-status":"","_expiration-date":0,"_expiration-date-type":"","_expiration-date-categories":[],"_expiration-date-options":[]},"acf":[],"_links":{"self":[{"href":"https:\/\/us.edu.pl\/kolegium\/kdo\/wp-json\/wp\/v2\/pages\/832"}],"collection":[{"href":"https:\/\/us.edu.pl\/kolegium\/kdo\/wp-json\/wp\/v2\/pages"}],"about":[{"href":"https:\/\/us.edu.pl\/kolegium\/kdo\/wp-json\/wp\/v2\/types\/page"}],"author":[{"embeddable":true,"href":"https:\/\/us.edu.pl\/kolegium\/kdo\/wp-json\/wp\/v2\/users\/26"}],"replies":[{"embeddable":true,"href":"https:\/\/us.edu.pl\/kolegium\/kdo\/wp-json\/wp\/v2\/comments?post=832"}],"version-history":[{"count":10,"href":"https:\/\/us.edu.pl\/kolegium\/kdo\/wp-json\/wp\/v2\/pages\/832\/revisions"}],"predecessor-version":[{"id":9493,"href":"https:\/\/us.edu.pl\/kolegium\/kdo\/wp-json\/wp\/v2\/pages\/832\/revisions\/9493"}],"up":[{"embeddable":true,"href":"https:\/\/us.edu.pl\/kolegium\/kdo\/wp-json\/wp\/v2\/pages\/763"}],"wp:attachment":[{"href":"https:\/\/us.edu.pl\/kolegium\/kdo\/wp-json\/wp\/v2\/media?parent=832"}],"curies":[{"name":"wp","href":"https:\/\/api.w.org\/{rel}","templated":true}]}}