{"id":8324,"date":"2025-10-06T14:00:47","date_gmt":"2025-10-06T12:00:47","guid":{"rendered":"https:\/\/us.edu.pl\/kolegium\/kdo\/?page_id=8324"},"modified":"2025-12-18T09:32:08","modified_gmt":"2025-12-18T08:32:08","slug":"rekrutacja","status":"publish","type":"page","link":"https:\/\/us.edu.pl\/kolegium\/kdo\/up\/2-edycja-up\/rekrutacja\/","title":{"rendered":"Rekrutacja"},"content":{"rendered":"<p>[vc_row][vc_column]\r\n                <div class=\"text-modules \">\r\n                    <div class=\"container\">\r\n                         <h3 class=\"subtitle text-modules__subtitle\">Rusza nab\u00f3r uzupe\u0142niaj\u0105cy os\u00f3b studiuj\u0105cych do Projektu Uczelnie Przysz\u0142o\u015bci<\/h3>\r\n                        <div class=\"row m-0\">\r\n                            <div class=\"text-modules__content\">\r\n                                <span style=\"font-size: 12pt;\"><strong>Rozpoczynamy\u00a0 kolejn\u0105 rekrutacj\u0119 w ramach projektu. Czekamy na Studentki i Student\u00f3w z pomys\u0142ami na ciekawe, wa\u017cne spo\u0142ecznie lub technologicznie, innowacyjne projekty.<\/strong><\/span><\/p>\n<p><span style=\"font-size: 12pt;\"><strong>Formularz zg\u0142oszeniowy nale\u017cy wype\u0142ni\u0107\u00a0 do 11 stycznia 2026 r. godz. 23:59<\/strong><\/span><\/p>\n<p><span style=\"font-size: 12pt;\">G\u0142\u00f3wnym celem \u201eUczelni Przysz\u0142o\u015bci\u201d jest\u202fwdro\u017cenie Modelu Edukacji Spersonalizowanej opartego o\u202fautorskie projekty os\u00f3b studiuj\u0105cych.\u202fUczestnicy i Uczestniczki b\u0119d\u0105 mogli realizowa\u0107 indywidualn\u0105 \u015bcie\u017ck\u0119 edukacyjn\u0105 i\u202frozwija\u0107 kluczowe kompetencje przysz\u0142o\u015bci.<\/span><\/p>\n<p><span style=\"font-size: 12pt;\">\u201eUczelnie Przysz\u0142o\u015bci\u201d umo\u017cliwiaj\u0105 r\u00f3wnie\u017c powi\u0105zanie kszta\u0142cenia z otoczeniem spo\u0142eczno-gospodarczym poprzez zaanga\u017cowanie mentor\u00f3w spoza uczelni.\u00a0<\/span><\/p>\n<p><span style=\"font-size: 12pt;\">Zapraszamy osoby polskoj\u0119zyczne, studiuj\u0105ce stacjonarnie na:\u00a0<\/span><\/p>\n<ul>\n<li><span style=\"font-size: 12pt;\">I lub II roku studi\u00f3w I stopnia;<\/span><\/li>\n<li><span style=\"font-size: 12pt;\">I, II lub III roku jednolitych studi\u00f3w magisterskich.<\/span><\/li>\n<\/ul>\n<p><span style=\"font-size: 12pt;\">Co mo\u017cna zyska\u0107 uczestnicz\u0105c w projekcie:\u00a0<\/span><\/p>\n<ul>\n<li><span style=\"font-size: 12pt;\">mo\u017cliwo\u015b\u0107 realizacji autorskiego projektu innowacyjnego;<\/span><\/li>\n<li><span style=\"font-size: 12pt;\">21 punkt\u00f3w ECTS;<\/span><\/li>\n<li><span style=\"font-size: 12pt;\">stypendium do 20\u202f000 z\u0142;<\/span><\/li>\n<li><span style=\"font-size: 12pt;\">pomoc opiekuna z uczelni;<\/span><\/li>\n<li><span style=\"font-size: 12pt;\">wsparcie mentor\u00f3w \u2013 naukowego i biznesowego;<\/span><\/li>\n<li><span style=\"font-size: 12pt;\">udzia\u0142 w warsztatach i mikrokursach.<\/span><\/li>\n<\/ul>\n<p><span style=\"font-size: 12pt;\">Ostateczna wysoko\u015b\u0107 stypendium zale\u017cy od bud\u017cetu projektu opracowanego przez uczestnika i akceptacji Biznesowego Zespo\u0142u Innowacyjnego Kszta\u0142cenia, czyli zewn\u0119trznych ekspert\u00f3w.\u00a0\u00a0<\/span><\/p>\n<p><span style=\"font-size: 12pt;\">Stypendium, z przeznaczeniem na rozw\u00f3j pomys\u0142u, zostanie wyp\u0142acone w transzach, przy czym pierwsz\u0105, w wysoko\u015bci maksymalnie 40% bud\u017cetu projektu, uczestnik otrzyma do 30 dni kalendarzowych od podpisania umowy. Kolejne \u2013 w zale\u017cno\u015bci od akceptacji istotnych etap\u00f3w realizacji projektu, czyli tzw. kamieni milowych:\u00a0<\/span><\/p>\n<p><span style=\"font-size: 12pt;\">Jak zg\u0142osi\u0107 si\u0119 do projektu?\u00a0<\/span><\/p>\n<p><span style=\"font-size: 12pt;\"><strong>Krok 1:<\/strong><strong>\u00a0<\/strong><\/span><\/p>\n<ul>\n<li><span style=\"font-size: 12pt;\">Zapoznaj si\u0119 z\u00a0 regulaminem rekrutacji i uczestnictwa w Projekcie \u201eUczelnie Przysz\u0142o\u015bci\u201d : <a href=\"https:\/\/us.edu.pl\/kolegium\/kdo\/wp-content\/uploads\/sites\/75\/Uczelnie-przyszlosci\/Regulamin-rekrutacji-i-uczestnictwa-Uczelnie-Przyszlosci_II-nabor.pdf\" class=\"mtli_attachment mtli_pdf\">znajdziesz go tutaj<\/a><\/span><\/li>\n<\/ul>\n<p><span style=\"font-size: 12pt;\"><strong>Krok 2:<\/strong><strong>\u00a0<\/strong><\/span><\/p>\n<ul>\n<li><span style=\"font-size: 12pt;\">Wype\u0142nij formularz zg\u0142oszeniowy dla Osoby kandyduj\u0105cej do udzia\u0142u w Projekcie: <a href=\"https:\/\/forms.office.com\/e\/TiuCDZZ0i9\">znajdziesz go tutaj<\/a><\/span><\/li>\n<\/ul>\n<p><span style=\"font-size: 12pt;\">Je\u015bli projekt ma by\u0107 realizowany zespo\u0142owo, jest to mo\u017cliwe w maksymalnie trzyosobowych zespo\u0142ach, w kt\u00f3rych trzeba wskaza\u0107 osob\u0119 lidersk\u0105, kt\u00f3ra w imieniu zespo\u0142u\u00a0 wype\u0142nia formularz wskazany wy\u017cej, a ka\u017cdy cz\u0142onek i cz\u0142onkini zespo\u0142u powinna wype\u0142ni\u0107 formularz, kt\u00f3ry <a href=\"https:\/\/forms.office.com\/e\/Ri9siLJC4Y\">znajdziecie tutaj<\/a><\/span><\/p>\n<p><span style=\"font-size: 12pt;\"><strong>Krok 3.<\/strong><\/span><\/p>\n<p><span style=\"font-size: 14pt;\"><strong>Wy\u015blij wniosek w terminie \u00a0do 11.01.2026 r. do ko\u0144ca dnia (23:59). <\/strong><strong>\u00a0<\/strong><\/span><\/p>\n<p>&nbsp;<\/p>\n<p>&nbsp;<\/p>\n<p><span style=\"font-size: 12pt;\">A je\u015bli zastanawiasz si\u0119 jakich projekt\u00f3w szukamy zr\u00f3b ma\u0142e \u0107wiczenie, do kt\u00f3rego zach\u0119ca Koordynatorka projektu Martyna Koz\u0142owska-\u017bukowska (NCBR).<\/span> \r\n                                <div class=\"mt-3\"><\/div>\r\n                            <\/div>\r\n                            \r\n                            \r\n                        <\/div>\r\n                    <\/div>\r\n                <\/div>[\/vc_column][\/vc_row][vc_row][vc_column]\r\n                <div class=\"text-modules \">\r\n                    <div class=\"container\">\r\n                         \r\n                        <div class=\"row m-0\">\r\n                            <div class=\"text-modules__content\">\r\n                                <\/p>\n<p><iframe loading=\"lazy\" title=\"Uczelnie Przysz\u0142o\u015bci - rusza nab\u00f3r wniosk\u00f3w do konkursu\" width=\"640\" height=\"360\" src=\"https:\/\/www.youtube.com\/embed\/9_wpg0671rg?start=14&#038;feature=oembed\" frameborder=\"0\" allow=\"accelerometer; autoplay; clipboard-write; encrypted-media; gyroscope; picture-in-picture; web-share\" referrerpolicy=\"strict-origin-when-cross-origin\" allowfullscreen><\/iframe><\/p>\n<div class=\"mt-3\"><\/div>\r\n                            <\/div>\r\n                            \r\n                            \r\n                        <\/div>\r\n                    <\/div>\r\n                <\/div>[\/vc_column][\/vc_row]<\/p>","protected":false},"excerpt":{"rendered":"<p>[vc_row][vc_column][\/vc_column][\/vc_row][vc_row][vc_column][\/vc_column][\/vc_row] [&#8230;]<\/p>\n<p><a class=\"btn btn-secondary understrap-read-more-link\" href=\"https:\/\/us.edu.pl\/kolegium\/kdo\/up\/2-edycja-up\/rekrutacja\/\">Read More&#8230;<\/a><\/p>\n","protected":false},"author":6720,"featured_media":0,"parent":8528,"menu_order":0,"comment_status":"closed","ping_status":"closed","template":"","meta":{"_expiration-date-status":"","_expiration-date":0,"_expiration-date-type":"","_expiration-date-categories":[],"_expiration-date-options":[]},"acf":[],"_links":{"self":[{"href":"https:\/\/us.edu.pl\/kolegium\/kdo\/wp-json\/wp\/v2\/pages\/8324"}],"collection":[{"href":"https:\/\/us.edu.pl\/kolegium\/kdo\/wp-json\/wp\/v2\/pages"}],"about":[{"href":"https:\/\/us.edu.pl\/kolegium\/kdo\/wp-json\/wp\/v2\/types\/page"}],"author":[{"embeddable":true,"href":"https:\/\/us.edu.pl\/kolegium\/kdo\/wp-json\/wp\/v2\/users\/6720"}],"replies":[{"embeddable":true,"href":"https:\/\/us.edu.pl\/kolegium\/kdo\/wp-json\/wp\/v2\/comments?post=8324"}],"version-history":[{"count":10,"href":"https:\/\/us.edu.pl\/kolegium\/kdo\/wp-json\/wp\/v2\/pages\/8324\/revisions"}],"predecessor-version":[{"id":8812,"href":"https:\/\/us.edu.pl\/kolegium\/kdo\/wp-json\/wp\/v2\/pages\/8324\/revisions\/8812"}],"up":[{"embeddable":true,"href":"https:\/\/us.edu.pl\/kolegium\/kdo\/wp-json\/wp\/v2\/pages\/8528"}],"wp:attachment":[{"href":"https:\/\/us.edu.pl\/kolegium\/kdo\/wp-json\/wp\/v2\/media?parent=8324"}],"curies":[{"name":"wp","href":"https:\/\/api.w.org\/{rel}","templated":true}]}}