{"id":845,"date":"2024-08-26T11:05:27","date_gmt":"2024-08-26T09:05:27","guid":{"rendered":"https:\/\/us.edu.pl\/kolegium\/kdo\/?page_id=845"},"modified":"2024-10-16T15:26:41","modified_gmt":"2024-10-16T13:26:41","slug":"kontakt-z-zespolem-ksztalcenia-nauczycielskiego","status":"publish","type":"page","link":"https:\/\/us.edu.pl\/kolegium\/kdo\/ksztalcenie-nauczycielskie\/kontakt-z-zespolem-ksztalcenia-nauczycielskiego\/","title":{"rendered":"Kontakt z zespo\u0142em ds. kszta\u0142cenia nauczycielskiego"},"content":{"rendered":"<p>[vc_row el_class=&#8221;container&#8221;][vc_column][vc_column_text el_class=&#8221;container page-title&#8221;]<\/p>\n<h2><strong>Kontakt z Zespo\u0142em ds. Kszta\u0142cenia Nauczycieli\u00a0<\/strong><\/h2>\n<p>[\/vc_column_text]<div class=\"container\"><div class=\"separator\" style=\"background-color: #EBEBEB\"><\/div><\/div>[\/vc_column][\/vc_row][vc_row][vc_column][\/vc_column][\/vc_row][vc_row el_class=&#8221;container&#8221;][vc_column width=&#8221;2\/3&#8243;][vc_empty_space]\r\n                <div class=\"text-modules\">\r\n                    <div class=\"container\">\r\n                        \r\n                        <div class=\"text-modules__content\"><\/p>\n<h3 id=\"kdo\"><strong>Kwestie merytoryczne\u00a0<\/strong><\/h3>\n<p>\n<\/div>\r\n                    <\/div>\r\n                <\/div>\r\n                <div class=\"text-modules\">\r\n                    <div class=\"container\">\r\n                        \r\n                        <div class=\"text-modules__content\"><p><strong>dr hab. Jolanta Skutnik, prof. U\u015a<\/strong>; koordynatorka Zespo\u0142u ds. kszta\u0142cenia nauczycieli, e-mail: <a href=\"mailto:jolanta.skutnik@us.edu.pl\">jolanta.skutnik@us.edu.pl<\/a><\/p>\n<p><strong>dr Anna Szczerba-Zubek, prof. U\u015a<\/strong>; zast\u0119pczyni koordynatorki Zespo\u0142u ds. kszta\u0142cenia nauczycieli, e-mail: <a href=\"mailto:anna.szczerba-zubek@us.edu.pl\">anna.szczerba-zubek@us.edu.pl<\/a><\/p>\n<\/div>\r\n                    <\/div>\r\n                <\/div>[vc_empty_space]\r\n                <div class=\"text-modules\">\r\n                    <div class=\"container\">\r\n                        \r\n                        <div class=\"text-modules__content\"><\/p>\n<h3 id=\"ogolne\"><strong>Kwestie og\u00f3lne i administracyjne<\/strong><\/h3>\n<p>\n<\/div>\r\n                    <\/div>\r\n                <\/div>\r\n                <div class=\"text-modules\">\r\n                    <div class=\"container\">\r\n                        \r\n                        <div class=\"text-modules__content\"><p>mgr Iwona Le\u015bny<br \/>\ntel. 32 359 1810<br \/>\ne-mail: <a href=\"mailto:iwona.lesny@us.edu.pl\">iwona.lesny@us.edu.pl<\/a><\/p>\n<\/div>\r\n                    <\/div>\r\n                <\/div>[\/vc_column][vc_column width=&#8221;1\/3&#8243;]\r\n                <div class=\"text-modules\">\r\n                    <div class=\"container\">\r\n                        \r\n                        <div class=\"text-modules__content\"><p><img class=\"wp-image-203\" src=\"https:\/\/us.edu.pl\/kolegium\/kdo\/wp-content\/uploads\/sites\/75\/obrazek-wyrozniajacy\/brunetka-kobieta-pisania-wiadomosci-e-mail-na-komputerze-przenosnym-siedzac-w-domu-selektywne-focus-pod-reka.webp\" alt=\"Usmiechni\u0119ta osoba przed komputerem\" width=\"100%\" srcset=\"https:\/\/us.edu.pl\/kolegium\/kdo\/wp-content\/uploads\/sites\/75\/obrazek-wyrozniajacy\/brunetka-kobieta-pisania-wiadomosci-e-mail-na-komputerze-przenosnym-siedzac-w-domu-selektywne-focus-pod-reka.webp 800w, https:\/\/us.edu.pl\/kolegium\/kdo\/wp-content\/uploads\/sites\/75\/obrazek-wyrozniajacy\/brunetka-kobieta-pisania-wiadomosci-e-mail-na-komputerze-przenosnym-siedzac-w-domu-selektywne-focus-pod-reka-768x513.webp 768w, https:\/\/us.edu.pl\/kolegium\/kdo\/wp-content\/uploads\/sites\/75\/obrazek-wyrozniajacy\/brunetka-kobieta-pisania-wiadomosci-e-mail-na-komputerze-przenosnym-siedzac-w-domu-selektywne-focus-pod-reka-575x384.webp 575w\" sizes=\"(max-width: 800px) 100vw, 800px\" \/> <span style=\"font-size: 10pt;\">Obraz autorstwa drobotdean na Freepik<\/span><\/p>\n<\/div>\r\n                    <\/div>\r\n                <\/div>[\/vc_column][\/vc_row]<\/p>","protected":false},"excerpt":{"rendered":"<p>[vc_row el_class=&#8221;container&#8221;][vc_column][vc_column_text el_class=&#8221;container page-title&#8221;] Kontakt z Zespo\u0142em ds. Kszta\u0142cenia Nauczycieli\u00a0 [\/vc_column_text][\/vc_column][\/vc_row][vc_row][vc_column][\/vc_column][\/vc_row][vc_row el_class=&#8221;container&#8221;][vc_column width=&#8221;2\/3&#8243;][vc_empty_space][vc_empty_space][\/vc_column][vc_column width=&#8221;1\/3&#8243;][\/vc_column][\/vc_row] [&#8230;]<\/p>\n<p><a class=\"btn btn-secondary understrap-read-more-link\" href=\"https:\/\/us.edu.pl\/kolegium\/kdo\/ksztalcenie-nauczycielskie\/kontakt-z-zespolem-ksztalcenia-nauczycielskiego\/\">Read More&#8230;<\/a><\/p>\n","protected":false},"author":26,"featured_media":0,"parent":763,"menu_order":0,"comment_status":"closed","ping_status":"closed","template":"","meta":{"_expiration-date-status":"","_expiration-date":0,"_expiration-date-type":"","_expiration-date-categories":[],"_expiration-date-options":[]},"acf":[],"_links":{"self":[{"href":"https:\/\/us.edu.pl\/kolegium\/kdo\/wp-json\/wp\/v2\/pages\/845"}],"collection":[{"href":"https:\/\/us.edu.pl\/kolegium\/kdo\/wp-json\/wp\/v2\/pages"}],"about":[{"href":"https:\/\/us.edu.pl\/kolegium\/kdo\/wp-json\/wp\/v2\/types\/page"}],"author":[{"embeddable":true,"href":"https:\/\/us.edu.pl\/kolegium\/kdo\/wp-json\/wp\/v2\/users\/26"}],"replies":[{"embeddable":true,"href":"https:\/\/us.edu.pl\/kolegium\/kdo\/wp-json\/wp\/v2\/comments?post=845"}],"version-history":[{"count":10,"href":"https:\/\/us.edu.pl\/kolegium\/kdo\/wp-json\/wp\/v2\/pages\/845\/revisions"}],"predecessor-version":[{"id":2567,"href":"https:\/\/us.edu.pl\/kolegium\/kdo\/wp-json\/wp\/v2\/pages\/845\/revisions\/2567"}],"up":[{"embeddable":true,"href":"https:\/\/us.edu.pl\/kolegium\/kdo\/wp-json\/wp\/v2\/pages\/763"}],"wp:attachment":[{"href":"https:\/\/us.edu.pl\/kolegium\/kdo\/wp-json\/wp\/v2\/media?parent=845"}],"curies":[{"name":"wp","href":"https:\/\/api.w.org\/{rel}","templated":true}]}}