{"id":1085,"date":"2023-01-11T15:02:39","date_gmt":"2023-01-11T14:02:39","guid":{"rendered":"https:\/\/us.edu.pl\/kolegium\/spnjo\/?page_id=1085"},"modified":"2025-07-16T14:27:30","modified_gmt":"2025-07-16T12:27:30","slug":"terminy-egzaminow-ja","status":"publish","type":"page","link":"https:\/\/us.edu.pl\/kolegium\/spnjo\/lektorat\/moj-lektorat\/egzaminy-po-lektoracie\/terminy-egzaminow-ja\/","title":{"rendered":"terminy egzamin\u00f3w ja"},"content":{"rendered":"<p>[vc_row el_class=&#8221;container&#8221;][vc_column][vc_column_text]<\/p>\n<div class=\"vc_row wpb_row vc_row-fluid vc_column-gap-35\">\n<div class=\"wpb_column vc_column_container vc_col-sm-12\">\n<div class=\"vc_column-inner\">\n<div class=\"wpb_wrapper\">\n<div class=\"wpb_text_column wpb_content_element vc_custom_1649421620624\">\n<div class=\"wpb_wrapper\">\n<p>KIEROWNIK ZESPO\u0141U: <a href=\"https:\/\/usosweb.us.edu.pl\/kontroler.php?_action=katalog2\/osoby\/pokazOsobe&amp;os_id=5950\">mgr Lucyna Niedobecka<\/a><\/p>\n<p>&nbsp;<\/p>\n<p><a href=\"https:\/\/usosweb.us.edu.pl\/kontroler.php?_action=katalog2\/osoby\/pokazOsobe&amp;os_id=8181\">mgr Katarzyna Bana\u015b \u2013 Sieradzka<\/a><\/p>\n<p>Brak egzamin\u00f3w w 2024\/2025L<\/p>\n<p>&nbsp;<\/p>\n<p><a href=\"https:\/\/usosweb.us.edu.pl\/kontroler.php?_action=katalog2\/osoby\/pokazOsobe&amp;os_id=95415\">mgr Agata Ciencia\u0142a<\/a><\/p>\n<p>Brak egzamin\u00f3w w 2024\/2025L<\/p>\n<p>&nbsp;<\/p>\n<p><a href=\"https:\/\/usosweb.us.edu.pl\/kontroler.php?_action=katalog2\/osoby\/pokazOsobe&amp;os_id=95514\">mgr Zdzis\u0142aw Ciuk<\/a><\/p>\n<p><strong>I TERMIN<\/strong><\/p>\n<p><strong>CZ\u0118\u015a\u0106 PISEMNA<\/strong><\/p>\n<p>13.06.2025 godz. 09:00 &#8211; 11:00; Cieszyn, sala B-1.13<br \/>\nPOZIOM B2<\/p>\n<p><strong>CZ\u0118\u015a\u0106 USTNA<\/strong><\/p>\n<p>16.06.2025 godz. 09:00 &#8211; 14:00; Cieszyn, sala B-1.13<br \/>\nPOZIOM B2<\/p>\n<p><strong>II TERMIN<\/strong><\/p>\n<p><strong>CZ\u0118\u015a\u0106 PISEMNA<\/strong><\/p>\n<p>22.09.2025 godz. 09:00 &#8211; 11:00; Cieszyn, sala B-1.13<br \/>\nPOZIOM B2<\/p>\n<p><strong>CZ\u0118\u015a\u0106 USTNA<\/strong><\/p>\n<p>22.09.2025 godz. 13:00 &#8211; 15:00; Cieszyn, sala B-1.13<br \/>\nPOZIOM B2<\/p>\n<p>&nbsp;<\/p>\n<\/div>\n<p><a href=\"https:\/\/usosweb.us.edu.pl\/kontroler.php?_action=katalog2\/osoby\/pokazOsobe&amp;os_id=168785\">mgr Katarzyna Faliszewska &#8211; \u0141ukasik<\/a><\/p>\n<p>&nbsp;<\/p>\n<div class=\"wpb_wrapper\">\n<p><a href=\"https:\/\/usosweb.us.edu.pl\/kontroler.php?_action=katalog2\/osoby\/pokazOsobe&amp;os_id=95368\">mgr Krzysztof Franek<\/a><\/p>\n<p><strong>I TERMIN<\/strong><\/p>\n<p><strong>CZ\u0118\u015a\u0106 PISEMNA<\/strong><\/p>\n<p><em>13.06.2025 <\/em>godz. 9<em>:00 &#8211; 11:00<\/em>; sala B-1.14 Cieszyn<br \/>\nPOZIOM B1\/B2<\/p>\n<p><em>13.06.2025 <\/em>godz. 11<em>:00 &#8211; 13:00<\/em>; sala B-1.14 Cieszyn<br \/>\nPOZIOM C1<\/p>\n<p><strong>CZ\u0118\u015a\u0106 USTNA<\/strong><\/p>\n<p><em>16.06.2025 <\/em>godz. 9<em>:00 &#8211; 12:00<\/em>; sala B-1.14 Cieszyn<br \/>\nPOZIOM B1\/B2<\/p>\n<p><em>16.06.2025 <\/em>godz. 12<em>:00 &#8211; 14:00<\/em>; sala B-1.14 Cieszyn<br \/>\nPOZIOM C1<\/p>\n<p><strong>II TERMIN<\/strong><\/p>\n<p><strong>CZ\u0118\u015a\u0106 PISEMNA<\/strong><\/p>\n<p><em>17.09.2025 <\/em>godz. 9<em>:00 &#8211; 11:00<\/em>; sala B-1.14 Cieszyn<br \/>\nPOZIOM B1\/B2<\/p>\n<p><em>17.09.2025 <\/em>godz. 11<em>:00 &#8211; 13:00<\/em>; sala B-1.14 Cieszyn<br \/>\nPOZIOM C1<\/p>\n<p><strong>CZ\u0118\u015a\u0106 USTNA<\/strong><\/p>\n<p><em>17.09.2025 <\/em>godz. 13<em>:00 &#8211; 14:00<\/em>; sala B-1.14 Cieszyn<br \/>\nPOZIOM B1\/B2<\/p>\n<p><em>17.09.2025 <\/em>godz. 14:<em>00 &#8211; 15:00<\/em>; sala B-1.14 Cieszyn<br \/>\nPOZIOM C1<\/p>\n<p>&nbsp;<\/p>\n<p><a href=\"https:\/\/usosweb.us.edu.pl\/kontroler.php?_action=katalog2\/osoby\/pokazOsobe&amp;os_id=8218\">mgr Marcin Gorgol<\/a><\/p>\n<p><strong>I TERMIN<\/strong><\/p>\n<p><strong>CZ\u0118\u015a\u0106 PISEMNA<\/strong><\/p>\n<p><em>17.06..2025 <\/em>godz. <em>09:00 &#8211; 11:00<\/em>; Sosnowiec B\u0119dzi\u0144ska 39 sala 4.<br \/>\nPOZIOM B2<\/p>\n<p><em>17.06.2025 <\/em>godz. <em>12:00 -14:00<\/em>; Katowice Bankowa 14 s. 233<br \/>\nPOZIOM B2<\/p>\n<p><strong>CZ\u0118\u015a\u0106 USTNA<\/strong><\/p>\n<p><em>18.06.2025 <\/em>godz. <em>09:00 &#8211; 11:00<\/em>; Sosnowiec B\u0119dzi\u0144ska 39 s. 110<br \/>\nPOZIOM B2<\/p>\n<p><em>25.06.2025 <\/em>godz. <em>09:00 &#8211; 11:00<\/em>; Katowice Bankowa 14 s. 231<br \/>\nPOZIOM B2<\/p>\n<p><strong>II TERMIN<\/strong><\/p>\n<p><strong>CZ\u0118\u015a\u0106 PISEMNA<\/strong><\/p>\n<p><em>17.09.2025 <\/em>godz. <em>10:00 &#8211; 12:00<\/em>; Katowice Bankowa 14 s. 369<br \/>\nPOZIOM B2<\/p>\n<p><strong>CZ\u0118\u015a\u0106 USTNA<\/strong><\/p>\n<p><em>17.09.2025 <\/em>godz. <em>12:30 &#8211; 13:00<\/em>; Katowice Bankowa 14 s. 369<br \/>\nPOZIOM B2<\/p>\n<p>&nbsp;<\/p>\n<p><a href=\"https:\/\/usosweb.us.edu.pl\/kontroler.php?_action=katalog2\/osoby\/pokazOsobe&amp;os_id=7683\">mgr Katarzyna Gronowska<\/a><\/p>\n<p><strong>I TERMIN<\/strong><\/p>\n<p><strong>CZ\u0118\u015a\u0106 PISEMNA<\/strong><\/p>\n<p>17.06. 2025 godz. 10:00 &#8211; 12:00; K-ce, Uniwersytecka 4, s. A1.9<br \/>\nPOZIOM B1\/B2<\/p>\n<p><strong>CZ\u0118\u015a\u0106 USTNA<\/strong><\/p>\n<p>18.06.2025 godz. 10:00 &#8211; 13:00; K-ce, Uniwersytecka 4, s. A1.4<br \/>\nPOZIOM B1\/B2<\/p>\n<p><strong>II TERMIN<\/strong><\/p>\n<p><strong>CZ\u0118\u015a\u0106 PISEMNA<\/strong><\/p>\n<p>18.09.2025 godz.10.00 &#8211; 12:00; K-ce, Uniwersytecka 4, s. A1.4<\/p>\n<p>POZIOM B1\/B2<\/p>\n<p><strong>CZ\u0118\u015a\u0106 USTNA<\/strong><\/p>\n<p>18.09.2025 godz. 12:30 &#8211; 14:00; \u00a0; K-ce, Uniwersytecka 4, s. A1.4<br \/>\nPOZIOM B1\/B2<\/p>\n<p>&nbsp;<\/p>\n<p><a href=\"https:\/\/usosweb.us.edu.pl\/kontroler.php?_action=katalog2\/osoby\/pokazOsobe&amp;os_id=6076\">mgr Joanna Jakubiec \u2013Bontko<\/a><\/p>\n<p><strong>I TERMIN<\/strong><\/p>\n<p><strong>CZ\u0118\u015a\u0106 PISEMNA<\/strong><\/p>\n<p>13.06..2025 godz. 11:15 &#8211; 13:15; WPiA aula nr 2<br \/>\nPOZIOM C1<\/p>\n<p>13.06.2025 godz. 13:30 &#8211; 15:30; WPiA aula nr 2<br \/>\nPOZIOM \u00a0B2<\/p>\n<p><strong>CZ\u0118\u015a\u0106 USTNA<\/strong><\/p>\n<p>17.06.2025 godz. 16:00 &#8211; 19:00; WPiA sala 22<br \/>\nPOZIOM C1<\/p>\n<p>18.06.2025 godz. 9:00 &#8211; 12:00; WPiA sala 22<br \/>\nPOZIOM C1<\/p>\n<p>18.06.2025 godz. 13:00 &#8211; 16:00; WPiA sala 22<br \/>\nPOZIOM B2<\/p>\n<p><strong>II TERMIN<\/strong><\/p>\n<p><strong>CZ\u0118\u015a\u0106 PISEMNA<\/strong><\/p>\n<p>16.09.2025 godz. 09:00 &#8211; 11:00; WPiA sala 22<br \/>\nPOZIOM B2<\/p>\n<p>16.09.2025 godz. 11:00 &#8211; 13:00; WPiA sala 22<br \/>\nPOZIOM \u00a0C1<\/p>\n<p><strong>CZ\u0118\u015a\u0106 USTNA<\/strong><\/p>\n<p>16.09.2025 godz. 13:30; WPiA sala 22<br \/>\nPOZIOM \u00a0B2 \/POZIOM C1<\/p>\n<p>&nbsp;<\/p>\n<p><a href=\"https:\/\/usosweb.us.edu.pl\/kontroler.php?_action=katalog2\/osoby\/pokazOsobe&amp;os_id=5800\">dr Tomasz Jarczyk<\/a><\/p>\n<p><strong>I TERMIN<\/strong><\/p>\n<p><strong>CZ\u0118\u015a\u0106 PISEMNA<\/strong><\/p>\n<p><em>26.06.2025 <\/em>godz. <em>08:30 &#8211; 10:30<\/em>; <em>MIEJSCE: sala C\/0.37 Wydzia\u0142 Humanistyczny, ul.Uniwersytecka 4<\/em><br \/>\nPOZIOM B2<\/p>\n<p><em>26.06.2025 <\/em>godz. <em>11:00 &#8211; 13:00<\/em>; <em>MIEJSCE: sala C\/0.37 Wydzia\u0142 Humanistyczny, ul.Uniwersytecka 4<\/em><br \/>\nPOZIOM C1<\/p>\n<p><strong>CZ\u0118\u015a\u0106 USTNA<\/strong><\/p>\n<p><em>27.06.2025 <\/em>godz. <em>08:00 &#8211; 10:30<\/em>; <em>MIEJSCE: sala A\/3.18 Wydzia\u0142 Humanistyczny, ul.Uniwersytecka 4<\/em><br \/>\nPOZIOM B2<\/p>\n<p><em>27.06.2025 <\/em>godz. <em>11:00 &#8211; 13:00<\/em>; <em>MIEJSCE: sala A\/3.18 Wydzia\u0142 Humanistyczny, ul.Uniwersytecka 4<\/em><br \/>\nPOZIOM C1<\/p>\n<p><strong>II TERMIN<\/strong><\/p>\n<p><strong>CZ\u0118\u015a\u0106 PISEMNA<\/strong><\/p>\n<p><em>16.09.2025 <\/em>godz. <em>08:00 &#8211; 10:00<\/em>; <em>MIEJSCE: sala A\/2.1 Wydzia\u0142 Humanistyczny, ul.Uniwersytecka 4<\/em><br \/>\nPOZIOM B2<\/p>\n<p><em>16.09.2025 <\/em>godz. <em>08:00 &#8211; 10:00<\/em>; <em>MIEJSCE: sala A\/2.1 Wydzia\u0142 Humanistyczny, ul.Uniwersytecka 4<\/em><br \/>\nPOZIOM C1<\/p>\n<p><strong>CZ\u0118\u015a\u0106 USTNA<\/strong><\/p>\n<p><em>16.09.2025 <\/em>godz. <em>11:00 &#8211; 12:00<\/em>; <em>MIEJSCE: sala A\/2.1 Wydzia\u0142 Humanistyczny, ul.Uniwersytecka 4<\/em><br \/>\nPOZIOM B2<\/p>\n<p><em>16.09.2025 <\/em>godz. <em>11:00 &#8211; 12:00<\/em>; <em>MIEJSCE: sala A\/2.1 Wydzia\u0142 Humanistyczny, ul.Uniwersytecka 4<\/em><br \/>\nPOZIOM C1<\/p>\n<p>&nbsp;<\/p>\n<p><a href=\"https:\/\/usosweb.us.edu.pl\/kontroler.php?_action=katalog2\/osoby\/pokazOsobe&amp;os_id=7575\">dr Ryszard Kalamarz, prof. U\u015a<\/a><\/p>\n<p dir=\"ltr\">TERMINY\u00a0<span class=\"\">Egzaminu ko\u0144cz\u0105cego lektorat &#8211; poziom B2<\/span> w sesji letniej<\/p>\n<p>TERMIN I<br \/>\nEgzamin <strong>pisemny<\/strong>: 13 czerwca 2025 r., godzina 13:00 &#8211; 15:00, WPiA, Aula 3.<br \/>\nEgzamin <strong>ustny<\/strong>:<\/p>\n<ul>\n<li>17 czerwca 2025 r. godzina 8:00 &#8211; 12:40<\/li>\n<li>18 czerwca 2025 r. godzina 8:00 &#8211; 12:00<\/li>\n<\/ul>\n<p>TERMIN II<br \/>\nEgzamin pisemny: 18 wrze\u015bnia 2025 r., godzina 9:00 &#8211; 11:00, WPiA, sala 19<br \/>\nEgzamin ustny: 18 wrze\u015bnia 2025 r., godzina 15:00 &#8211; 16:00, SPNJO, Bankowa 14, pok. 366.<\/p>\n<p>&nbsp;<\/p>\n<p dir=\"ltr\"><span class=\"\"><u>Egzamin ko\u0144cz\u0105cy lektorat w sesji letniej &#8211; poziom C1<\/u><\/span><\/p>\n<p dir=\"ltr\">TERMIN I<\/p>\n<p dir=\"ltr\">Egzamin pisemny: 13 czerwca 2025, godzina 15:00 &#8211; 17:00, WPiA, Aula 3<\/p>\n<p dir=\"ltr\">Egzamin ustny:<\/p>\n<ul dir=\"ltr\">\n<li>17 czerwca 2025, godzina 14:00 &#8211; 17:00, WPiA, sala 19<\/li>\n<li>18 czerwca 2025, godzina 12:00 \u2013 14:00, WPiA, sala 19<\/li>\n<\/ul>\n<p dir=\"ltr\">TERMIN II<\/p>\n<p dir=\"ltr\">Egzamin pisemny: 18 wrze\u015bnia 2025, godzina 11:00 &#8211; 13:00, WPiA, sala 19<\/p>\n<p dir=\"ltr\">Egzamin ustny: 18 wrze\u015bnia 2025, godzina 14:00 &#8211; 15:00, SPNJO, Bankowa 14 pok. 366<\/p>\n<p>&nbsp;<\/p>\n<\/div>\n<div class=\"wpb_wrapper\">\n<p><a href=\"https:\/\/usosweb.us.edu.pl\/kontroler.php?_action=katalog2\/osoby\/pokazOsobe&amp;os_id=7468\">mgr Liliana Ka\u0142afatiuk<\/a><\/p>\n<p><strong>I TERMIN<\/strong><\/p>\n<p><strong>CZ\u0118\u015a\u0106 PISEMNA<\/strong><\/p>\n<p>08.06.2025 godz. 11:30-13.00; KATOWICE, ul. Gra\u017cy\u0144skiego 53, sala 206<br \/>\nPOZIOM A2 &#8211; zaoczne<\/p>\n<p><strong>CZ\u0118\u015a\u0106 USTNA<\/strong><\/p>\n<p>08.06.2025 godz. 13:30; KATOWICE, ul. Gra\u017cy\u0144skiego 53, sala 206<br \/>\nPOZIOM A2 &#8211; zaoczne<\/p>\n<p><strong>II TERMIN<\/strong><\/p>\n<p><strong>CZ\u0118\u015a\u0106 PISEMNA I USTNA<\/strong><\/p>\n<p>21.09.2025 godz. 11:00-13.00; KATOWICE, ul. Gra\u017cy\u0144skiego 53, sala 206<br \/>\nPOZIOM A2 &#8211; zaoczne<\/p>\n<\/div>\n<div class=\"wpb_wrapper\">\n<p>&nbsp;<\/p>\n<p><a href=\"https:\/\/usosweb.us.edu.pl\/kontroler.php?_action=katalog2\/osoby\/pokazOsobe&amp;os_id=7599\">mgr Ewa Karolczak \u2013 Wawrza\u0142a<\/a><\/p>\n<p><strong>I TERMIN<\/strong><\/p>\n<p><strong>CZ\u0118\u015a\u0106 PISEMNA<\/strong><\/p>\n<p><em>23.06.2025 <\/em>godz. <em>10-00-11.30; <\/em>SOSNOWIEC, ul. \u017bytnia 12, sala 31<br \/>\nPOZIOM B1\/B2<\/p>\n<p><em>23.06.2025 <\/em>godz. <em>12.00 &#8211; 13:30<\/em>; SOSNOWIEC, ul. \u017bytnia 12, sala 31<br \/>\nPOZIOM B2<\/p>\n<p><em>26.06.2025 <\/em>godz. <em>10:00 &#8211; 11:30<\/em>; KATOWICE, WPiA, sala 20<br \/>\nPOZIOM B1\/B2<\/p>\n<p><strong>CZ\u0118\u015a\u0106 USTNA<\/strong><\/p>\n<p><em>25.06.2025 <\/em>godz. <em>10:00 &#8211; 11:30<\/em>; SOSNOWIEC, ul. \u017bytnia 12, sala 31<br \/>\nPOZIOM B1\/B2<\/p>\n<p><em>25.06.2025 <\/em>godz. <em>12:00 &#8211; 13:30<\/em>; SOSNOWIEC, ul. \u017bytnia 12, sala 31<br \/>\nPOZIOM B1\/B2<\/p>\n<p><em>30.06.2025 <\/em>godz. <em>10:00 &#8211; 11:30<\/em>; KATOWICE, WPiA, sala 20<br \/>\nPOZIOM B1\/B2<\/p>\n<p><strong>II TERMIN<\/strong><\/p>\n<p><strong>CZ\u0118\u015a\u0106 PISEMNA<\/strong><\/p>\n<p><em>15.09.2025 <\/em>godz. <em>\u00a010-00-11.30; <\/em>SOSNOWIEC, ul. \u017bytnia 12, sala 31<br \/>\nPOZIOM B1\/B2<\/p>\n<p><em>15.09.2025 <\/em>godz. <em>\u00a010-00-11.30; <\/em>SOSNOWIEC, ul. \u017bytnia 12, sala 31<br \/>\nPOZIOM B2<\/p>\n<p><em>17.09.2025 <\/em>godz. <em>10:00 &#8211; 11:30<\/em>; KATOWICE, WPiA, sala 20<br \/>\nPOZIOM B1\/B2<\/p>\n<p><strong>CZ\u0118\u015a\u0106 USTNA<\/strong><\/p>\n<p><em>15.09.2025 <\/em>godz. <em>\u00a014-00-15.00; <\/em>SOSNOWIEC, ul. \u017bytnia 12, sala 31<br \/>\nPOZIOM B1\/B2<\/p>\n<p><em>15.09.2025 <\/em>godz. <em>\u00a015-00-16.00; <\/em>SOSNOWIEC, ul. \u017bytnia 12, sala 31<br \/>\nPOZIOM B2<\/p>\n<p><em>17.09.2025 <\/em>godz. <em>13:00 &#8211; 14:30<\/em>; KATOWICE, WPiA, sala 20<br \/>\nPOZIOM B1\/B2<\/p>\n<p>&nbsp;<\/p>\n<\/div>\n<div class=\"wpb_wrapper\">\n<p><a href=\"https:\/\/usosweb.us.edu.pl\/kontroler.php?_action=katalog2\/osoby\/pokazOsobe&amp;os_id=238485\">dr Justyna Kendik \u2013 Gut<\/a><\/p>\n<p><strong>I TERMIN<\/strong><\/p>\n<p><strong>CZ\u0118\u015a\u0106 PISEMNA<\/strong><\/p>\n<p><em>17.06.2025 <\/em>godz. 9<em>:00 &#8211; 11:00<\/em>; <em>Sosnowiec, B\u0119dzi\u0144ska 39, sala 403<\/em><br \/>\nPOZIOM B2<\/p>\n<p><em>17.06.2025\u00a0<\/em>godz. 12<em>:30 &#8211; 14:30<\/em>; K<em>atowice, Bankowa 14, sala 369\u00a0<\/em><br \/>\nPOZIOM A2<\/p>\n<p><em>20.06.2025\u00a0<\/em>godz. 10<em>:00 &#8211; 12:00<\/em>; K<em>atowice, Uniwersytecka 4, sala\u00a0C\/0.37<\/em><br \/>\nPOZIOM B2<\/p>\n<p><strong>CZ\u0118\u015a\u0106 USTNA<\/strong><\/p>\n<p><em>18.06.2025\u00a0<\/em>godz. 9<em>:30 &#8211; 11:00<\/em>; K<em>atowice, Bankowa 14, sala 369\u00a0<\/em><br \/>\nPOZIOM A2<\/p>\n<p><em>26.06.2025\u00a0<\/em>godz. 9<em>:00 &#8211; 13:00<\/em>; K<em>atowice, Bankowa 14, sala 369\u00a0<\/em><br \/>\nPOZIOM B2<\/p>\n<p><em>27.06.2025\u00a0<\/em>godz. 9<em>:00 &#8211; 13:00<\/em>; K<em>atowice,\u00a0Bankowa 14, sala 369\u00a0<\/em><br \/>\nPOZIOM B2<\/p>\n<p><strong>II TERMIN<\/strong><\/p>\n<p><strong>CZ\u0118\u015a\u0106 PISEMNA<\/strong><\/p>\n<p><em>16.09.2025\u00a0<\/em>godz. 8<em>:00 \u2013 10:00<\/em>; K<em>atowice,\u00a0Bankowa 14, sala 360<\/em><br \/>\nPOZIOM A2<\/p>\n<p><em>16.09.2025\u00a0<\/em>godz. 10<em>:30 \u2013 12:30<\/em>; K<em>atowice,\u00a0Bankowa 14, sala 360<\/em><br \/>\nPOZIOM\u00a0B2<\/p>\n<p><strong>CZ\u0118\u015a\u0106 USTNA<\/strong><\/p>\n<p><em>16.09.2025\u00a0<\/em>godz.\u00a0<em>13:00<\/em>; K<em>atowice,\u00a0Bankowa 14, sala\u00a0360<\/em><br \/>\nPOZIOM\u00a0A2<\/p>\n<p><em>16.09.2025\u00a0<\/em>godz.\u00a0<em>13:00<\/em>; K<em>atowice,\u00a0Bankowa 14, sala\u00a0360<\/em><br \/>\nPOZIOM\u00a0B2<\/p>\n<p>&nbsp;<\/p>\n<p><a href=\"https:\/\/usosweb.us.edu.pl\/kontroler.php?_action=katalog2\/osoby\/pokazOsobe&amp;os_id=6056\">mgr Katarzyna Kiszka<\/a><\/p>\n<p><strong>I TERMIN<\/strong><\/p>\n<p><strong>CZ\u0118\u015a\u0106 PISEMNA<\/strong><\/p>\n<p>13.06.2025 godz. 11:30; Aula 5 WPiA<br \/>\nPOZIOM B2<\/p>\n<p>13.06.2025 godz. 13:30; Aula 5 WPiA<br \/>\nPOZIOM C1 (Legal English)<\/p>\n<p><strong>CZ\u0118\u015a\u0106 USTNA<\/strong><\/p>\n<p>17.06.2025 godz. 9:30; WPiA sala 22<br \/>\nPOZIOM C1 (LE)<\/p>\n<p>17.06.2025 godz. 10:30; WPiA sala 22<br \/>\nPOZIOM B2<\/p>\n<p><strong>II TERMIN<\/strong><\/p>\n<p><strong>CZ\u0118\u015a\u0106 PISEMNA<\/strong><\/p>\n<p>16.09.2025 godz. 9:30; WPiA sala 22<br \/>\nPOZIOM B2 i C1 (LE)<\/p>\n<p><strong>CZ\u0118\u015a\u0106 USTNA<\/strong><\/p>\n<p>16.09.2025 godz. 12:00; WPiA sala 22<br \/>\nPOZIOM B2 i C1 (LE)<\/p>\n<p>&nbsp;<\/p>\n<p><a href=\"https:\/\/usosweb.us.edu.pl\/kontroler.php?_action=katalog2\/osoby\/pokazOsobe&amp;os_id=5890\">mgr Anna Kluczka<\/a><\/p>\n<p>Brak egzamin\u00f3w w 2024\/2025L<\/p>\n<p>&nbsp;<\/p>\n<p><a href=\"https:\/\/usosweb.us.edu.pl\/kontroler.php?_action=katalog2\/osoby\/pokazOsobe&amp;os_id=7294\">mgr Marzena Maciejko<\/a><\/p>\n<p>Brak egzamin\u00f3w w 2024\/2025L<\/p>\n<p>&nbsp;<\/p>\n<p><a href=\"https:\/\/usosweb.us.edu.pl\/kontroler.php?_action=katalog2\/osoby\/pokazOsobe&amp;os_id=8291\">dr Bogdan Moczko<\/a><\/p>\n<p><strong>I TERMIN<\/strong><\/p>\n<p><strong>CZ\u0118\u015a\u0106 PISEMNA<\/strong><\/p>\n<p><em>18.06.2025 <\/em>godz. <em>10:00 &#8211; 12:30<\/em>; <em>WNS sala 212<\/em><br \/>\nPOZIOM C1<\/p>\n<p><em>21.06.2025 <\/em>godz. <em>12:00 &#8211; 14:00<\/em>; <em>WNS sala 241<\/em><br \/>\nPOZIOM B2 (studia zaoczne)<\/p>\n<p><strong>CZ\u0118\u015a\u0106 USTNA<\/strong><\/p>\n<p><em>20.06.2025 oraz 23.06.2025 <\/em>godz. <em>10:00 &#8211; 15:00<\/em>; <em>WNS sala 241<\/em><br \/>\nPOZIOM C1<\/p>\n<p><em>22.06.2025 <\/em>godz. <em>12:00 &#8211; 15:00<\/em>; <em>WNS sala 241<\/em><br \/>\nPOZIOM B2 (studia zaoczne)<\/p>\n<p><strong>II TERMIN<\/strong><\/p>\n<p><strong>CZ\u0118\u015a\u0106 PISEMNA<\/strong><\/p>\n<p><em>20.09.2025 <\/em>godz. <em>10:00 &#8211; 12:00<\/em>; <em>WNS sala 241<\/em><br \/>\nPOZIOM B2 (studia zaoczne)<\/p>\n<p><strong>CZ\u0118\u015a\u0106 USTNA<\/strong><\/p>\n<p><em>20.09.2025 <\/em>godz. <em>13:00 &#8211; 14:00<\/em>; <em>WNS sala 241<\/em><br \/>\nPOZIOM B2 (studia zaoczne)<\/p>\n<p>&nbsp;<\/p>\n<p><a href=\"https:\/\/usosweb.us.edu.pl\/kontroler.php?_action=katalog2\/osoby\/pokazOsobe&amp;os_id=5950\">mgr Lucyna Niedobecka<\/a><\/p>\n<p><strong>I TERMIN<\/strong><\/p>\n<p><strong>CZ\u0118\u015a\u0106 PISEMNA<\/strong><\/p>\n<p><em>18.06.2025 <\/em>godz. <em>09:30 &#8211; 11:30<\/em>; <em>ul. Paw\u0142a 3, s.2.08<\/em><br \/>\nPOZIOM B2, gr. 17, 18<\/p>\n<p><em>18.06.2025 <\/em>godz. <em>12:30 &#8211; 14:30<\/em>; <em>ul. Paw\u0142a 3, s. 2.08<\/em><br \/>\nPOZIOM B2, gr. 19, 20<\/p>\n<p><strong>CZ\u0118\u015a\u0106 USTNA<\/strong><\/p>\n<p><em>25.06.2025 <\/em>godz. <em>09:30 &#8211; 13:00<\/em>; <em>ul. Bankowa 14, s.369<\/em><br \/>\nPOZIOM B2, gr. 17, 18<\/p>\n<p><em>26.06.2025 <\/em>godz. <em>09:30 &#8211; 14:00<\/em>; <em>ul. Bankowa 14, s. 357<\/em><br \/>\nPOZIOM B2, gr. 19, 20<\/p>\n<p><strong>II TERMIN<\/strong><\/p>\n<p><strong>CZ\u0118\u015a\u0106 PISEMNA<\/strong><\/p>\n<p><em>16.09.2025 <\/em>godz. <em>09:30 &#8211; 11:30<\/em>; <em>ul. Bankowa 14, s. 357<\/em><br \/>\nPOZIOM \u00a0B2<\/p>\n<p><strong>CZ\u0118\u015a\u0106 USTNA<\/strong><\/p>\n<p><em>16.09.2025 <\/em>godz. <em>12:00 &#8211; 14:00<\/em>; <em>ul. Bankowa 14, s. 357<\/em><br \/>\nPOZIOM B2<\/p>\n<p>&nbsp;<\/p>\n<p><a href=\"https:\/\/usosweb.us.edu.pl\/kontroler.php?_action=katalog2\/osoby\/pokazOsobe&amp;os_id=185963\">mgr Kinga P\u00f3\u0142rolniczak<\/a><\/p>\n<p><strong>I TERMIN<\/strong><\/p>\n<p><strong>CZ\u0118\u015a\u0106 PISEMNA<\/strong><\/p>\n<p><em>14.06.2025 <\/em>godz. <em>08:00 &#8211; 10:00<\/em>; <em>MIEJSCE Gra\u017cy\u0144skiego 53, sala 202<\/em><br \/>\nPOZIOM B2 (zaoczne)<\/p>\n<p><em>18.06.2025 <\/em>godz. <em>08:30 &#8211; 10:30<\/em>; <em>MIEJSCE: SPNJO, sala 360<\/em><br \/>\nPOZIOM A2<\/p>\n<p><strong>CZ\u0118\u015a\u0106 USTNA<\/strong><\/p>\n<p><em>14.06.2025 <\/em>godz. <em>10:45 \u2013 11:15<\/em>; <em>MIEJSCE Gra\u017cy\u0144skiego 53, sala 202<\/em><br \/>\nPOZIOM B2 (zaoczne)<\/p>\n<p><em>18.06.2025 <\/em>godz. <em>11:30 &#8211; 12:00<\/em>;<em> MIEJSCE: SPNJO, sala 360<\/em><br \/>\nPOZIOM A2<\/p>\n<p><strong>II TERMIN<\/strong><\/p>\n<p><strong>CZ\u0118\u015a\u0106 PISEMNA<\/strong><\/p>\n<p><em>20.09.2025 <\/em>godz. <em>11:00 &#8211; 12:30<\/em>; <em>MIEJSCE: SPNJO, sala 360<\/em><br \/>\nPOZIOM B2 (zaoczne)<\/p>\n<p><em>17.09.2025 <\/em>godz. <em>09:00 &#8211; 11:00<\/em>; <em>MIEJSCE: SPNJO, sala 360<\/em><br \/>\nPOZIOM A2<\/p>\n<p><strong>CZ\u0118\u015a\u0106 USTNA<\/strong><\/p>\n<p><em>20.09.2025 <\/em>godz. <em>13:00 &#8211; 14:00<\/em>; <em>MIEJSCE: SPNJO, sala 360<\/em><br \/>\nPOZIOM B2 (zaoczne)<\/p>\n<p><em>17.09.2025 <\/em>godz. <em>11:30 &#8211; 12:00<\/em>; <em>MIEJSCE: SPNJO, sala 360<\/em><br \/>\nPOZIOM A2<\/p>\n<p>&nbsp;<\/p>\n<p><a href=\"https:\/\/usosweb.us.edu.pl\/kontroler.php?_action=katalog2\/osoby\/pokazOsobe&amp;os_id=6140\">mgr Jadwiga Pu\u0142awska<\/a><\/p>\n<p><strong>I termin:<\/strong><br \/>\n<strong>Pisemny:<\/strong><br \/>\nB1\/B2 18.06 godz.9.00 Gra\u017cy\u0144skiego sala 209<br \/>\nB2 13.06 godz. 8.30 WH sala C.0\/38<\/p>\n<p><strong>Ustny:<\/strong><br \/>\nB1\/B2 25.06 godz.8.30 Gra\u017cy\u0144skiego sala 113<br \/>\nB2 20.06 godz. 8.00 WH sala C.0\/5<\/p>\n<p><strong>II termin:<\/strong><br \/>\n<strong>Pisemny:<\/strong><br \/>\nB1\/B2 17.09 godz. 8.00 WH sala C.0\/5<br \/>\nB2 17.09 godz. 12.00 WH sala C.0\/5<br \/>\n<strong>Ustny:<\/strong><br \/>\n17.09 godz . 14.30 WH sala C.0\/5<\/p>\n<p>&nbsp;<\/p>\n<p><a href=\"https:\/\/usosweb.us.edu.pl\/kontroler.php?_action=katalog2\/osoby\/pokazOsobe&amp;os_id=8231\">mgr Katarzyna Radzi\u0119da<\/a><\/p>\n<p>Brak egzamin\u00f3w w 2024\/2025L<\/p>\n<p>&nbsp;<\/p>\n<p><a href=\"https:\/\/usosweb.us.edu.pl\/kontroler.php?_action=katalog2\/osoby\/pokazOsobe&amp;os_id=95397\">dr Maria Stec, prof. U\u015a<\/a><\/p>\n<p>Brak egzamin\u00f3w w 2024\/2025L<\/p>\n<p>&nbsp;<\/p>\n<p><a href=\"https:\/\/usosweb.us.edu.pl\/kontroler.php?_action=katalog2\/osoby\/pokazOsobe&amp;os_id=6090\">mgr Iwona Wi\u0105k \u2013 Domka<\/a><\/p>\n<p><strong>I TERMIN<\/strong><\/p>\n<p><strong>CZ\u0118\u015a\u0106 PISEMNA<\/strong><\/p>\n<p><em>12.06.2025 <\/em>godz. <em>9.30-11.30 <\/em>\u00a0<em>MIEJSCE WH. S.C04\u00a0 termin A<\/em><\/p>\n<p><em>13.06.2025 godz 8-10.WH s.C04 termin B WH s.C04 termin B<\/em><br \/>\nPOZIOM B2<\/p>\n<p><em>12.06.2025 <\/em>godz. <em>08:00 &#8211; 09:30<\/em>; <em>MIEJSCE WH.s.C04 termin A<\/em><\/p>\n<p><em>13.06 godz. 9.30-11 WH s.C-04 termin B<\/em><br \/>\nPOZIOM B1\/B2<\/p>\n<p><strong>CZ\u0118\u015a\u0106 USTNA<\/strong><\/p>\n<p><em>16.06.2025 <\/em>godz. <em>12.-14 MIEJSCE WH s.C04<\/em><br \/>\nPOZIOM B1\/B2<\/p>\n<p><em>16.06.2025 <\/em>godz. <em>14-15.30 <\/em>\u00a0<em>MIEJSCE WH s.C04<\/em><br \/>\nPOZIOM B2<\/p>\n<p><strong>II TERMIN<\/strong><\/p>\n<p><strong>CZ\u0118\u015a\u0106 PISEMNA<\/strong><\/p>\n<p>17.09.2025 godz. 08:00 &#8211; 10:00; WH s. C04 ul. Uniwersytecka 4<br \/>\nPOZIOM B1\/B2<\/p>\n<p>17.09.2025 godz. 12:00 &#8211; 14:00; WH s. C04 ul. Uniwersytecka 4<br \/>\nPOZIOM B2<\/p>\n<p><strong>CZ\u0118\u015a\u0106 USTNA<\/strong><\/p>\n<p>17.09.2025 godz. 14:30; WH s. C04 ul. Uniwersytecka 4<br \/>\nPOZIOM B1\/B2<\/p>\n<p>17.09.2025 godz. 14:30; WH s. C04 ul. Uniwersytecka 4<br \/>\nPOZIOM B2<\/p>\n<p>&nbsp;<\/p>\n<p><a href=\"https:\/\/usosweb.us.edu.pl\/kontroler.php?_action=katalog2\/osoby\/pokazOsobe&amp;os_id=122948\">dr Ma\u0142gorzata Wronka \u2013 Szybko<\/a><\/p>\n<p>Brak egzamin\u00f3w w 2024\/2025L<\/p>\n<\/div>\n<div class=\"wpb_wrapper\">\n<p>&nbsp;<\/p>\n<\/div>\n<\/div>\n<\/div>\n<\/div>\n<\/div>\n<\/div>\n<p>[\/vc_column_text][\/vc_column][\/vc_row][vc_column][\/vc_column][vc_column_text]<\/p>\n<p>[\/vc_column_text]<\/p>","protected":false},"excerpt":{"rendered":"<p>[vc_row el_class=&#8221;container&#8221;][vc_column][vc_column_text] KIEROWNIK ZESPO\u0141U: mgr Lucyna Niedobecka &nbsp; mgr Katarzyna Bana\u015b \u2013 Sieradzka Brak egzamin\u00f3w w 2024\/2025L &nbsp; mgr Agata Ciencia\u0142a Brak egzamin\u00f3w w 2024\/2025L &nbsp; mgr Zdzis\u0142aw Ciuk I TERMIN CZ\u0118\u015a\u0106 PISEMNA 13.06.2025 godz. 09:00 &#8211; 11:00; Cieszyn, sala B-1.13 POZIOM B2 CZ\u0118\u015a\u0106 USTNA 16.06.2025 godz. 09:00 &#8211; 14:00; Cieszyn, sala B-1.13 POZIOM B2 [&#8230;]<\/p>\n<p><a class=\"btn btn-secondary understrap-read-more-link\" href=\"https:\/\/us.edu.pl\/kolegium\/spnjo\/lektorat\/moj-lektorat\/egzaminy-po-lektoracie\/terminy-egzaminow-ja\/\">Read More&#8230;<\/a><\/p>\n","protected":false},"author":3369,"featured_media":0,"parent":130,"menu_order":1,"comment_status":"closed","ping_status":"closed","template":"","meta":{"_expiration-date-status":"","_expiration-date":0,"_expiration-date-type":"","_expiration-date-categories":[],"_expiration-date-options":[]},"acf":[],"_links":{"self":[{"href":"https:\/\/us.edu.pl\/kolegium\/spnjo\/wp-json\/wp\/v2\/pages\/1085"}],"collection":[{"href":"https:\/\/us.edu.pl\/kolegium\/spnjo\/wp-json\/wp\/v2\/pages"}],"about":[{"href":"https:\/\/us.edu.pl\/kolegium\/spnjo\/wp-json\/wp\/v2\/types\/page"}],"author":[{"embeddable":true,"href":"https:\/\/us.edu.pl\/kolegium\/spnjo\/wp-json\/wp\/v2\/users\/3369"}],"replies":[{"embeddable":true,"href":"https:\/\/us.edu.pl\/kolegium\/spnjo\/wp-json\/wp\/v2\/comments?post=1085"}],"version-history":[{"count":11,"href":"https:\/\/us.edu.pl\/kolegium\/spnjo\/wp-json\/wp\/v2\/pages\/1085\/revisions"}],"predecessor-version":[{"id":3702,"href":"https:\/\/us.edu.pl\/kolegium\/spnjo\/wp-json\/wp\/v2\/pages\/1085\/revisions\/3702"}],"up":[{"embeddable":true,"href":"https:\/\/us.edu.pl\/kolegium\/spnjo\/wp-json\/wp\/v2\/pages\/130"}],"wp:attachment":[{"href":"https:\/\/us.edu.pl\/kolegium\/spnjo\/wp-json\/wp\/v2\/media?parent=1085"}],"curies":[{"name":"wp","href":"https:\/\/api.w.org\/{rel}","templated":true}]}}