{"id":110,"date":"2021-07-07T09:58:03","date_gmt":"2021-07-07T07:58:03","guid":{"rendered":"https:\/\/us.edu.pl\/kolegium\/spnjo\/?page_id=110"},"modified":"2026-02-10T15:43:26","modified_gmt":"2026-02-10T14:43:26","slug":"wazne-na-poczatek","status":"publish","type":"page","link":"https:\/\/us.edu.pl\/kolegium\/spnjo\/lektorat\/pierwsze-kroki\/wazne-na-poczatek\/","title":{"rendered":"wa\u017cne na pocz\u0105tek"},"content":{"rendered":"<p>[vc_row el_class=&#8221;container&#8221;][vc_column][vc_column_text]<\/p>\n<p>&nbsp;<\/p>\n<p><span style=\"font-size: 12pt;\"><strong>Informacje og\u00f3lne<\/strong><\/span><\/p>\n<p><span style=\"font-size: 12pt;\">Nauczanie j\u0119zyk\u00f3w obcych w ramach lektorat\u00f3w na studiach stacjonarnych pierwszego stopnia oraz stacjonarnych jednolitych magisterskich prowadzone jest z j\u0119zyk\u00f3w:<\/span><\/p>\n<p><span style=\"font-size: 12pt;\">\u2013 angielskiego na poziomie od A2 do C1<\/span><br \/>\n<span style=\"font-size: 12pt;\">\u2013 francuskiego na poziomie od A1 do B2<\/span><br \/>\n<span style=\"font-size: 12pt;\">\u2013 hiszpa\u0144skiego na poziomie od A1 do B2<\/span><br \/>\n<span style=\"font-size: 12pt;\">\u2013 niemieckiego na poziomie od A1 do B2<\/span><br \/>\n<span style=\"font-size: 12pt;\">\u2013 rosyjskiego na poziomie od A1 do B2<\/span><br \/>\n<span style=\"font-size: 12pt;\">&#8211; innych (arabski, w\u0142oski, szwedzki itp.) na poziomie A1 &#8211; szczeg\u00f3\u0142y w rejestracji na lektorat.<\/span><\/p>\n<p><span style=\"font-size: 12pt;\">Wyb\u00f3r j\u0119zyka odbywa si\u0119 pod warunkiem dost\u0119pno\u015bci w ramach program\u00f3w studi\u00f3w na danym kierunku. Istniej\u0105 kierunki, kt\u00f3re okre\u015blaj\u0105 w swoich wymaganiach wobec studenta znajomo\u015b\u0107 j\u0119zyka angielskiego.<\/span><\/p>\n<p>&nbsp;<\/p>\n<table style=\"border-style: double; width: 59.9674%; border-color: #000000; height: 992px;\" width=\"0\">\n<tbody>\n<tr style=\"height: 16px;\">\n<td style=\"border-style: double; border-color: #000000; width: 44.2857%; height: 16px;\" width=\"247\"><strong>Wydzia\u0142<\/strong><\/td>\n<td style=\"border-style: double; border-color: #000000; width: 8.75411%; height: 16px;\" width=\"51\"><strong>Tryb<\/strong><\/td>\n<td style=\"border-style: double; border-color: #000000; width: 167.152%; height: 16px;\" width=\"279\"><strong>Kierunek<\/strong><\/td>\n<\/tr>\n<tr style=\"height: 16px;\">\n<td style=\"border-style: double; border-color: #000000; width: 44.2857%; height: 16px;\" width=\"247\"><strong>W1<br \/>\nWydzia\u0142 Humanistyczny<\/strong><\/td>\n<td style=\"border-style: double; border-color: #000000; width: 8.75411%; height: 16px;\" width=\"51\">St.<\/td>\n<td style=\"border-style: double; border-color: #000000; width: 167.152%; height: 16px;\" width=\"279\">Historia<\/td>\n<\/tr>\n<tr style=\"height: 64px;\">\n<td style=\"border-style: double; border-color: #000000; width: 44.2857%; height: 64px;\" width=\"247\"><strong>W1<br \/>\nWydzia\u0142 Humanistyczny<\/strong><\/td>\n<td style=\"border-style: double; border-color: #000000; width: 8.75411%; height: 64px;\" width=\"51\">St.<\/td>\n<td style=\"border-style: double; border-color: #000000; width: 167.152%; height: 64px;\" width=\"279\">Turystyka historyczna<\/td>\n<\/tr>\n<tr style=\"height: 64px;\">\n<td style=\"border-style: double; border-color: #000000; width: 44.2857%; height: 64px;\" width=\"247\"><strong>W2<br \/>\nWydzia\u0142 Nauk Przyrodniczych<\/strong><\/td>\n<td style=\"border-style: double; border-color: #000000; width: 8.75411%; height: 64px;\" width=\"51\">St.<\/td>\n<td style=\"border-style: double; border-color: #000000; width: 167.152%; height: 64px;\" width=\"279\">Biologia<\/td>\n<\/tr>\n<tr style=\"height: 64px;\">\n<td style=\"border-style: double; border-color: #000000; width: 44.2857%; height: 64px;\" width=\"247\"><strong>W2<br \/>\nWydzia\u0142 Nauk Przyrodniczych<\/strong><\/td>\n<td style=\"border-style: double; border-color: #000000; width: 8.75411%; height: 64px;\" width=\"51\">St.<\/td>\n<td style=\"border-style: double; border-color: #000000; width: 167.152%; height: 64px;\" width=\"279\">Biotechnologia<\/td>\n<\/tr>\n<tr style=\"height: 64px;\">\n<td style=\"border-style: double; border-color: #000000; width: 44.2857%; height: 64px;\" width=\"247\"><strong>W2<br \/>\nWydzia\u0142 Nauk Przyrodniczych<\/strong><\/td>\n<td style=\"border-style: double; border-color: #000000; width: 8.75411%; height: 64px;\" width=\"51\">St.<\/td>\n<td style=\"border-style: double; border-color: #000000; width: 167.152%; height: 64px;\" width=\"279\">Ochrona \u015brodowiska<\/td>\n<\/tr>\n<tr style=\"height: 64px;\">\n<td style=\"border-style: double; border-color: #000000; width: 44.2857%; height: 64px;\" width=\"247\"><strong>W3<br \/>\nWydzia\u0142 Nauk Spo\u0142ecznych<\/strong><\/td>\n<td style=\"border-style: double; border-color: #000000; width: 8.75411%; height: 64px;\" width=\"51\">St.<\/td>\n<td style=\"border-style: double; border-color: #000000; width: 167.152%; height: 64px;\" width=\"279\">Psychologia<\/td>\n<\/tr>\n<tr style=\"height: 64px;\">\n<td style=\"border-style: double; border-color: #000000; width: 44.2857%; height: 64px;\" width=\"247\"><strong>W3<br \/>\nWydzia\u0142 Nauk Spo\u0142ecznych<\/strong><\/td>\n<td style=\"border-style: double; border-color: #000000; width: 8.75411%; height: 64px;\" width=\"51\">St.<\/td>\n<td style=\"border-style: double; border-color: #000000; width: 167.152%; height: 64px;\" width=\"279\">Zarz\u0105dzanie zasobami ludzkimi w organizacji<\/td>\n<\/tr>\n<tr style=\"height: 64px;\">\n<td style=\"border-style: double; border-color: #000000; width: 44.2857%; height: 64px;\" width=\"247\"><strong>W3<br \/>\nWydzia\u0142 Nauk Spo\u0142ecznych<\/strong><\/td>\n<td style=\"border-style: double; border-color: #000000; width: 8.75411%; height: 64px;\" width=\"51\"><strong><em>NSt.<\/em><\/strong><\/td>\n<td style=\"border-style: double; border-color: #000000; width: 167.152%; height: 64px;\" width=\"279\"><strong><em>Zarz\u0105dzanie zasobami ludzkimi w organizacji<\/em><\/strong><\/td>\n<\/tr>\n<tr style=\"height: 64px;\">\n<td style=\"border-style: double; border-color: #000000; width: 44.2857%; height: 64px;\" width=\"247\"><strong>W4<br \/>\nWydzia\u0142 Nauk \u015acis\u0142ych i Technicznych<\/strong><\/td>\n<td style=\"border-style: double; border-color: #000000; width: 8.75411%; height: 64px;\" width=\"51\">St.<\/td>\n<td style=\"border-style: double; border-color: #000000; width: 167.152%; height: 64px;\" width=\"279\">Data Science i sztuczna inteligencja<\/td>\n<\/tr>\n<tr style=\"height: 64px;\">\n<td style=\"border-style: double; border-color: #000000; width: 44.2857%; height: 64px;\" width=\"247\"><strong>W4<br \/>\nWydzia\u0142 Nauk \u015acis\u0142ych i Technicznych<\/strong><\/td>\n<td style=\"border-style: double; border-color: #000000; width: 8.75411%; height: 64px;\" width=\"51\">St.<\/td>\n<td style=\"border-style: double; border-color: #000000; width: 167.152%; height: 64px;\" width=\"279\">Informatyka<\/td>\n<\/tr>\n<tr style=\"height: 64px;\">\n<td style=\"border-style: double; border-color: #000000; width: 44.2857%; height: 64px;\" width=\"247\"><strong>W4<br \/>\nWydzia\u0142 Nauk \u015acis\u0142ych i Technicznych<\/strong><\/td>\n<td style=\"border-style: double; border-color: #000000; width: 8.75411%; height: 64px;\" width=\"51\"><strong><em>NSt.<\/em><\/strong><\/td>\n<td style=\"border-style: double; border-color: #000000; width: 167.152%; height: 64px;\" width=\"279\"><strong><em>Informatyka<\/em><\/strong><\/td>\n<\/tr>\n<tr style=\"height: 64px;\">\n<td style=\"border-style: double; border-color: #000000; width: 44.2857%; height: 64px;\" width=\"247\"><strong>W4<br \/>\nWydzia\u0142 Nauk \u015acis\u0142ych i Technicznych<\/strong><\/td>\n<td style=\"border-style: double; border-color: #000000; width: 8.75411%; height: 64px;\" width=\"51\">St.<\/td>\n<td style=\"border-style: double; border-color: #000000; width: 167.152%; height: 64px;\" width=\"279\">Informatyka stosowana<\/td>\n<\/tr>\n<tr style=\"height: 64px;\">\n<td style=\"border-style: double; border-color: #000000; width: 44.2857%; height: 64px;\" width=\"247\"><strong>W4<br \/>\nWydzia\u0142 Nauk \u015acis\u0142ych i Technicznych<\/strong><\/td>\n<td style=\"border-style: double; border-color: #000000; width: 8.75411%; height: 64px;\" width=\"51\">St.<\/td>\n<td style=\"border-style: double; border-color: #000000; width: 167.152%; height: 64px;\" width=\"279\">In\u017cynieria biomedyczna<\/td>\n<\/tr>\n<tr style=\"height: 64px;\">\n<td style=\"border-style: double; border-color: #000000; width: 44.2857%; height: 64px;\" width=\"247\"><strong>W4<br \/>\nWydzia\u0142 Nauk \u015acis\u0142ych i Technicznych<\/strong><\/td>\n<td style=\"border-style: double; border-color: #000000; width: 8.75411%; height: 64px;\" width=\"51\">St.<\/td>\n<td style=\"border-style: double; border-color: #000000; width: 167.152%; height: 64px;\" width=\"279\">In\u017cynieria materia\u0142owa<\/td>\n<\/tr>\n<tr style=\"height: 64px;\">\n<td style=\"border-style: double; border-color: #000000; width: 44.2857%; height: 64px;\" width=\"247\"><strong>W4<br \/>\nWydzia\u0142 Nauk \u015acis\u0142ych i Technicznych<\/strong><\/td>\n<td style=\"border-style: double; border-color: #000000; width: 8.75411%; height: 64px;\" width=\"51\">St.<\/td>\n<td style=\"border-style: double; border-color: #000000; width: 167.152%; height: 64px;\" width=\"279\">Matematyka<\/td>\n<\/tr>\n<tr style=\"height: 64px;\">\n<td style=\"border-style: double; border-color: #000000; width: 44.2857%; height: 64px;\" width=\"247\"><strong>W4<br \/>\nWydzia\u0142 Nauk \u015acis\u0142ych i Technicznych<\/strong><\/td>\n<td style=\"border-style: double; border-color: #000000; width: 8.75411%; height: 64px;\" width=\"51\">St.<\/td>\n<td style=\"border-style: double; border-color: #000000; width: 167.152%; height: 64px;\" width=\"279\">Mechatronika<\/td>\n<\/tr>\n<\/tbody>\n<\/table>\n<p>&nbsp;<\/p>\n<p><span style=\"font-size: 12pt;\"><strong>Wymagany poziom bieg\u0142o\u015bci absolwenta<\/strong><\/span><\/p>\n<p><span style=\"font-size: 12pt;\">Wyb\u00f3r j\u0119zyka i poziomu lektoratu jest bardzo wa\u017cny \u2013 zgodnie z obowi\u0105zuj\u0105cymi przepisami ka\u017cdy absolwent studi\u00f3w pierwszego stopnia jest zobowi\u0105zany do wykazania si\u0119 znajomo\u015bci\u0105 j\u0119zyka obcego na poziomie B2, za\u015b absolwent studi\u00f3w jednolitych magisterskich \u2013 na poziomie B2+.<\/span><\/p>\n<p><span style=\"font-size: 12pt;\">Studium Praktycznej Nauki J\u0119zyk\u00f3w umo\u017cliwia studentom osi\u0105gni\u0119cie wymaganej bieg\u0142o\u015bci j\u0119zykowej poprzez uczestnictwo w zaj\u0119ciach lektoratowych. Studenci mog\u0105 r\u00f3wnie\u017c skorzysta\u0107 z dodatkowej oferty kurs\u00f3w dokszta\u0142caj\u0105cych SPNJO (<a href=\"https:\/\/us.edu.pl\/kolegium\/spnjo\/poza-lektoratem\/kursy\/\">https:\/\/us.edu.pl\/kolegium\/spnjo\/poza-lektoratem\/kursy\/<\/a>)<\/span><\/p>\n<p><span style=\"font-size: 12pt;\">Student wykazuje osi\u0105gni\u0119t\u0105 bieg\u0142o\u015b\u0107 j\u0119zykow\u0105 poprzez zdanie egzaminu po\u015bwiadczaj\u0105cego lub certyfikuj\u0105cego na odpowiednim poziomie lub przed\u0142o\u017cenie stosownego certyfikatu bieg\u0142o\u015bci j\u0119zykowej.<\/span><\/p>\n<p><span style=\"font-size: 12pt;\">Po\u015bwiadczeniem osi\u0105gni\u0119cia wymaganego poziomu jest r\u00f3wnie\u017c realizacja czterech semestr\u00f3w lektoratu tego samego j\u0119zyka na poziomie co najmniej B2 i uzyskanie \u015bredniej z 4 semestr\u00f3w co najmniej 4,5.<\/span><\/p>\n<p><span style=\"font-size: 12pt;\">Zapraszamy do wykonania diagnozy j\u0119zykowej i odpowiedniego wyboru lektoratu.<\/span><\/p>\n<p><span style=\"font-size: 12pt;\"><strong>Organizacja zaj\u0119\u0107 j\u0119zykowych<\/strong><\/span><\/p>\n<p><span style=\"font-size: 12pt;\">W zwi\u0105zku z wprowadzeniem przez Uniwersytet \u015al\u0105ski nowej koncepcji studi\u00f3w od roku akademickiego 2024\/25\u00a0 nauczanie j\u0119zyk\u00f3w obcych w Uniwersytecie \u015al\u0105skim prowadzone jest wed\u0142ug dw\u00f3ch system\u00f3w:<\/span><\/p>\n<ol>\n<li><span style=\"font-size: 12pt;\">dla kierunk\u00f3w, kt\u00f3re realizuj\u0105 dotychczasow\u0105 koncepcj\u0119 studi\u00f3w<\/span><\/li>\n<li><span style=\"font-size: 12pt;\">dla kierunk\u00f3w, kt\u00f3re realizuj\u0105 now\u0105 koncepcj\u0119 studi\u00f3w.<\/span><\/li>\n<\/ol>\n<p><span style=\"font-size: 12pt;\"><u>System lektorat\u00f3w dla dotychczasowej koncepcji studi\u00f3w:<\/u> obecnie tylko II rok na wybranych kierunkach<\/span><\/p>\n<p><span style=\"font-size: 12pt;\">\u2013 lektorat rozpocz\u0105\u0142 si\u0119 w semestrze zimowym 2024\/25;<\/span><br \/>\n<span style=\"font-size: 12pt;\">\u2013 lektorat prowadzony jest przez 4 semestry, z kt\u00f3rych czwarty \u00a0( czerwiec 2026) ko\u0144czy si\u0119 egzaminem ko\u0144cz\u0105cym lektorat.<\/span><\/p>\n<p><span style=\"font-size: 12pt;\"><u>System lektorat\u00f3w dla nowej koncepcji studi\u00f3w:<\/u> od naboru 2025\/26 \u2013 wszystkie kierunki<\/span><\/p>\n<p><span style=\"font-size: 12pt;\">\u2013 lektorat rozpoczyna si\u0119 w semestrze letnim 2025\/26;<\/span><br \/>\n<span style=\"font-size: 12pt;\">\u2013 lektorat prowadzony jest przez 4 semestry, z kt\u00f3rych ka\u017cdy ko\u0144czy si\u0119 zaliczeniem;<\/span><br \/>\n<span style=\"font-size: 12pt;\">\u2013 szczeg\u00f3\u0142y w Zarz\u0105dzeniu Rektora nr 182 Rektora Uniwersytetu \u015al\u0105skiego w Katowicach z dnia 29 listopada 2023 r. w sprawie szczeg\u00f3\u0142owych zasad prowadzenia lektorat\u00f3w z j\u0119zyk\u00f3w obcych <\/span><span style=\"font-size: 12pt;\"><a href=\"https:\/\/aktyprawne.us.edu.pl\/423-lista\/d\/6915\/5\/?reporef=%2F%3Fsearch-global%3DZArz%25c4%2585dzenie%2B182%252f2023\">LINK do Zarz\u0105dzenia 182<\/a>.<\/span><\/p>\n<p><span style=\"font-size: 12pt;\"><strong>WA\u017bNE<\/strong><\/span><\/p>\n<p><span style=\"font-size: 12pt;\">Warunkiem uczestnictwa w lektoracie realizowanym przez SPNJO jest w\u0142a\u015bciwe zarejestrowanie si\u0119 do grupy w terminie internetowej rejestracji.<\/span><\/p>\n<p><span style=\"font-size: 12pt;\"><strong>Terminy rejestracji <\/strong>podane s\u0105 na stronie SPNJO w zak\u0142adce &gt; lektorat &gt; pierwsze kroki &gt; <a href=\"https:\/\/us.edu.pl\/kolegium\/spnjo\/lektorat\/pierwsze-kroki\/rejestracja\/\">rejestracja<\/a><\/span><\/p>\n<p><span style=\"font-size: 12pt;\"><strong>Wszystkie osoby studiuj\u0105ce \u00a0<\/strong>wykonuj\u0105 <strong>diagnoz\u0119.<\/strong><\/span><\/p>\n<p><span style=\"font-size: 12pt;\"><strong>Dokumenty zwalniaj\u0105ce z uczestnictwa w lektoracie:<br \/>\n<\/strong>Posiadasz certyfikat, kt\u00f3ry znajduje si\u0119 w <a href=\"https:\/\/us.edu.pl\/kolegium\/spnjo\/wp-content\/uploads\/sites\/65\/Bez-kategorii\/ZALACZNIK-DO-ZARZADZENIA-182_2023.pdf\" class=\"mtli_attachment mtli_pdf\">KATALOGU<\/a> dokument\u00f3w b\u0119d\u0105cym za\u0142\u0105cznikiem do <a href=\"https:\/\/aktyprawne.us.edu.pl\/d\/6915\/5\/\">Zarz\u0105dzenia Rektora nr 182\/2023<\/a>\u00a0i chcesz si\u0119 zwolni\u0107 z uczestnictwa w lektoracie?<\/span><br \/>\n<span style=\"font-size: 12pt;\">Nie musisz wype\u0142nia\u0107 diagnozy!<\/span><\/p>\n<p><span style=\"font-size: 12pt;\">Wystarczy, \u017ce uzupe\u0142nisz <a href=\"https:\/\/formularze.us.edu.pl\/form\/index\/6508\">FORMULARZ<\/a>, w kt\u00f3rym do\u0142\u0105czysz certyfikat lub inny dokument. Zostanie on zweryfikowany. Po potwierdzeniu poprawno\u015bci dokument\u00f3w w czasie <a href=\"https:\/\/us.edu.pl\/kolegium\/spnjo\/lektorat\/moj-lektorat\/rejestracja-terminy\/\">REJESTRACJI<\/a> (w USOSweb) zapisz si\u0119 do grupy nr 1 na odpowiedni j\u0119zyk i poziom.<\/span><\/p>\n<p><span style=\"font-size: 12pt;\">Jak\u0105 ocen\u0119 mo\u017cesz uzyska\u0107 za konkretny certyfikat? Sprawd\u017a:<\/span><\/p>\n<p><span style=\"font-size: 12pt;\">\u2013 j\u0119zyk angielski: <a href=\"https:\/\/us.edu.pl\/kolegium\/spnjo\/wp-content\/uploads\/sites\/65\/Bez-kategorii\/Certyfikaty_oceny_j.ang_.pdf\" class=\"mtli_attachment mtli_pdf\">Certyfikaty_oceny_j.ang<\/a><\/span><br \/>\n<span style=\"font-size: 12pt;\">\u2013 j\u0119zyk francuski: <a href=\"https:\/\/us.edu.pl\/kolegium\/spnjo\/wp-content\/uploads\/sites\/65\/Bez-kategorii\/Certyfikaty_oceny_j.fran_.pdf\" class=\"mtli_attachment mtli_pdf\">Certyfikaty_oceny_j.fran<\/a><\/span><br \/>\n<span style=\"font-size: 12pt;\">\u2013 j\u0119zyk hiszpa\u0144ski: <a href=\"https:\/\/us.edu.pl\/kolegium\/spnjo\/wp-content\/uploads\/sites\/65\/Bez-kategorii\/Certyfikaty_oceny_j.hiszp_.pdf\" class=\"mtli_attachment mtli_pdf\">Certyfikaty_oceny_j.hiszp<\/a><\/span><br \/>\n<span style=\"font-size: 12pt;\">\u2013 j\u0119zyk niemiecki: <a href=\"https:\/\/us.edu.pl\/kolegium\/spnjo\/wp-content\/uploads\/sites\/65\/Bez-kategorii\/Certyfikaty_oceny_j.niem_.pdf\" class=\"mtli_attachment mtli_pdf\">Certyfikaty_oceny_j.niem<\/a><\/span><br \/>\n<span style=\"font-size: 12pt;\">\u2013 j\u0119zyk rosyjski: <a href=\"https:\/\/us.edu.pl\/kolegium\/spnjo\/wp-content\/uploads\/sites\/65\/Bez-kategorii\/Certyfikaty_oceny_j.ros_.pdf\" class=\"mtli_attachment mtli_pdf\">Certyfikaty_oceny_j.ros<\/a><\/span><\/p>\n<p>[\/vc_column_text][\/vc_column][\/vc_row]<\/p>","protected":false},"excerpt":{"rendered":"<p>[vc_row el_class=&#8221;container&#8221;][vc_column][vc_column_text] &nbsp; Informacje og\u00f3lne Nauczanie j\u0119zyk\u00f3w obcych w ramach lektorat\u00f3w na studiach stacjonarnych pierwszego stopnia oraz stacjonarnych jednolitych magisterskich prowadzone jest z j\u0119zyk\u00f3w: \u2013 angielskiego na poziomie od A2 do C1 \u2013 francuskiego na poziomie od A1 do B2 \u2013 hiszpa\u0144skiego na poziomie od A1 do B2 \u2013 niemieckiego na poziomie od A1 do [&#8230;]<\/p>\n<p><a class=\"btn btn-secondary understrap-read-more-link\" href=\"https:\/\/us.edu.pl\/kolegium\/spnjo\/lektorat\/pierwsze-kroki\/wazne-na-poczatek\/\">Read More&#8230;<\/a><\/p>\n","protected":false},"author":25,"featured_media":0,"parent":108,"menu_order":1,"comment_status":"closed","ping_status":"closed","template":"","meta":{"_expiration-date-status":"","_expiration-date":0,"_expiration-date-type":"","_expiration-date-categories":[],"_expiration-date-options":[]},"acf":[],"_links":{"self":[{"href":"https:\/\/us.edu.pl\/kolegium\/spnjo\/wp-json\/wp\/v2\/pages\/110"}],"collection":[{"href":"https:\/\/us.edu.pl\/kolegium\/spnjo\/wp-json\/wp\/v2\/pages"}],"about":[{"href":"https:\/\/us.edu.pl\/kolegium\/spnjo\/wp-json\/wp\/v2\/types\/page"}],"author":[{"embeddable":true,"href":"https:\/\/us.edu.pl\/kolegium\/spnjo\/wp-json\/wp\/v2\/users\/25"}],"replies":[{"embeddable":true,"href":"https:\/\/us.edu.pl\/kolegium\/spnjo\/wp-json\/wp\/v2\/comments?post=110"}],"version-history":[{"count":11,"href":"https:\/\/us.edu.pl\/kolegium\/spnjo\/wp-json\/wp\/v2\/pages\/110\/revisions"}],"predecessor-version":[{"id":4510,"href":"https:\/\/us.edu.pl\/kolegium\/spnjo\/wp-json\/wp\/v2\/pages\/110\/revisions\/4510"}],"up":[{"embeddable":true,"href":"https:\/\/us.edu.pl\/kolegium\/spnjo\/wp-json\/wp\/v2\/pages\/108"}],"wp:attachment":[{"href":"https:\/\/us.edu.pl\/kolegium\/spnjo\/wp-json\/wp\/v2\/media?parent=110"}],"curies":[{"name":"wp","href":"https:\/\/api.w.org\/{rel}","templated":true}]}}