{"id":126,"date":"2021-07-07T11:15:09","date_gmt":"2021-07-07T09:15:09","guid":{"rendered":"https:\/\/us.edu.pl\/kolegium\/spnjo\/?page_id=126"},"modified":"2026-03-26T17:25:36","modified_gmt":"2026-03-26T16:25:36","slug":"konsultacje","status":"publish","type":"page","link":"https:\/\/us.edu.pl\/kolegium\/spnjo\/lektorat\/moj-lektorat\/konsultacje\/","title":{"rendered":"konsultacje"},"content":{"rendered":"<p>[vc_row el_class=&#8221;container&#8221;][vc_column][vc_column_text]<\/p>\n<p>&nbsp;<\/p>\n<div class=\"vc_row wpb_row vc_row-fluid container vc_custom_1727351754482\">\n<div class=\"wpb_column vc_column_container vc_col-sm-12\">\n<div class=\"vc_column-inner\">\n<div class=\"wpb_wrapper\">\n<div class=\"wpb_text_column wpb_content_element \">\n<div class=\"wpb_wrapper\">\n<p>Osoby studiuj\u0105ce, kt\u00f3re wykona\u0142y test diagnostyczny z j\u0119zyka obcego, mog\u0105 skorzysta\u0107 ze wsparcia lektor\u00f3w SPNJO w wyborze dalszej \u015bcie\u017cki kszta\u0142cenia j\u0119zykowego w Punkcie Konsultacyjnym:<\/p>\n<p>&nbsp;<\/p>\n<p>KATOWICE,<br \/>\nul. Bankowa 14 p. 365 od poniedzia\u0142ku do pi\u0105tku godz.: 9.00-14.00. <strong>W dniach 2, 3 i 7 kwietnia br. Punkt Konsultacyjny b\u0119dzie nieczynny<\/strong><\/p>\n<p>W podanym czasie konsultacje dost\u0119pne r\u00f3wnie\u017c na MS Teams: link: <a href=\"https:\/\/teams.microsoft.com\/meet\/37291018154846?p=nuQk09AJOeljfKbb3m\" target=\"_blank\" rel=\"noopener noreferrer\">Punkt konsultacyjny SPNJO Katowice | Do\u0142\u0105czanie do spotkania | Microsoft Teams<\/a><\/p>\n<p>CIESZYN,<\/p>\n<p>ul. Bielska 62, s. B4.6, we wtorek i czwartek, godz.: 13:00 \u2013 13:45. <strong>W dniach 2, 3 i 7 kwietnia br. Punkt Konsultacyjny b\u0119dzie nieczynny<\/strong><\/p>\n<p>W podanym czasie konsultacje dost\u0119pne r\u00f3wnie\u017c na MS Teams: link: <a href=\"https:\/\/teams.microsoft.com\/l\/meetup-join\/19%3ameeting_MDIxODE0OGQtYjZjNi00YjMyLWEzYzktMjVhMTM5ZTk4YjE1%40thread.v2\/0?context=%7b%22Tid%22%3a%2250c76291-0c80-4444-a2fb-4f8ab168c311%22%2c%22Oid%22%3a%220fcb719e-e383-4ab4-afa8-c1f2a9976bac%22%7d\" target=\"_blank\" rel=\"noopener noreferrer\">Punkt konsultacyjny SPNJO Cieszyn | Do\u0142\u0105czanie do spotkania | Microsoft Teams<\/a><\/p>\n<p>&nbsp;<\/p>\n<p><a href=\"https:\/\/usosweb.us.edu.pl\/kontroler.php?_action=katalog2\/osoby\/pokazOsobe&amp;os_id=8262\">dr Beata Abdallah-Krzepkowska<\/a><\/p>\n<p><a href=\"https:\/\/usosweb.us.edu.pl\/kontroler.php?_action=katalog2\/osoby\/pokazOsobe&amp;os_id=6069\">mgr Agata Adamczyk \u2013 Gzara<\/a> (Zesp\u00f3\u0142 j\u0119zyk\u00f3w germa\u0144skich, roma\u0144skich, s\u0142owia\u0144skich i klasycznych; <strong><em>Z-ca Dyrektora SPNJO<\/em><\/strong>)<\/p>\n<p><a href=\"https:\/\/usosweb.us.edu.pl\/kontroler.php?_action=katalog2\/osoby\/pokazOsobe&amp;os_id=8181\">mgr Katarzyna Bana\u015b \u2013 Sieradzka<\/a> (Zesp\u00f3\u0142 j\u0119zyka angielskiego)<\/p>\n<p><a href=\"https:\/\/usosweb.us.edu.pl\/kontroler.php?_action=katalog2\/osoby\/pokazOsobe&amp;os_id=43339\">dr Swiet\u0142ana Biczak<\/a><\/p>\n<p><a href=\"https:\/\/usosweb.us.edu.pl\/kontroler.php?_action=katalog2\/osoby\/pokazOsobe&amp;os_id=95415\">mgr Agata Ciencia\u0142a<\/a> (Zesp\u00f3\u0142 j\u0119zyka angielskiego)<\/p>\n<p><a href=\"https:\/\/usosweb.us.edu.pl\/kontroler.php?_action=katalog2\/osoby\/pokazOsobe&amp;os_id=95514\">mgr Zdzis\u0142aw Ciuk<\/a> (Zesp\u00f3\u0142 j\u0119zyka angielskiego; <strong><em>Z-ca Dyrektora SPNJO<\/em><\/strong>)<\/p>\n<p><a href=\"https:\/\/usosweb.us.edu.pl\/kontroler.php?_action=katalog2\/osoby\/pokazOsobe&amp;os_id=245396\">mgr Adela Dvorakova<\/a><\/p>\n<p><a href=\"https:\/\/usosweb.us.edu.pl\/kontroler.php?_action=katalog2\/osoby\/pokazOsobe&amp;os_id=168785\">mgr Katarzyna Faliszewska-\u0141ukasik<\/a> (Zesp\u00f3\u0142 j\u0119zyka angielskiego)<\/p>\n<p><a href=\"https:\/\/usosweb.us.edu.pl\/kontroler.php?_action=katalog2\/osoby\/pokazOsobe&amp;os_id=95368\">mgr Krzysztof Franek<\/a> (Zesp\u00f3\u0142 j\u0119zyka angielskiego)<\/p>\n<p><a href=\"https:\/\/usosweb.us.edu.pl\/kontroler.php?_action=katalog2\/osoby\/pokazOsobe&amp;os_id=5991\">dr Aleksandra Golik \u2013 Prus<\/a> (Zesp\u00f3\u0142 j\u0119zyk\u00f3w germa\u0144skich, roma\u0144skich, s\u0142owia\u0144skich i klasycznych)<\/p>\n<p><a href=\"https:\/\/usosweb.us.edu.pl\/kontroler.php?_action=katalog2\/osoby\/pokazOsobe&amp;os_id=80779\">dr hab. Dorota Go\u0142ek-Sepetliewa<\/a><\/p>\n<p><a href=\"https:\/\/usosweb.us.edu.pl\/kontroler.php?_action=katalog2\/osoby\/pokazOsobe&amp;os_id=8218\">mgr Marcin Gorgol<\/a> (Zesp\u00f3\u0142 j\u0119zyka angielskiego)<\/p>\n<p><a href=\"https:\/\/usosweb.us.edu.pl\/kontroler.php?_action=katalog2\/osoby\/pokazOsobe&amp;os_id=7683\">mgr Katarzyna Gronowska<\/a> (Zesp\u00f3\u0142 j\u0119zyka angielskiego)<\/p>\n<p><a href=\"https:\/\/usosweb.us.edu.pl\/kontroler.php?_action=katalog2\/osoby\/pokazOsobe&amp;os_id=6152\">mgr Jerzy Gzara<\/a> (Zesp\u00f3\u0142 j\u0119zyk\u00f3w germa\u0144skich, roma\u0144skich, s\u0142owia\u0144skich i klasycznych)<\/p>\n<p><a href=\"https:\/\/usosweb.us.edu.pl\/kontroler.php?_action=katalog2\/osoby\/pokazOsobe&amp;os_id=6076\">mgr Joanna Jakubiec \u2013Bontko<\/a> (Zesp\u00f3\u0142 j\u0119zyka angielskiego)<\/p>\n<p><a href=\"https:\/\/usosweb.us.edu.pl\/kontroler.php?_action=katalog2\/osoby\/pokazOsobe&amp;os_id=5800\">dr Tomasz Jarczyk<\/a> (Zesp\u00f3\u0142 j\u0119zyka angielskiego)<\/p>\n<p><a href=\"https:\/\/usosweb.us.edu.pl\/kontroler.php?_action=katalog2\/osoby\/pokazOsobe&amp;os_id=7575\">dr Ryszard Kalamarz, prof. U\u015a\u00a0<\/a> (Zesp\u00f3\u0142 j\u0119zyka angielskiego; <strong><em>Dyrektor SPNJO<\/em><\/strong>)<\/p>\n<p><a href=\"https:\/\/usosweb.us.edu.pl\/kontroler.php?_action=katalog2\/osoby\/pokazOsobe&amp;os_id=7468\">mgr Liliana Ka\u0142afatiuk<\/a> (Zesp\u00f3\u0142 j\u0119zyka angielskiego)<\/p>\n<p><a href=\"https:\/\/usosweb.us.edu.pl\/kontroler.php?_action=katalog2\/osoby\/pokazOsobe&amp;os_id=7599\">mgr Ewa Karolczak \u2013 Wawrza\u0142a<\/a> (Zesp\u00f3\u0142 j\u0119zyka angielskiego)<\/p>\n<p><a href=\"https:\/\/usosweb.us.edu.pl\/kontroler.php?_action=katalog2\/osoby\/pokazOsobe&amp;os_id=251939\">mgr Lidia Karpacz<\/a> (Zesp\u00f3\u0142 j\u0119zyk\u00f3w germa\u0144skich, roma\u0144skich, s\u0142owia\u0144skich i klasycznych)<\/p>\n<p><a href=\"https:\/\/usosweb.us.edu.pl\/kontroler.php?_action=katalog2\/osoby\/pokazOsobe&amp;os_id=238485\">dr Justyna Kendik \u2013 Gut<\/a> (Zesp\u00f3\u0142 j\u0119zyka angielskiego; <strong><em>Z-ca Dyrektora SPNJO<\/em><\/strong>)<\/p>\n<p><a href=\"https:\/\/usosweb.us.edu.pl\/kontroler.php?_action=katalog2\/osoby\/pokazOsobe&amp;os_id=6056\">mgr Katarzyna Kiszka<\/a> (Zesp\u00f3\u0142 j\u0119zyka angielskiego)<\/p>\n<p><a href=\"https:\/\/usosweb.us.edu.pl\/kontroler.php?_action=katalog2\/osoby\/pokazOsobe&amp;os_id=5890\">mgr Anna Kluczka<\/a> (Zesp\u00f3\u0142 j\u0119zyka angielskiego)<\/p>\n<p><a href=\"https:\/\/usosweb.us.edu.pl\/kontroler.php?_action=katalog2\/osoby\/pokazOsobe&amp;os_id=224900\">dr Justyna Krawczyk<\/a><\/p>\n<p><a href=\"https:\/\/usosweb.us.edu.pl\/kontroler.php?_action=katalog2\/osoby\/pokazOsobe&amp;os_id=7294\">mgr Marzena Maciejko<\/a> (Zesp\u00f3\u0142 j\u0119zyka angielskiego)<\/p>\n<p><a href=\"https:\/\/usosweb.us.edu.pl\/kontroler.php?_action=katalog2\/osoby\/pokazOsobe&amp;os_id=8291\">dr Bogdan Moczko<\/a> (Zesp\u00f3\u0142 j\u0119zyka angielskiego)<\/p>\n<p><a href=\"https:\/\/usosweb.us.edu.pl\/kontroler.php?_action=katalog2\/osoby\/pokazOsobe&amp;os_id=5950\">mgr Lucyna Niedobecka<\/a> (Zesp\u00f3\u0142 j\u0119zyka angielskiego; <strong><em>Kierownik zespo\u0142u j\u0119zyka angielskiego<\/em><\/strong>)<\/p>\n<p><a href=\"https:\/\/usosweb.us.edu.pl\/kontroler.php?_action=katalog2\/osoby\/pokazOsobe&amp;os_id=7074\">dr Izabela Nowak, prof. U\u015a<\/a> (Zesp\u00f3\u0142 j\u0119zyk\u00f3w germa\u0144skich, roma\u0144skich, s\u0142owia\u0144skich i klasycznych)<\/p>\n<p><a href=\"https:\/\/usosweb.us.edu.pl\/kontroler.php?_action=katalog2\/osoby\/pokazOsobe&amp;os_id=185963\">mgr Kinga P\u00f3\u0142rolniczak<\/a> (Zesp\u00f3\u0142 j\u0119zyka angielskiego)<\/p>\n<p><a href=\"https:\/\/usosweb.us.edu.pl\/kontroler.php?_action=katalog2\/osoby\/pokazOsobe&amp;os_id=6140\">mgr Jadwiga Pu\u0142awska<\/a> (Zesp\u00f3\u0142 j\u0119zyka angielskiego)<\/p>\n<p><a href=\"https:\/\/usosweb.us.edu.pl\/kontroler.php?_action=katalog2\/osoby\/pokazOsobe&amp;os_id=8231\">mgr Katarzyna Radzi\u0119da<\/a> (Zesp\u00f3\u0142 j\u0119zyka angielskiego)<\/p>\n<p><a href=\"https:\/\/usosweb.us.edu.pl\/kontroler.php?_action=katalog2\/osoby\/pokazOsobe&amp;os_id=6195\">mgr Krystyna Rzepecka \u2013 Kloc<\/a> (Zesp\u00f3\u0142 j\u0119zyk\u00f3w germa\u0144skich, roma\u0144skich, s\u0142owia\u0144skich i klasycznych)<\/p>\n<p><a href=\"https:\/\/usosweb.us.edu.pl\/kontroler.php?_action=katalog2\/osoby\/pokazOsobe&amp;os_id=52914\">mgr Joanna So\u0142tysik<\/a> (Zesp\u00f3\u0142 j\u0119zyk\u00f3w germa\u0144skich, roma\u0144skich, s\u0142owia\u0144skich i klasycznych)<\/p>\n<p><a href=\"https:\/\/usosweb.us.edu.pl\/kontroler.php?_action=katalog2\/osoby\/pokazOsobe&amp;os_id=95397\">dr Maria Stec, prof. U\u015a<\/a> (Zesp\u00f3\u0142 j\u0119zyka angielskiego)<\/p>\n<p><a href=\"https:\/\/usosweb.us.edu.pl\/kontroler.php?_action=katalog2\/osoby\/pokazOsobe&amp;os_id=205170\">mgr Natalia Szkop<\/a> (Zesp\u00f3\u0142 j\u0119zyka angielskiego)<\/p>\n<p><a href=\"https:\/\/usosweb.us.edu.pl\/kontroler.php?_action=katalog2\/osoby\/pokazOsobe&amp;os_id=6545\">mgr Marzanna Tatara<\/a> (Zesp\u00f3\u0142 j\u0119zyk\u00f3w germa\u0144skich, roma\u0144skich, s\u0142owia\u0144skich i klasycznych)<\/p>\n<p><a href=\"https:\/\/usosweb.us.edu.pl\/kontroler.php?_action=katalog2\/osoby\/pokazOsobe&amp;os_id=5805\">mgr Ilona Wabik<\/a> (Zesp\u00f3\u0142 j\u0119zyk\u00f3w germa\u0144skich, roma\u0144skich, s\u0142owia\u0144skich i klasycznych; <strong><em>Kierownik zespo\u0142u j\u0119zyk\u00f3w germa\u0144skich, roma\u0144skich, s\u0142owia\u0144skich i klasycznych<\/em><\/strong>)<\/p>\n<p><a href=\"https:\/\/usosweb.us.edu.pl\/kontroler.php?_action=katalog2\/osoby\/pokazOsobe&amp;os_id=6090\">mgr Iwona Wi\u0105k \u2013 Domka<\/a> (Zesp\u00f3\u0142 j\u0119zyka angielskiego)<\/p>\n<p><a href=\"https:\/\/usosweb.us.edu.pl\/kontroler.php?_action=katalog2\/osoby\/pokazOsobe&amp;os_id=122948\">dr Ma\u0142gorzata Wronka<\/a>\u00a0(Zesp\u00f3\u0142 j\u0119zyka angielskiego)<\/p>\n<p><a href=\"https:\/\/usosweb.us.edu.pl\/kontroler.php?_action=katalog2\/osoby\/pokazOsobe&amp;os_id=126771\">dr Ryszard Wylecio\u0142<\/a><\/p>\n<p><a href=\"https:\/\/usosweb.us.edu.pl\/kontroler.php?_action=katalog2\/osoby\/pokazOsobe&amp;os_id=95433\">mgr Aleksandra \u017bo\u0142nowska<\/a> (Zesp\u00f3\u0142 j\u0119zyk\u00f3w germa\u0144skich, roma\u0144skich, s\u0142owia\u0144skich i klasycznych)<\/p>\n<\/div>\n<\/div>\n<\/div>\n<\/div>\n<\/div>\n<\/div>\n<p>[\/vc_column_text][\/vc_column][\/vc_row]<\/p>","protected":false},"excerpt":{"rendered":"<p>[vc_row el_class=&#8221;container&#8221;][vc_column][vc_column_text] &nbsp; Osoby studiuj\u0105ce, kt\u00f3re wykona\u0142y test diagnostyczny z j\u0119zyka obcego, mog\u0105 skorzysta\u0107 ze wsparcia lektor\u00f3w SPNJO w wyborze dalszej \u015bcie\u017cki kszta\u0142cenia j\u0119zykowego w Punkcie Konsultacyjnym: &nbsp; KATOWICE, ul. Bankowa 14 p. 365 od poniedzia\u0142ku do pi\u0105tku godz.: 9.00-14.00. W dniach 2, 3 i 7 kwietnia br. Punkt Konsultacyjny b\u0119dzie nieczynny W podanym czasie [&#8230;]<\/p>\n<p><a class=\"btn btn-secondary understrap-read-more-link\" href=\"https:\/\/us.edu.pl\/kolegium\/spnjo\/lektorat\/moj-lektorat\/konsultacje\/\">Read More&#8230;<\/a><\/p>\n","protected":false},"author":25,"featured_media":0,"parent":120,"menu_order":3,"comment_status":"closed","ping_status":"closed","template":"","meta":{"_expiration-date-status":"saved","_expiration-date":0,"_expiration-date-type":"","_expiration-date-categories":[],"_expiration-date-options":[]},"acf":[],"_links":{"self":[{"href":"https:\/\/us.edu.pl\/kolegium\/spnjo\/wp-json\/wp\/v2\/pages\/126"}],"collection":[{"href":"https:\/\/us.edu.pl\/kolegium\/spnjo\/wp-json\/wp\/v2\/pages"}],"about":[{"href":"https:\/\/us.edu.pl\/kolegium\/spnjo\/wp-json\/wp\/v2\/types\/page"}],"author":[{"embeddable":true,"href":"https:\/\/us.edu.pl\/kolegium\/spnjo\/wp-json\/wp\/v2\/users\/25"}],"replies":[{"embeddable":true,"href":"https:\/\/us.edu.pl\/kolegium\/spnjo\/wp-json\/wp\/v2\/comments?post=126"}],"version-history":[{"count":11,"href":"https:\/\/us.edu.pl\/kolegium\/spnjo\/wp-json\/wp\/v2\/pages\/126\/revisions"}],"predecessor-version":[{"id":4559,"href":"https:\/\/us.edu.pl\/kolegium\/spnjo\/wp-json\/wp\/v2\/pages\/126\/revisions\/4559"}],"up":[{"embeddable":true,"href":"https:\/\/us.edu.pl\/kolegium\/spnjo\/wp-json\/wp\/v2\/pages\/120"}],"wp:attachment":[{"href":"https:\/\/us.edu.pl\/kolegium\/spnjo\/wp-json\/wp\/v2\/media?parent=126"}],"curies":[{"name":"wp","href":"https:\/\/api.w.org\/{rel}","templated":true}]}}