{"id":1832,"date":"2023-12-20T14:52:56","date_gmt":"2023-12-20T13:52:56","guid":{"rendered":"https:\/\/us.edu.pl\/kolegium\/spnjo\/?page_id=1832"},"modified":"2025-06-10T12:57:55","modified_gmt":"2025-06-10T10:57:55","slug":"o-egzaminie-ep","status":"publish","type":"page","link":"https:\/\/us.edu.pl\/kolegium\/spnjo\/lektorat\/egzaminy\/egzamin-poswiadczajacy\/o-egzaminie-ep\/","title":{"rendered":"o egzaminie EP"},"content":{"rendered":"<p>[vc_row el_class=&#8221;container&#8221;][vc_column][vc_column_text]<\/p>\n<p style=\"text-align: justify;\">Zgodnie z obowi\u0105zuj\u0105cymi przepisami ka\u017cdy absolwent studi\u00f3w pierwszego stopnia jest zobowi\u0105zany do wykazania si\u0119 znajomo\u015bci\u0105 j\u0119zyka obcego na poziomie B2, za\u015b absolwent studi\u00f3w jednolitych magisterskich \u2013 na poziomie B2+.<\/p>\n<p style=\"text-align: justify;\">W celu umo\u017cliwienia studentom\u00a0 po\u015bwiadczenie osi\u0105gni\u0119cia wymaganej bieg\u0142o\u015bci j\u0119zykowej Studium Praktycznej Nauki J\u0119zyk\u00f3w przeprowadza\u00a0 egzaminy po\u015bwiadczaj\u0105ce kompetencje j\u0119zykowe na\u00a0poziomie B2 zgodnie z Europejskim Systemem Opisu Kszta\u0142cenia J\u0119zykowego.<\/p>\n<p style=\"text-align: justify;\">Na stacjonarnych jednolitych studiach magisterskich osoby studiuj\u0105ce, po uzyskaniu po\u015bwiadczenia osi\u0105gni\u0119cia poziomu bieg\u0142o\u015bci j\u0119zykowej B2, s\u0105 zobowi\u0105zane do osi\u0105gni\u0119cia dalszych efekt\u00f3w uczenia si\u0119 w zakresie nauki j\u0119zyka obcego na poziomie B2+.<\/p>\n<p style=\"text-align: justify;\"><strong>Dla kogo?<\/strong><\/p>\n<p style=\"text-align: justify;\">Zgodnie z zarz\u0105dzeniem Rektora Uniwersytetu \u015al\u0105skiego nr 182\/2023, osoby studiuj\u0105ce musz\u0105 potwierdzi\u0107 posiadanie wymaganego poziomu kompetencji j\u0119zykowych w czasie trwania studi\u00f3w, lecz nie p\u00f3\u017aniej ni\u017c do ko\u0144ca ostatniego semestru studi\u00f3w.<\/p>\n<p style=\"text-align: justify;\">Do egzaminu mog\u0105 przyst\u0105pi\u0107 wszystkie osoby studiuj\u0105ce w Uniwersytecie \u015al\u0105skim, kt\u00f3re w roku akademickim 2023\/24 i 2024\/25 podj\u0119\u0142y studia 1-go stopnia lub jednolite magisterskie na kierunku obj\u0119tym Now\u0105 Koncepcj\u0105 Studi\u00f3w.<\/p>\n<p style=\"text-align: justify;\">Osoby studiuj\u0105ce mog\u0105 potwierdzi\u0107 posiadanie wymaganego poziomu kompetencji j\u0119zykowych w czasie trwania studi\u00f3w, lecz nie p\u00f3\u017aniej ni\u017c do ko\u0144ca ostatniego semestru studi\u00f3w.<\/p>\n<p style=\"text-align: justify;\"><strong>J\u0119zyki<\/strong><\/p>\n<p style=\"text-align: justify;\">SPNJO przeprowadza egzaminy po\u015bwiadczaj\u0105ce z nast\u0119puj\u0105cych j\u0119zyk\u00f3w:<\/p>\n<ul style=\"text-align: justify;\">\n<li>angielskiego,<\/li>\n<li>francuskiego,<\/li>\n<li>hiszpa\u0144skiego,<\/li>\n<li>niemieckiego,<\/li>\n<li>rosyjskiego.<\/li>\n<\/ul>\n<p style=\"text-align: justify;\">Egzamin po\u015bwiadczaj\u0105cy odbywa si\u0119 w wyznaczonym terminie we wskazanych lokalizacjach w tym samym czasie.<\/p>\n<p>Na platformie e-learningowej znajduj\u0105 si\u0119 egzaminy pr\u00f3bne: <a href=\"https:\/\/el.us.edu.pl\/spnjo\/course\/index.php?categoryid=61\">https:\/\/el.us.edu.pl\/spnjo\/course\/index.php?categoryid=61<\/a><\/p>\n<p style=\"text-align: justify;\"><strong>Liczba bezp\u0142atnych podej\u015b\u0107<\/strong><\/p>\n<p style=\"text-align: justify;\">W czasie trwania studi\u00f3w osoba studiuj\u0105ca ma prawo przyst\u0105pi\u0107 bezp\u0142atnie do egzaminu po\u015bwiadczaj\u0105cego dwa razy. Osoby studiuj\u0105ce maj\u0105 mo\u017cliwo\u015b\u0107 skorzystania z kolejnych podej\u015b\u0107 do po\u015bwiadczenia kompetencji j\u0119zykowych w ramach odp\u0142atnych egzamin\u00f3w certyfikuj\u0105cych organizowanych przez SPNJO U\u015a.<\/p>\n<p style=\"text-align: justify;\"><strong>Liczba sesji\u00a0 w roku<\/strong><\/p>\n<p style=\"text-align: justify;\">Egzamin po\u015bwiadczaj\u0105cy przeprowadzany jest w dw\u00f3ch sesjach \u2013 zimowej i letniej w\u00a0terminach okre\u015blonych w Organizacji roku akademickiego na dany rok.<\/p>\n<p style=\"text-align: justify;\"><strong>Struktura egzaminu<\/strong><\/p>\n<p style=\"text-align: justify;\">Egzamin\u00a0 po\u015bwiadczaj\u0105cy sk\u0142ada si\u0119 z dw\u00f3ch cz\u0119\u015bci:<\/p>\n<ul style=\"text-align: justify;\">\n<li>cz\u0119\u015bci pisemnej;<\/li>\n<li>cz\u0119\u015bci ustnej.<\/li>\n<\/ul>\n<p style=\"text-align: justify;\">Egzamin jest przeprowadzany komisyjnie. W sk\u0142ad komisji egzaminacyjnej wchodz\u0105 nauczyciele akademiccy zatrudnieni w Uniwersytecie \u015al\u0105skim w Katowicach, specjali\u015bci w\u00a0zakresie nauczania j\u0119zyk\u00f3w obcych.<\/p>\n<p style=\"text-align: justify;\"><strong>Wyniki<\/strong><\/p>\n<p style=\"text-align: justify;\">Og\u00f3lne wyniki egzaminu umieszczane s\u0105 w systemie USOS.<\/p>\n<p style=\"text-align: justify;\"><strong>WA\u017bNE DATY:<\/strong><\/p>\n<p style=\"text-align: justify;\">Termin rejestracji: <a href=\"https:\/\/us.edu.pl\/kolegium\/spnjo\/lektorat\/egzaminy\/egzamin-poswiadczajacy\/rejestracja-ep\/\">https:\/\/us.edu.pl\/kolegium\/spnjo\/lektorat\/egzaminy\/egzamin-poswiadczajacy\/rejestracja-ep\/<\/a><\/p>\n<p style=\"text-align: justify;\">Termin i miejsce przeprowadzenia egzaminu po\u015bwiadczaj\u0105cego w sesji zimowej 2025:<\/p>\n<ul style=\"text-align: justify;\">\n<li><a href=\"https:\/\/us.edu.pl\/kolegium\/spnjo\/lektorat\/egzaminy\/egzamin-poswiadczajacy\/czesc-pisemna-ep\/\">egzamin pisemny<\/a>;<\/li>\n<li><a href=\"https:\/\/us.edu.pl\/kolegium\/spnjo\/lektorat\/egzaminy\/egzamin-poswiadczajacy\/czesc-ustna-ep\/\">egzamin ustny<\/a>.<\/li>\n<\/ul>\n<hr \/>\n<p style=\"text-align: justify;\">Podstawa prawna:<\/p>\n<ul>\n<li style=\"text-align: justify;\"><a href=\"https:\/\/aktyprawne.us.edu.pl\/d\/7213\/5\/\">Zarz\u0105dzenie nr 33 Rektora Uniwersytetu \u015al\u0105skiego w Katowicach z dnia 7 marca 2024 r. w sprawie certyfikacji i po\u015bwiadczania kompetencji j\u0119zykowych w Uniwersytecie \u015al\u0105skim w Katowicach<\/a> (o<span class=\"breadcrumbs__current\">d roku akademickiego 2023\/24)<\/span><\/li>\n<\/ul>\n<p>[\/vc_column_text][\/vc_column][\/vc_row]<\/p>","protected":false},"excerpt":{"rendered":"<p>[vc_row el_class=&#8221;container&#8221;][vc_column][vc_column_text] Zgodnie z obowi\u0105zuj\u0105cymi przepisami ka\u017cdy absolwent studi\u00f3w pierwszego stopnia jest zobowi\u0105zany do wykazania si\u0119 znajomo\u015bci\u0105 j\u0119zyka obcego na poziomie B2, za\u015b absolwent studi\u00f3w jednolitych magisterskich \u2013 na poziomie B2+. W celu umo\u017cliwienia studentom\u00a0 po\u015bwiadczenie osi\u0105gni\u0119cia wymaganej bieg\u0142o\u015bci j\u0119zykowej Studium Praktycznej Nauki J\u0119zyk\u00f3w przeprowadza\u00a0 egzaminy po\u015bwiadczaj\u0105ce kompetencje j\u0119zykowe na\u00a0poziomie B2 zgodnie z Europejskim Systemem [&#8230;]<\/p>\n<p><a class=\"btn btn-secondary understrap-read-more-link\" href=\"https:\/\/us.edu.pl\/kolegium\/spnjo\/lektorat\/egzaminy\/egzamin-poswiadczajacy\/o-egzaminie-ep\/\">Read More&#8230;<\/a><\/p>\n","protected":false},"author":3369,"featured_media":0,"parent":1828,"menu_order":1,"comment_status":"closed","ping_status":"closed","template":"","meta":{"_expiration-date-status":"","_expiration-date":0,"_expiration-date-type":"","_expiration-date-categories":[],"_expiration-date-options":[]},"acf":[],"_links":{"self":[{"href":"https:\/\/us.edu.pl\/kolegium\/spnjo\/wp-json\/wp\/v2\/pages\/1832"}],"collection":[{"href":"https:\/\/us.edu.pl\/kolegium\/spnjo\/wp-json\/wp\/v2\/pages"}],"about":[{"href":"https:\/\/us.edu.pl\/kolegium\/spnjo\/wp-json\/wp\/v2\/types\/page"}],"author":[{"embeddable":true,"href":"https:\/\/us.edu.pl\/kolegium\/spnjo\/wp-json\/wp\/v2\/users\/3369"}],"replies":[{"embeddable":true,"href":"https:\/\/us.edu.pl\/kolegium\/spnjo\/wp-json\/wp\/v2\/comments?post=1832"}],"version-history":[{"count":10,"href":"https:\/\/us.edu.pl\/kolegium\/spnjo\/wp-json\/wp\/v2\/pages\/1832\/revisions"}],"predecessor-version":[{"id":3546,"href":"https:\/\/us.edu.pl\/kolegium\/spnjo\/wp-json\/wp\/v2\/pages\/1832\/revisions\/3546"}],"up":[{"embeddable":true,"href":"https:\/\/us.edu.pl\/kolegium\/spnjo\/wp-json\/wp\/v2\/pages\/1828"}],"wp:attachment":[{"href":"https:\/\/us.edu.pl\/kolegium\/spnjo\/wp-json\/wp\/v2\/media?parent=1832"}],"curies":[{"name":"wp","href":"https:\/\/api.w.org\/{rel}","templated":true}]}}