{"id":1836,"date":"2023-12-20T15:03:40","date_gmt":"2023-12-20T14:03:40","guid":{"rendered":"https:\/\/us.edu.pl\/kolegium\/spnjo\/?page_id=1836"},"modified":"2026-04-20T10:12:31","modified_gmt":"2026-04-20T08:12:31","slug":"czesc-pisemna-ep","status":"publish","type":"page","link":"https:\/\/us.edu.pl\/kolegium\/spnjo\/lektorat\/egzaminy\/egzamin-poswiadczajacy\/czesc-pisemna-ep\/","title":{"rendered":"cz\u0119\u015b\u0107 pisemna EP"},"content":{"rendered":"<p>[vc_row el_class=&#8221;container&#8221;][vc_column width=&#8221;1\/2&#8243;][vc_column_text]<span style=\"font-size: 12pt;\"><strong>STUDENCI STUDI\u00d3W STACJONARNYCH<\/strong><\/span><\/p>\n<p><span style=\"font-size: 12pt;\"><strong>Kampus Katowice:<\/strong><\/span><\/p>\n<p>TERMIN: <em><strong>17.06.2026 r.<\/strong> godz.:<\/em><\/p>\n<p><span style=\"font-size: 12pt;\"><strong>Miejsce przeprowadzenia egzaminu pisemnego:<\/strong><\/span><\/p>\n<p><span style=\"font-size: 12pt;\">Katowice: <strong>WPiA<\/strong>, <strong>WN\u015aiT<\/strong>, <strong>WH.<\/strong><br \/>\n<\/span><\/p>\n<p><span style=\"font-size: 12pt;\">Dok\u0142adne informacje podane b\u0119d\u0105 w <strong>USOSweb <\/strong>kilka dni po zako\u0144czeniu rejestracji (ok. 29.05.2026 r.)<\/span>[\/vc_column_text][\/vc_column][vc_column width=&#8221;1\/2&#8243;][vc_column_text]<span style=\"font-size: 12pt;\"><strong>STUDENCI STUDI\u00d3W NIESTACJONARNYCH<\/strong><\/span><\/p>\n<p><span style=\"font-size: 12pt;\"><strong>Kampus Katowice:<\/strong><\/span><\/p>\n<p><span style=\"font-size: 12pt;\">Termin: <em><strong>20.06.2026<\/strong><strong>\u00a0r.<\/strong>, godz.:<\/em><\/span><\/p>\n<p><span style=\"font-size: 12pt;\"><strong>Miejsce przeprowadzenia egzaminu pisemnego:<\/strong><\/span><\/p>\n<p><span style=\"font-size: 12pt;\"><em>wkr\u00f3tce\u00a0<\/em><\/span>[\/vc_column_text][\/vc_column][\/vc_row][vc_row el_class=&#8221;container&#8221;][vc_column][vc_column_text]<\/p>\n<hr \/>\n<p><strong>Wa\u017cne informacje<\/strong><\/p>\n<p>W trakcie egzaminu kandydat nie mo\u017ce korzysta\u0107 z \u017cadnych dodatkowych materia\u0142\u00f3w tj.\u00a0s\u0142ownik\u00f3w lub innych pomocy, w tym w formie no\u015bnik\u00f3w elektronicznych.<\/p>\n<p>Uzyskanie przez kandydata minimum 60% punkt\u00f3w z\u00a0egzaminu pisemnego jest warunkiem dopuszczenia go do cz\u0119\u015bci ustnej egzaminu.<\/p>\n<p>Kandydat przyst\u0119puj\u0105cy do egzaminu powinien:<\/p>\n<ul>\n<li>zg\u0142osi\u0107 si\u0119 na egzamin 30 minut przed rozpocz\u0119ciem egzaminu;<\/li>\n<li>przed wej\u015bciem na sal\u0119 egzaminacyjn\u0105 okaza\u0107 dow\u00f3d to\u017csamo\u015bci ze zdj\u0119ciem.<\/li>\n<\/ul>\n<p>[\/vc_column_text][\/vc_column][\/vc_row]<\/p>","protected":false},"excerpt":{"rendered":"<p>[vc_row el_class=&#8221;container&#8221;][vc_column width=&#8221;1\/2&#8243;][vc_column_text]STUDENCI STUDI\u00d3W STACJONARNYCH Kampus Katowice: TERMIN: 17.06.2026 r. godz.: Miejsce przeprowadzenia egzaminu pisemnego: Katowice: WPiA, WN\u015aiT, WH. Dok\u0142adne informacje podane b\u0119d\u0105 w USOSweb kilka dni po zako\u0144czeniu rejestracji (ok. 29.05.2026 r.)[\/vc_column_text][\/vc_column][vc_column width=&#8221;1\/2&#8243;][vc_column_text]STUDENCI STUDI\u00d3W NIESTACJONARNYCH Kampus Katowice: Termin: 20.06.2026\u00a0r., godz.: Miejsce przeprowadzenia egzaminu pisemnego: wkr\u00f3tce\u00a0[\/vc_column_text][\/vc_column][\/vc_row][vc_row el_class=&#8221;container&#8221;][vc_column][vc_column_text] Wa\u017cne informacje W trakcie egzaminu kandydat nie mo\u017ce [&#8230;]<\/p>\n<p><a class=\"btn btn-secondary understrap-read-more-link\" href=\"https:\/\/us.edu.pl\/kolegium\/spnjo\/lektorat\/egzaminy\/egzamin-poswiadczajacy\/czesc-pisemna-ep\/\">Read More&#8230;<\/a><\/p>\n","protected":false},"author":3369,"featured_media":0,"parent":1828,"menu_order":3,"comment_status":"closed","ping_status":"closed","template":"","meta":{"_expiration-date-status":"","_expiration-date":0,"_expiration-date-type":"","_expiration-date-categories":[],"_expiration-date-options":[]},"acf":[],"_links":{"self":[{"href":"https:\/\/us.edu.pl\/kolegium\/spnjo\/wp-json\/wp\/v2\/pages\/1836"}],"collection":[{"href":"https:\/\/us.edu.pl\/kolegium\/spnjo\/wp-json\/wp\/v2\/pages"}],"about":[{"href":"https:\/\/us.edu.pl\/kolegium\/spnjo\/wp-json\/wp\/v2\/types\/page"}],"author":[{"embeddable":true,"href":"https:\/\/us.edu.pl\/kolegium\/spnjo\/wp-json\/wp\/v2\/users\/3369"}],"replies":[{"embeddable":true,"href":"https:\/\/us.edu.pl\/kolegium\/spnjo\/wp-json\/wp\/v2\/comments?post=1836"}],"version-history":[{"count":11,"href":"https:\/\/us.edu.pl\/kolegium\/spnjo\/wp-json\/wp\/v2\/pages\/1836\/revisions"}],"predecessor-version":[{"id":4606,"href":"https:\/\/us.edu.pl\/kolegium\/spnjo\/wp-json\/wp\/v2\/pages\/1836\/revisions\/4606"}],"up":[{"embeddable":true,"href":"https:\/\/us.edu.pl\/kolegium\/spnjo\/wp-json\/wp\/v2\/pages\/1828"}],"wp:attachment":[{"href":"https:\/\/us.edu.pl\/kolegium\/spnjo\/wp-json\/wp\/v2\/media?parent=1836"}],"curies":[{"name":"wp","href":"https:\/\/api.w.org\/{rel}","templated":true}]}}