{"id":277,"date":"2021-08-10T12:56:10","date_gmt":"2021-08-10T10:56:10","guid":{"rendered":"https:\/\/us.edu.pl\/kolegium\/spnjo\/?page_id=277"},"modified":"2025-04-03T13:54:28","modified_gmt":"2025-04-03T11:54:28","slug":"kontakt-dyrekcja","status":"publish","type":"page","link":"https:\/\/us.edu.pl\/kolegium\/spnjo\/kontakt\/kontakt-dyrekcja\/","title":{"rendered":"kontakt dyrekcja"},"content":{"rendered":"<p>[vc_row el_class=&#8221;container&#8221;][vc_column][vc_column_text]<\/p>\n<p style=\"text-align: center;\"><span style=\"font-size: 14pt;\">Dyrektor Studium Praktycznej Nauki J\u0119zyk\u00f3w Obcych<\/span><\/p>\n<p style=\"text-align: center;\"><strong><span style=\"font-size: 12pt;\"><span style=\"font-size: 14pt;\">dr Ryszard Kalamarz, prof U\u015a<\/span><\/span><\/strong><\/p>\n<p style=\"text-align: center;\"><span style=\"font-size: 12pt;\">e-mail: <a href=\"mailto:ryszard.kalamarz@us.edu.pl\">ryszard.kalamarz@us.edu.pl<\/a><br \/>\n<\/span><span style=\"font-size: 12pt;\">profil <a href=\"https:\/\/usosweb.us.edu.pl\/kontroler.php?_action=katalog2\/osoby\/pokazOsobe&amp;os_id=7575\">on-line<\/a><\/span><\/p>\n<hr \/>\n<p>[\/vc_column_text][\/vc_column][\/vc_row][vc_row el_class=&#8221;container&#8221;][vc_column width=&#8221;1\/3&#8243;][vc_column_text]<\/p>\n<p style=\"text-align: center;\"><span style=\"font-size: 14pt;\">Zast\u0119pca Dyrektora Studium Praktycznej Nauki J\u0119zyk\u00f3w Obcych<\/span><\/p>\n<p style=\"text-align: center;\"><strong><span style=\"font-size: 14pt;\">mgr Agata Adamczyk &#8211; Gzara<\/span><\/strong><\/p>\n<p style=\"text-align: center;\"><span style=\"font-size: 12pt;\">e-mail: <a href=\"mailto:agata.adamczyk-gzara@us.edu.pl\">agata.adamczyk-gzara@us.edu.pl<\/a><br \/>\n<\/span><span style=\"font-size: 12pt;\">profil <a href=\"https:\/\/usosweb.us.edu.pl\/kontroler.php?_action=katalog2\/osoby\/pokazOsobe&amp;os_id=6069\">on-line<\/a><\/span><\/p>\n<hr \/>\n<p>[\/vc_column_text][\/vc_column][vc_column width=&#8221;1\/3&#8243;][vc_column_text]<\/p>\n<p style=\"text-align: center;\"><span style=\"font-size: 14pt;\">Zast\u0119pca Dyrektora Studium Praktycznej Nauki J\u0119zyk\u00f3w Obcych<\/span><\/p>\n<p style=\"text-align: center;\"><strong><span style=\"font-size: 14pt;\">dr Justyna Kendik &#8211; Gut<\/span><\/strong><\/p>\n<p style=\"text-align: center;\"><span style=\"font-size: 12pt;\">e-mail:\u00a0<a href=\"mailto:justyna.kendik-gut@us.edu.pl\">justyna.kendik-gut@us.edu.pl<\/a><br \/>\n<\/span><span style=\"font-size: 12pt;\">profil <a href=\"https:\/\/usosweb.us.edu.pl\/kontroler.php?_action=katalog2\/osoby\/pokazOsobe&amp;os_id=238485\">on-line<\/a><\/span><\/p>\n<hr \/>\n<p>[\/vc_column_text][\/vc_column][vc_column width=&#8221;1\/3&#8243;][vc_column_text]<\/p>\n<p style=\"text-align: center;\"><span style=\"font-size: 14pt;\">Zast\u0119pca Dyrektora Studium Praktycznej Nauki J\u0119zyk\u00f3w Obcych<\/span><\/p>\n<p style=\"text-align: center;\"><strong><span style=\"font-size: 14pt;\">mgr Zdzis\u0142aw Ciuk<\/span><\/strong><\/p>\n<p style=\"text-align: center;\"><span style=\"font-size: 12pt;\">e-mail: <a href=\"mailto:zdzislaw.ciuk@us.edu.pl\">zdzislaw.ciuk@us.edu.pl<\/a><br \/>\n<\/span><span style=\"font-size: 12pt;\">profil <a href=\"https:\/\/usosweb.us.edu.pl\/kontroler.php?_action=katalog2\/osoby\/pokazOsobe&amp;os_id=95514\">on-line<\/a><\/span><\/p>\n<hr \/>\n<p>[\/vc_column_text][\/vc_column][\/vc_row]<\/p>","protected":false},"excerpt":{"rendered":"<p>[vc_row el_class=&#8221;container&#8221;][vc_column][vc_column_text] Dyrektor Studium Praktycznej Nauki J\u0119zyk\u00f3w Obcych dr Ryszard Kalamarz, prof U\u015a e-mail: ryszard.kalamarz@us.edu.pl profil on-line [\/vc_column_text][\/vc_column][\/vc_row][vc_row el_class=&#8221;container&#8221;][vc_column width=&#8221;1\/3&#8243;][vc_column_text] Zast\u0119pca Dyrektora Studium Praktycznej Nauki J\u0119zyk\u00f3w Obcych mgr Agata Adamczyk &#8211; Gzara e-mail: agata.adamczyk-gzara@us.edu.pl profil on-line [\/vc_column_text][\/vc_column][vc_column width=&#8221;1\/3&#8243;][vc_column_text] Zast\u0119pca Dyrektora Studium Praktycznej Nauki J\u0119zyk\u00f3w Obcych dr Justyna Kendik &#8211; Gut e-mail:\u00a0justyna.kendik-gut@us.edu.pl profil on-line [\/vc_column_text][\/vc_column][vc_column width=&#8221;1\/3&#8243;][vc_column_text] [&#8230;]<\/p>\n<p><a class=\"btn btn-secondary understrap-read-more-link\" href=\"https:\/\/us.edu.pl\/kolegium\/spnjo\/kontakt\/kontakt-dyrekcja\/\">Read More&#8230;<\/a><\/p>\n","protected":false},"author":3369,"featured_media":0,"parent":62,"menu_order":1,"comment_status":"closed","ping_status":"closed","template":"","meta":{"_expiration-date-status":"saved","_expiration-date":0,"_expiration-date-type":"","_expiration-date-categories":[],"_expiration-date-options":[]},"acf":[],"_links":{"self":[{"href":"https:\/\/us.edu.pl\/kolegium\/spnjo\/wp-json\/wp\/v2\/pages\/277"}],"collection":[{"href":"https:\/\/us.edu.pl\/kolegium\/spnjo\/wp-json\/wp\/v2\/pages"}],"about":[{"href":"https:\/\/us.edu.pl\/kolegium\/spnjo\/wp-json\/wp\/v2\/types\/page"}],"author":[{"embeddable":true,"href":"https:\/\/us.edu.pl\/kolegium\/spnjo\/wp-json\/wp\/v2\/users\/3369"}],"replies":[{"embeddable":true,"href":"https:\/\/us.edu.pl\/kolegium\/spnjo\/wp-json\/wp\/v2\/comments?post=277"}],"version-history":[{"count":10,"href":"https:\/\/us.edu.pl\/kolegium\/spnjo\/wp-json\/wp\/v2\/pages\/277\/revisions"}],"predecessor-version":[{"id":3242,"href":"https:\/\/us.edu.pl\/kolegium\/spnjo\/wp-json\/wp\/v2\/pages\/277\/revisions\/3242"}],"up":[{"embeddable":true,"href":"https:\/\/us.edu.pl\/kolegium\/spnjo\/wp-json\/wp\/v2\/pages\/62"}],"wp:attachment":[{"href":"https:\/\/us.edu.pl\/kolegium\/spnjo\/wp-json\/wp\/v2\/media?parent=277"}],"curies":[{"name":"wp","href":"https:\/\/api.w.org\/{rel}","templated":true}]}}