{"id":4036,"date":"2025-07-25T12:49:42","date_gmt":"2025-07-25T10:49:42","guid":{"rendered":"https:\/\/us.edu.pl\/kolegium\/spnjo\/?page_id=4036"},"modified":"2025-07-28T13:47:58","modified_gmt":"2025-07-28T11:47:58","slug":"poswiadczenie-b2","status":"publish","type":"page","link":"https:\/\/us.edu.pl\/kolegium\/spnjo\/lektorat\/poswiadczenie-b2\/","title":{"rendered":"po\u015bwiadczenie B2"},"content":{"rendered":"<p>[vc_row el_class=&#8221;container&#8221;][vc_column][vc_column_text]<span style=\"font-size: 12pt;\"><strong>PO\u015aWIADCZANIE POZIOMU\u00a0 ZNAJOMO\u015aCI J\u0118ZYKA OBCEGO<\/strong><\/span><\/p>\n<p><span style=\"font-size: 12pt;\">Na podstawie obowi\u0105zuj\u0105cych przepis\u00f3w warunkiem uko\u0144czenia studi\u00f3w jest osi\u0105gni\u0119cie okre\u015blonego poziomu bieg\u0142o\u015bci j\u0119zykowej z j\u0119zyka obcego zgodnie z Polsk\u0105 Ram\u0105 Kwalifikacji.<\/span><\/p>\n<p>&nbsp;<\/p>\n<p><span style=\"font-size: 12pt;\"><strong>Wymagany poziom<\/strong><\/span><\/p>\n<ol>\n<li><span style=\"font-size: 12pt;\">Studia pierwszego stopnia \u2013 poziom B2<\/span><\/li>\n<li><span style=\"font-size: 12pt;\">Studia drugiego stopnia lub jednolite\u00a0 studia magisterskie \u2013 poziom B2+<\/span><br \/>\n<span style=\"font-size: 12pt;\">Poziom B2+ oznacza przyswojenie element\u00f3w j\u0119zyka specjalistycznego w\u0142a\u015bciwego dla danej dziedziny.<\/span><\/li>\n<\/ol>\n<p>&nbsp;<\/p>\n<p><span style=\"font-size: 12pt;\"><strong>Spos\u00f3b uzyskiwania po\u015bwiadczenia<\/strong><\/span><\/p>\n<p><span style=\"font-size: 12pt;\"><strong><em>Poziom B2<\/em><\/strong><\/span><\/p>\n<p><span style=\"font-size: 12pt;\">Sposoby uzyskania po\u015bwiadczenia poziomu B2 na studiach pierwszego stopnia lub jednolitych studiach magisterskich:<\/span><\/p>\n<ol>\n<li><span style=\"font-size: 12pt;\">pozytywny wynik egzaminu po\u015bwiadczaj\u0105cego B2 lub C1 organizowanego przez SPNJO;<\/span><\/li>\n<li><span style=\"font-size: 12pt;\">uzyskanie \u015bredniej\u00a0 co najmniej 4,5\u00a0 z ocen ko\u0144cowych modu\u0142u z wszystkich semestr\u00f3w lektoratu z j\u0119zyka obcego na poziomie B2 lub wy\u017cszym;<\/span><\/li>\n<li><span style=\"font-size: 12pt;\">pozytywny wynik egzaminu certyfikuj\u0105cego B2 lub C1 organizowanego przez SPNJO;<\/span><\/li>\n<li><span style=\"font-size: 12pt;\">certyfikat zewn\u0119trzny na ekwiwalentnym poziomie zamieszczony w\u00a0 za\u0142\u0105czniku do Zarz\u0105dzenia nr 182 Rektora U\u015a z dnia 29 listopada 2023 r. w sprawie szczeg\u00f3\u0142owych zasad prowadzenia lektorat\u00f3w z j\u0119zyk\u00f3w obcych;<\/span><\/li>\n<li><span style=\"font-size: 12pt;\">suplement do dyplomu uko\u0144czenia studi\u00f3w po\u015bwiadczaj\u0105cy osi\u0105gni\u0119cie wymaganego poziomu bieg\u0142o\u015bci j\u0119zykowej;<\/span><\/li>\n<li><span style=\"font-size: 12pt;\">zrealizowanie co najmniej jednego semestru studi\u00f3w w uczelni zagranicznej w j\u0119zyku obcym (np. Erasmus+) i uzyskanie\u00a0 co najmniej 30 punkt\u00f3w ECTS z modu\u0142\u00f3w zaj\u0119\u0107 prowadzonych w danym j\u0119zyku obcym.<\/span><\/li>\n<\/ol>\n<p>&nbsp;<\/p>\n<p><span style=\"font-size: 12pt;\"><strong>Egzamin po\u015bwiadczaj\u0105cy<\/strong><\/span><\/p>\n<p><span style=\"font-size: 12pt;\">Organizowany jest wy\u0142\u0105cznie dla student\u00f3w studi\u00f3w I stopnia i jednolitych magisterskich (stacjonarnych i niestacjonarnych).<\/span><\/p>\n<p><span style=\"font-size: 12pt;\">Przeprowadzany jest w dw\u00f3ch sesjach \u2013 zimowej i letniej. Od roku 2026 przewiduje si\u0119 dodatkow\u0105 sesj\u0119 wrze\u015bniow\u0105.<\/span><\/p>\n<p><span style=\"font-size: 12pt;\">W czasie trwania studi\u00f3w osoba studiuj\u0105ca ma prawo dwa razy bezp\u0142atnie przyst\u0105pi\u0107 do egzaminu po\u015bwiadczaj\u0105cego.<\/span><\/p>\n<p><span style=\"font-size: 12pt;\">Pozytywny wynik egzaminu po\u015bwiadczaj\u0105cego jest jednoznaczny z zaliczeniem lektoratu.<\/span><\/p>\n<p><span style=\"font-size: 12pt;\">Szczeg\u00f3\u0142y: <a href=\"https:\/\/us.edu.pl\/kolegium\/spnjo\/lektorat\/egzaminy\/egzamin-poswiadczajacy\/\">https:\/\/us.edu.pl\/kolegium\/spnjo\/lektorat\/egzaminy\/egzamin-poswiadczajacy\/<\/a><\/span><\/p>\n<p><span style=\"font-size: 12pt;\"><strong>\u00a0<\/strong><\/span><\/p>\n<p><span style=\"font-size: 12pt;\"><strong>Egzamin certyfikuj\u0105cy<\/strong><\/span><\/p>\n<p><span style=\"font-size: 12pt;\">Egzamin jest egzaminem odp\u0142atnym, niezale\u017cnym od bezp\u0142atnego egzaminu po\u015bwiadczaj\u0105cego.<\/span><\/p>\n<p><span style=\"font-size: 12pt;\">Do egzaminu mog\u0105 przyst\u0105pi\u0107 studenci wszystkich stopni i form studi\u00f3w, na ka\u017cdym etapie kszta\u0142cenia.<\/span><\/p>\n<p><span style=\"font-size: 12pt;\">Liczba podej\u015b\u0107 do egzaminu nie jest ograniczona.<\/span><\/p>\n<p><span style=\"font-size: 12pt;\">Przyst\u0105pienie do egzaminu certyfikuj\u0105cego nie wyczerpuje puli dw\u00f3ch bezp\u0142atnych podej\u015b\u0107 do egzaminu po\u015bwiadczaj\u0105cego.<\/span><\/p>\n<p><span style=\"font-size: 12pt;\">Szczeg\u00f3\u0142y: <a href=\"https:\/\/us.edu.pl\/kolegium\/spnjo\/poza-lektoratem\/certyfikaty\/\">https:\/\/us.edu.pl\/kolegium\/spnjo\/poza-lektoratem\/certyfikaty\/<\/a><\/span><\/p>\n<p>&nbsp;<\/p>\n<p><span style=\"font-size: 12pt;\"><strong>Wsparcie w uzyskaniu po\u015bwiadczenia poziomu B2<\/strong><\/span><\/p>\n<p>&nbsp;<\/p>\n<p><span style=\"font-size: 12pt;\">Formy wsparcia ze strony Studium Praktycznej Nauki J\u0119zyk\u00f3w Obcych:<\/span><\/p>\n<ul>\n<li><span style=\"font-size: 12pt;\">organizacja kurs\u00f3w wyr\u00f3wnawczych;<\/span><\/li>\n<li><span style=\"font-size: 12pt;\">prowadzenie zaj\u0119\u0107 ektoratowych na poziomie B2 i C1;<\/span><\/li>\n<li><span style=\"font-size: 12pt;\">prowadzenie kurs\u00f3w dokszta\u0142caj\u0105cych SPNJO (<a href=\"https:\/\/us.edu.pl\/kolegium\/spnjo\/poza-lektoratem\/kursy\/\">https:\/\/us.edu.pl\/kolegium\/spnjo\/poza-lektoratem\/kursy\/<\/a>);<\/span><\/li>\n<li><span style=\"font-size: 12pt;\">materia\u0142y dydaktyczne i kursy dla os\u00f3b studiuj\u0105cych na platformie e-learningowej Moodle.<\/span><\/li>\n<\/ul>\n<p>&nbsp;<\/p>\n<p><span style=\"font-size: 12pt;\"><strong><em>Poziom B2+<\/em><\/strong><\/span><\/p>\n<p><span style=\"font-size: 12pt;\">Na studiach drugiego stopnia\u00a0 oraz jednolitych magisterskich efekty uczenia si\u0119 na\u00a0 poziomie B2+ mo\u017cna osiagn\u0105\u0107 w ramach modu\u0142\u00f3w lektoratu albo modu\u0142\u00f3w specjalistycznych prowadzonych w j\u0119zyku obcym lub z wykorzystaniem tego j\u0119zyka.<\/span><\/p>\n<p>&nbsp;<\/p>\n<p><span style=\"font-size: 12pt;\"><strong>Ostateczny termin<\/strong><\/span><\/p>\n<p><span style=\"font-size: 12pt;\">Osi\u0105gni\u0119cie wymaganego poziomu kompetencji j\u0119zykowych nale\u017cy potwierdzi\u0107 w czasie trwania studi\u00f3w, lecz nie p\u00f3\u017aniej ni\u017c do ko\u0144ca ostatniego semestru studi\u00f3w.<\/span><\/p>\n<hr \/>\n<p><span style=\"font-size: 12pt;\">Podstawa prawna:<\/span><\/p>\n<ol>\n<li><span style=\"font-size: 12pt;\">Zarz\u0105dzenie nr 182 Rektora U\u015a z dnia 29 listopada 2023 r. w sprawie szczeg\u00f3\u0142owych zasad prowadzenia lektorat\u00f3w z j\u0119zyk\u00f3w obcych.<\/span><br \/>\n<span style=\"font-size: 12pt;\"><a href=\"https:\/\/aktyprawne.us.edu.pl\/d\/6915\/5\/\">LINK do Zarz\u0105dzenia nr 182<\/a><\/span><\/li>\n<li><span style=\"font-size: 12pt;\">Zarz\u0105dzenie nr 33 Rektora Uniwersytetu \u015al\u0105skiego w Katowicach z dnia 7 marca 2024 r. w sprawie certyfikacji i po\u015bwiadczania kompetencji j\u0119zykowych w Uniwersytecie \u015al\u0105skim w Katowicach<\/span><br \/>\n<span style=\"font-size: 12pt;\"><a href=\"https:\/\/aktyprawne.us.edu.pl\/d\/7213\/13\/?ybp_filterId=1&amp;ybp_filterYear=2024&amp;ybp_filterMonth=3&amp;ybp_filterDay=7&amp;ybp_moduleId=1635\">LINK do Zarz\u0105dzenie nr 33<\/a><\/span><\/li>\n<\/ol>\n<p>[\/vc_column_text][\/vc_column][\/vc_row]<\/p>","protected":false},"excerpt":{"rendered":"<p>[vc_row el_class=&#8221;container&#8221;][vc_column][vc_column_text]PO\u015aWIADCZANIE POZIOMU\u00a0 ZNAJOMO\u015aCI J\u0118ZYKA OBCEGO Na podstawie obowi\u0105zuj\u0105cych przepis\u00f3w warunkiem uko\u0144czenia studi\u00f3w jest osi\u0105gni\u0119cie okre\u015blonego poziomu bieg\u0142o\u015bci j\u0119zykowej z j\u0119zyka obcego zgodnie z Polsk\u0105 Ram\u0105 Kwalifikacji. &nbsp; Wymagany poziom Studia pierwszego stopnia \u2013 poziom B2 Studia drugiego stopnia lub jednolite\u00a0 studia magisterskie \u2013 poziom B2+ Poziom B2+ oznacza przyswojenie element\u00f3w j\u0119zyka specjalistycznego w\u0142a\u015bciwego dla [&#8230;]<\/p>\n<p><a class=\"btn btn-secondary understrap-read-more-link\" href=\"https:\/\/us.edu.pl\/kolegium\/spnjo\/lektorat\/poswiadczenie-b2\/\">Read More&#8230;<\/a><\/p>\n","protected":false},"author":3369,"featured_media":0,"parent":88,"menu_order":0,"comment_status":"closed","ping_status":"closed","template":"","meta":{"_expiration-date-status":"","_expiration-date":0,"_expiration-date-type":"","_expiration-date-categories":[],"_expiration-date-options":[]},"acf":[],"_links":{"self":[{"href":"https:\/\/us.edu.pl\/kolegium\/spnjo\/wp-json\/wp\/v2\/pages\/4036"}],"collection":[{"href":"https:\/\/us.edu.pl\/kolegium\/spnjo\/wp-json\/wp\/v2\/pages"}],"about":[{"href":"https:\/\/us.edu.pl\/kolegium\/spnjo\/wp-json\/wp\/v2\/types\/page"}],"author":[{"embeddable":true,"href":"https:\/\/us.edu.pl\/kolegium\/spnjo\/wp-json\/wp\/v2\/users\/3369"}],"replies":[{"embeddable":true,"href":"https:\/\/us.edu.pl\/kolegium\/spnjo\/wp-json\/wp\/v2\/comments?post=4036"}],"version-history":[{"count":2,"href":"https:\/\/us.edu.pl\/kolegium\/spnjo\/wp-json\/wp\/v2\/pages\/4036\/revisions"}],"predecessor-version":[{"id":4103,"href":"https:\/\/us.edu.pl\/kolegium\/spnjo\/wp-json\/wp\/v2\/pages\/4036\/revisions\/4103"}],"up":[{"embeddable":true,"href":"https:\/\/us.edu.pl\/kolegium\/spnjo\/wp-json\/wp\/v2\/pages\/88"}],"wp:attachment":[{"href":"https:\/\/us.edu.pl\/kolegium\/spnjo\/wp-json\/wp\/v2\/media?parent=4036"}],"curies":[{"name":"wp","href":"https:\/\/api.w.org\/{rel}","templated":true}]}}