{"id":90,"date":"2021-07-07T09:37:21","date_gmt":"2021-07-07T07:37:21","guid":{"rendered":"https:\/\/us.edu.pl\/kolegium\/spnjo\/?page_id=90"},"modified":"2024-01-12T13:28:28","modified_gmt":"2024-01-12T12:28:28","slug":"poza-lektoratem","status":"publish","type":"page","link":"https:\/\/us.edu.pl\/kolegium\/spnjo\/poza-lektoratem\/","title":{"rendered":"poza lektoratem"},"content":{"rendered":"<p>[vc_row][vc_column]\r\n                <div class=\"tiles-section\" style=\"background: \">\r\n                    <div class=\"container\">\r\n                        <h3 class=\"page-title\"><\/h3>\r\n                        <div class=\"tiles tiles-3\">\r\n                            <a href=\"https:\/\/us.edu.pl\/kolegium\/spnjo\/poza-lektoratem\/kursy\/\" class=\"tile tile_ justify-content-center\" style=\"background-color: #002E5A; font-weight: ; color: #ffffff;  \">\r\n                                \r\n                                   \r\n                               \r\n                                <div class=\"tile__name\">Kursy j\u0119zykowe<\/div>\r\n                            <\/a>\r\n                            <a href=\"https:\/\/us.edu.pl\/kolegium\/spnjo\/poza-lektoratem\/certyfikaty\/\" class=\"tile tile_ justify-content-center\" style=\"background-color: #002E5A; font-weight: ; color: #ffffff;  \">\r\n                                \r\n                                   \r\n                               \r\n                                <div class=\"tile__name\">Egzaminy certyfikuj\u0105ce<\/div>\r\n                            <\/a>\r\n                            <a href=\"https:\/\/us.edu.pl\/kolegium\/spnjo\/poza-lektoratem\/wydarzenia\/\" class=\"tile tile_ justify-content-center\" style=\"background-color: #002E5A; font-weight: ; color: #ffffff;  \">\r\n                                \r\n                                   \r\n                               \r\n                                <div class=\"tile__name\">Wydarzenia SPNJO<\/div>\r\n                            <\/a><\/div>\r\n                    <\/div>\r\n                <\/div>[\/vc_column][\/vc_row][vc_row][vc_column]\n            <div data-autotime=\"5\" class=\"slider  color_white bg_\" >\n                  <div class=\"slide slide_css\">\n                     <div class=\"slide__content_container container\">\n                        <div class=\"slide__content\">\n                           <a href=\"https:\/\/us.edu.pl\/kolegium\/spnjo\/poza-lektoratem\/certyfikaty\/\" class=\"slide__link\">\n                              <div class=\"slide__title\">Egzamin certyfikuj\u0105cy<\/div>\n                              <div class=\"slide__text\">Uniwersytet \u015al\u0105ski w Katowicach stwarza wiele mo\u017cliwo\u015bci osi\u0105gni\u0119cia i doskonalenia bieg\u0142o\u015bci j\u0119zykowej, a tak\u017ce jej po\u015bwiadczenia w formie Akademickiego Certyfikatu Znajomo\u015bci J\u0119zyka Obcego, kt\u00f3ry mo\u017cna uzyska\u0107 po z\u0142o\u017ceniu Egzaminu Certyfikuj\u0105cego. Jednostk\u0105 organizuj\u0105c\u0105 Egzaminy Certyfikuj\u0105ce dla ca\u0142ej spo\u0142eczno\u015bci akade...<\/div>\n                           <\/a>\n                        <\/div>\n                     <\/div>\n                     <a href=\"https:\/\/us.edu.pl\/kolegium\/spnjo\/poza-lektoratem\/certyfikaty\/\" class=\"slide__img thumbnail\"\n                           style=\"background-image: url('')\">\n                           <span class=\"d-none\">Egzamin certyfikuj\u0105cy Uniwersytet \u015al\u0105ski w Katowicach stwarza wiele mo\u017cliwo\u015bci osi\u0105gni\u0119cia i doskonalenia bieg\u0142o\u015bci j\u0119zykowej, a tak\u017ce jej po\u015bwiadczenia w formie Akademickiego Certyfikatu Znajomo\u015bci J\u0119zyka Obcego, kt\u00f3ry mo\u017cna uzyska\u0107 po z\u0142o\u017ceniu Egzaminu Certyfikuj\u0105cego. Jednostk\u0105 organizuj\u0105c\u0105 Egzaminy Certyfikuj\u0105ce dla ca\u0142ej spo\u0142eczno\u015bci akade...<\/span>\n                     <\/a>\n                  <\/div>\n                  <div class=\"slide slide_css\">\n                     <div class=\"slide__content_container container\">\n                        <div class=\"slide__content\">\n                           <a href=\"https:\/\/us.edu.pl\/kolegium\/spnjo\/poza-lektoratem\/kursy\/\" class=\"slide__link\">\n                              <div class=\"slide__title\">Kursy SPNJO<\/div>\n                              <div class=\"slide__text\">Jeste\u015bmy lektorami j\u0119zyk\u00f3w obcych Studium Praktycznej Nauki J\u0119zyk\u00f3w Obcych w Uniwersytecie \u015al\u0105skim w Katowicach. Jeste\u015bmy do\u015bwiadczonymi nauczycielami akademickimi z wiedz\u0105 specjalistyczn\u0105 budowan\u0105 przez lata, wiemy jak uczy\u0107 i lubimy nasz\u0105 prac\u0119. Kursy j\u0119zykowe SPNJO to nasz znak.<\/div>\n                           <\/a>\n                        <\/div>\n                     <\/div>\n                     <a href=\"https:\/\/us.edu.pl\/kolegium\/spnjo\/poza-lektoratem\/kursy\/\" class=\"slide__img thumbnail\"\n                           style=\"background-image: url('')\">\n                           <span class=\"d-none\">Kursy SPNJO Jeste\u015bmy lektorami j\u0119zyk\u00f3w obcych Studium Praktycznej Nauki J\u0119zyk\u00f3w Obcych w Uniwersytecie \u015al\u0105skim w Katowicach. Jeste\u015bmy do\u015bwiadczonymi nauczycielami akademickimi z wiedz\u0105 specjalistyczn\u0105 budowan\u0105 przez lata, wiemy jak uczy\u0107 i lubimy nasz\u0105 prac\u0119. Kursy j\u0119zykowe SPNJO to nasz znak.<\/span>\n                     <\/a>\n                  <\/div>\n                  <div class=\"slide slide_css\">\n                     <div class=\"slide__content_container container\">\n                        <div class=\"slide__content\">\n                           <a href=\"http:\/\/www.konferencjaspnjo.us.edu.pl\/\" class=\"slide__link\">\n                              <div class=\"slide__title\">Konferencja<\/div>\n                              <div class=\"slide__text\">Zapraszamy do udzia\u0142u w konferencjach organizowanych przez Studium Praktycznej Nauki J\u0119zyk\u00f3w Obcych U\u015a, kt\u00f3re s\u0105 okazj\u0105 do wzbogacania warsztatu pracy, dzielenia si\u0119 wiedz\u0105 i do\u015bwiadczeniem, a jednocze\u015bnie do namys\u0142u nad wyzwaniami stoj\u0105cymi przed nauczycielem XXI wieku. Wi\u0119cej na stronie: http:\/\/www.konferencjaspnjo.us.edu.pl\/<\/div>\n                           <\/a>\n                        <\/div>\n                     <\/div>\n                     <a href=\"http:\/\/www.konferencjaspnjo.us.edu.pl\/\" class=\"slide__img thumbnail\"\n                           style=\"background-image: url('')\">\n                           <span class=\"d-none\">Konferencja Zapraszamy do udzia\u0142u w konferencjach organizowanych przez Studium Praktycznej Nauki J\u0119zyk\u00f3w Obcych U\u015a, kt\u00f3re s\u0105 okazj\u0105 do wzbogacania warsztatu pracy, dzielenia si\u0119 wiedz\u0105 i do\u015bwiadczeniem, a jednocze\u015bnie do namys\u0142u nad wyzwaniami stoj\u0105cymi przed nauczycielem XXI wieku. Wi\u0119cej na stronie: http:\/\/www.konferencjaspnjo.us.edu.pl\/<\/span>\n                     <\/a>\n                  <\/div>\n                <div class=\"slider__controls\">\n                    <div class=\"slider__dots\"><\/div>\n                    <div class=\"slider__actions\">\n                        <a href=\"#\" class=\"arrow\" data-direction=\"prev\" title=\"poprzedni slajd\">\n                            <em class=\"ci ci-arrow-left\"><\/em>\n                            <span class=\"d-none\">control<\/span>\n                        <\/a>\n            \n                        <a href=\"#\" class=\"start-pause\" data-action=\"stop\" title=\"wstrzymaj poruszanie si\u0119 slajd\u00f3w\">\n                            <em class=\"ci ci-pause\"><\/em>\n                            <span class=\"d-none\">control<\/span>\n                        <\/a>\n            \n                       \n                        <a href=\"#\" class=\"arrow\" data-direction=\"next\"  title=\"Kolejny slajd\" >\n                            <em class=\"ci ci-arrow-right\"><\/em>\n                            <span class=\"d-none\">control<\/span>\n                        <\/a>\n                    <\/div>\n                <\/div>\n            <\/div>[\/vc_column][\/vc_row][vc_column][\/vc_column]<\/p>","protected":false},"excerpt":{"rendered":"<p>[vc_row][vc_column][\/vc_column][\/vc_row][vc_row][vc_column][\/vc_column][\/vc_row][vc_column][\/vc_column] [&#8230;]<\/p>\n<p><a class=\"btn btn-secondary understrap-read-more-link\" href=\"https:\/\/us.edu.pl\/kolegium\/spnjo\/poza-lektoratem\/\">Read More&#8230;<\/a><\/p>\n","protected":false},"author":25,"featured_media":0,"parent":0,"menu_order":0,"comment_status":"closed","ping_status":"closed","template":"","meta":{"_expiration-date-status":"saved","_expiration-date":0,"_expiration-date-type":"","_expiration-date-categories":[],"_expiration-date-options":[]},"acf":[],"_links":{"self":[{"href":"https:\/\/us.edu.pl\/kolegium\/spnjo\/wp-json\/wp\/v2\/pages\/90"}],"collection":[{"href":"https:\/\/us.edu.pl\/kolegium\/spnjo\/wp-json\/wp\/v2\/pages"}],"about":[{"href":"https:\/\/us.edu.pl\/kolegium\/spnjo\/wp-json\/wp\/v2\/types\/page"}],"author":[{"embeddable":true,"href":"https:\/\/us.edu.pl\/kolegium\/spnjo\/wp-json\/wp\/v2\/users\/25"}],"replies":[{"embeddable":true,"href":"https:\/\/us.edu.pl\/kolegium\/spnjo\/wp-json\/wp\/v2\/comments?post=90"}],"version-history":[{"count":10,"href":"https:\/\/us.edu.pl\/kolegium\/spnjo\/wp-json\/wp\/v2\/pages\/90\/revisions"}],"predecessor-version":[{"id":1933,"href":"https:\/\/us.edu.pl\/kolegium\/spnjo\/wp-json\/wp\/v2\/pages\/90\/revisions\/1933"}],"wp:attachment":[{"href":"https:\/\/us.edu.pl\/kolegium\/spnjo\/wp-json\/wp\/v2\/media?parent=90"}],"curies":[{"name":"wp","href":"https:\/\/api.w.org\/{rel}","templated":true}]}}