{"id":259,"date":"2021-12-29T12:54:56","date_gmt":"2021-12-29T12:54:56","guid":{"rendered":"https:\/\/us.edu.pl\/pracownik\/welcomepoint\/?page_id=259"},"modified":"2025-07-11T10:39:05","modified_gmt":"2025-07-11T08:39:05","slug":"be-active","status":"publish","type":"page","link":"https:\/\/us.edu.pl\/pracownik\/welcomepoint\/be-active\/","title":{"rendered":"B\u0105d\u017a aktywny"},"content":{"rendered":"<p><\/p>\n<p>[vc_row el_class=&#8221;container&#8221;][vc_column]\r\n                <div class=\"text-modules\">\r\n                    <div class=\"container\">\r\n                        \r\n                        <div class=\"text-modules__content\"><\/p>\n<p style=\"text-align: left;\"><small><span style=\"letter-spacing: 0.7mm; color: #000000; font-size: 140%;\"><strong>B\u0104D\u0179 AKTYWNY NA UNIWERSYTECIE \u015aL\u0104SKIM<\/strong><br \/>\n<\/span><\/small><\/p>\n<p>\n<\/div>\r\n                    <\/div>\r\n                <\/div>[vc_row_inner][vc_column_inner width=&#8221;1\/2&#8243;][vc_empty_space height=&#8221;1px&#8221; css=&#8221;.vc_custom_1640685725363{background-color: #fbba00 !important;}&#8221;][\/vc_column_inner][vc_column_inner width=&#8221;1\/2&#8243;][\/vc_column_inner][\/vc_row_inner][vc_empty_space][\/vc_column][\/vc_row][vc_row el_class=&#8221;container&#8221;][vc_column width=&#8221;1\/12&#8243;][\/vc_column][vc_column width=&#8221;7\/12&#8243;]\r\n                <div class=\"text-modules\">\r\n                    <div class=\"container\">\r\n                        \r\n                        <div class=\"text-modules__content\"><p>Jako pracownik Uniwersytetu \u015al\u0105skiego w Katowicach masz dost\u0119p do szerokiej gamy dyscyplin sportowych oferowanych przez Centrum Sportu AZS (Akademicki Zwi\u0105zek Sportowy). Wi\u0119cej informacji na temat zasad i rejestracji oraz dost\u0119pnych dyscyplin znajdziesz na stronie internetowej AZS.<\/p>\n<p>1. Aby wzi\u0105\u0107 udzia\u0142 w zaj\u0119ciach pracownik powinien posiada\u0107 Kart\u0119 AZS (Akademickiego Zwi\u0105zku Sportowego). Za\u0142o\u017cenie takiej karty jest bardzo proste.<\/p>\n<p>Na stronie <a href=\"https:\/\/azsus.pl\/karta-azs-us\">https:\/\/azsus.pl\/karta-azs-us<\/a> znajduj\u0105 si\u0119 informacje o benefitach dla posiadaczy Karty AZS oraz o wymaganych dodatkowych op\u0142atach dla niekt\u00f3rych sekcji sportowych.<\/p>\n<p>2. Kart\u0119 mo\u017cna zarejestrowa\u0107 i op\u0142aci\u0107 online \u2013 <a href=\"https:\/\/planeta.azs.pl\/formularz\/zgloszenie-czlonkostwa\">https:\/\/planeta.azs.pl\/formularz\/zgloszenie-czlonkostwa<\/a><\/p>\n<p>Op\u0142ata wynosi 90z\u0142 lub 140z\u0142 w zale\u017cno\u015bci od wybranej polisy.<\/p>\n<p>Pod podanym linkiem mo\u017cna si\u0119 zapozna\u0107 z sekcjami sportowymi Uniwersytetu \u015al\u0105skiego \u2013 <a href=\"https:\/\/azsus.pl\/?anchorElement=element_3001&amp;scrollMargin=40\">https:\/\/azsus.pl\/?anchorElement=element_3001&amp;scrollMargin=40<\/a> .<\/p>\n<p>W przypadku pyta\u0144 dotycz\u0105cych zaj\u0119\u0107, prosz\u0119 kontaktowa\u0107 si\u0119 z biurem AZS:<br \/>\nul. Bankowa 12\/-1.10<br \/>\n40-007 Katowice<br \/>\n<a href=\"mailto:azs@us.edu.pl\">azs@us.edu.pl<\/a><br \/>\nRenata Fangor<br \/>\nAleksandra D\u0105browska<br \/>\nGodziny pracy: 9.00\u201315.00<br \/>\ntel. 509 407 288<br \/>\ntel. 32 359 19 97<\/p>\n<\/div>\r\n                    <\/div>\r\n                <\/div>[\/vc_column][vc_column width=&#8221;4\/12&#8243;]\r\n                <div class=\"text-modules\">\r\n                    <div class=\"container\">\r\n                        \r\n                        <div class=\"text-modules__content\"><p><img class=\"alignnone wp-image-260 size-full\" src=\"https:\/\/us.edu.pl\/pracownik\/welcomepoint\/wp-content\/uploads\/sites\/69\/Zdj\u0119cia\/Na-stron\u0119\/jenny-hill-mQVWb7kUoOE-unsplash-1.jpg\" alt=\"A running man\" width=\"100%\" height=\"auto\" srcset=\"https:\/\/us.edu.pl\/pracownik\/welcomepoint\/wp-content\/uploads\/sites\/69\/Zdj\u0119cia\/Na-stron\u0119\/jenny-hill-mQVWb7kUoOE-unsplash-1.jpg 800w, https:\/\/us.edu.pl\/pracownik\/welcomepoint\/wp-content\/uploads\/sites\/69\/Zdj\u0119cia\/Na-stron\u0119\/jenny-hill-mQVWb7kUoOE-unsplash-1-300x225.jpg 300w, https:\/\/us.edu.pl\/pracownik\/welcomepoint\/wp-content\/uploads\/sites\/69\/Zdj\u0119cia\/Na-stron\u0119\/jenny-hill-mQVWb7kUoOE-unsplash-1-768x576.jpg 768w, https:\/\/us.edu.pl\/pracownik\/welcomepoint\/wp-content\/uploads\/sites\/69\/Zdj\u0119cia\/Na-stron\u0119\/jenny-hill-mQVWb7kUoOE-unsplash-1-575x431.jpg 575w\" sizes=\"(max-width: 800px) 100vw, 800px\" \/><br \/>\n<span style=\"color: #333333; font-size: 90%;\">fotografia:\u00a0 Jenny Hill on Unsplash<\/span><\/p>\n<\/div>\r\n                    <\/div>\r\n                <\/div>[\/vc_column][\/vc_row]<\/p>\n<p><\/p>","protected":false},"excerpt":{"rendered":"<p>[vc_row el_class=&#8221;container&#8221;][vc_column][vc_row_inner][vc_column_inner width=&#8221;1\/2&#8243;][vc_empty_space height=&#8221;1px&#8221; css=&#8221;.vc_custom_1640685725363{background-color: #fbba00 !important;}&#8221;][\/vc_column_inner][vc_column_inner width=&#8221;1\/2&#8243;][\/vc_column_inner][\/vc_row_inner][vc_empty_space][\/vc_column][\/vc_row][vc_row el_class=&#8221;container&#8221;][vc_column width=&#8221;1\/12&#8243;][\/vc_column][vc_column width=&#8221;7\/12&#8243;][\/vc_column][vc_column width=&#8221;4\/12&#8243;][\/vc_column][\/vc_row] [&#8230;]<\/p>\n<p><a class=\"btn btn-secondary understrap-read-more-link\" href=\"https:\/\/us.edu.pl\/pracownik\/welcomepoint\/be-active\/\">Read More&#8230;<\/a><\/p>\n","protected":false},"author":139,"featured_media":260,"parent":0,"menu_order":0,"comment_status":"closed","ping_status":"closed","template":"","meta":{"_expiration-date-status":"","_expiration-date":0,"_expiration-date-type":"","_expiration-date-categories":[],"_expiration-date-options":[]},"acf":[],"_links":{"self":[{"href":"https:\/\/us.edu.pl\/pracownik\/welcomepoint\/wp-json\/wp\/v2\/pages\/259"}],"collection":[{"href":"https:\/\/us.edu.pl\/pracownik\/welcomepoint\/wp-json\/wp\/v2\/pages"}],"about":[{"href":"https:\/\/us.edu.pl\/pracownik\/welcomepoint\/wp-json\/wp\/v2\/types\/page"}],"author":[{"embeddable":true,"href":"https:\/\/us.edu.pl\/pracownik\/welcomepoint\/wp-json\/wp\/v2\/users\/139"}],"replies":[{"embeddable":true,"href":"https:\/\/us.edu.pl\/pracownik\/welcomepoint\/wp-json\/wp\/v2\/comments?post=259"}],"version-history":[{"count":7,"href":"https:\/\/us.edu.pl\/pracownik\/welcomepoint\/wp-json\/wp\/v2\/pages\/259\/revisions"}],"predecessor-version":[{"id":4325,"href":"https:\/\/us.edu.pl\/pracownik\/welcomepoint\/wp-json\/wp\/v2\/pages\/259\/revisions\/4325"}],"wp:featuredmedia":[{"embeddable":true,"href":"https:\/\/us.edu.pl\/pracownik\/welcomepoint\/wp-json\/wp\/v2\/media\/260"}],"wp:attachment":[{"href":"https:\/\/us.edu.pl\/pracownik\/welcomepoint\/wp-json\/wp\/v2\/media?parent=259"}],"curies":[{"name":"wp","href":"https:\/\/api.w.org\/{rel}","templated":true}]}}