{"id":44463,"date":"2026-08-11T12:35:50","date_gmt":"2026-08-11T10:35:50","guid":{"rendered":"https:\/\/us.edu.pl\/pracownik\/?post_type=komunikaty&#038;p=44463"},"modified":"2026-08-11T12:35:50","modified_gmt":"2026-08-11T10:35:50","slug":"zarzadzenie-rektora-regulamin-pracy-us-zmiany","status":"publish","type":"komunikaty","link":"https:\/\/us.edu.pl\/pracownik\/komunikaty\/zarzadzenie-rektora-regulamin-pracy-us-zmiany\/","title":{"rendered":"Zarz\u0105dzenie Rektora | Regulamin pracy U\u015a (zmiany)"},"content":{"rendered":"<p>[vc_row][vc_column]\r\n                <div class=\"text-modules\">\r\n                    <div class=\"container\">\r\n                        \r\n                        <div class=\"text-modules__content\"><p>W uniwersyteckim serwisie <a href=\"https:\/\/aktyprawne.us.edu.pl\/183-logowanie\/?ReturnUrl=%252f\">AKTY PRAWNE<\/a> w dniu <strong>7 sierpnia 2026 r.<\/strong> zosta\u0142o zamieszczone <strong>Zarz\u0105dzenie nr 110 Rektora Uniwersytetu \u015al\u0105skiego w Katowicach z dnia 7 sierpnia 2026 r. zmieniaj\u0105ce zarz\u0105dzenie w sprawie wprowadzenia\u00a0 Regulaminu pracy Uniwersytetu \u015al\u0105skiego w Katowicach, <\/strong>dost\u0119pne pod adresem: <a href=\"https:\/\/aktyprawne.us.edu.pl\/d\/9351\/5\/?tc=17\">https:\/\/aktyprawne.us.edu.pl\/d\/9351\/5\/?tc=17<\/a><\/p>\n<\/div>\r\n                    <\/div>\r\n                <\/div>[\/vc_column][\/vc_row]<\/p>","protected":false},"excerpt":{"rendered":"<p>[vc_row][vc_column][\/vc_column][\/vc_row] [&#8230;]<\/p>\n<p><a class=\"btn btn-secondary understrap-read-more-link\" href=\"https:\/\/us.edu.pl\/pracownik\/komunikaty\/zarzadzenie-rektora-regulamin-pracy-us-zmiany\/\">Read More&#8230;<\/a><\/p>\n","protected":false},"author":41,"featured_media":0,"template":"","meta":{"_expiration-date-status":"","_expiration-date":0,"_expiration-date-type":"","_expiration-date-categories":[],"_expiration-date-options":[]},"acf":[],"_links":{"self":[{"href":"https:\/\/us.edu.pl\/pracownik\/wp-json\/wp\/v2\/komunikaty\/44463"}],"collection":[{"href":"https:\/\/us.edu.pl\/pracownik\/wp-json\/wp\/v2\/komunikaty"}],"about":[{"href":"https:\/\/us.edu.pl\/pracownik\/wp-json\/wp\/v2\/types\/komunikaty"}],"author":[{"embeddable":true,"href":"https:\/\/us.edu.pl\/pracownik\/wp-json\/wp\/v2\/users\/41"}],"version-history":[{"count":1,"href":"https:\/\/us.edu.pl\/pracownik\/wp-json\/wp\/v2\/komunikaty\/44463\/revisions"}],"predecessor-version":[{"id":44464,"href":"https:\/\/us.edu.pl\/pracownik\/wp-json\/wp\/v2\/komunikaty\/44463\/revisions\/44464"}],"wp:attachment":[{"href":"https:\/\/us.edu.pl\/pracownik\/wp-json\/wp\/v2\/media?parent=44463"}],"curies":[{"name":"wp","href":"https:\/\/api.w.org\/{rel}","templated":true}]}}

Zarządzenie Rektora | Regulamin pracy UŚ (zmiany)

<p>[vc_row][vc_column]
                <div class="text-modules">
                    <div class="container">
                        
                        <div class="text-modules__content"><p>W uniwersyteckim serwisie <a href="https://aktyprawne.us.edu.pl/183-logowanie/?ReturnUrl=%252f">AKTY PRAWNE</a> w dniu <strong>7 sierpnia 2026 r.</strong> zostało zamieszczone <strong>Zarządzenie nr 110 Rektora Uniwersytetu Śląskiego w Katowicach z dnia 7 sierpnia 2026 r. zmieniające zarządzenie w sprawie wprowadzenia  Regulaminu pracy Uniwersytetu Śląskiego w Katowicach, </strong>dostępne pod adresem: <a href="https://aktyprawne.us.edu.pl/d/9351/5/?tc=17">https://aktyprawne.us.edu.pl/d/9351/5/?tc=17</a></p>
</div>
                    </div>
                </div>[/vc_column][/vc_row]</p>
