{"id":44561,"date":"2026-08-28T14:01:20","date_gmt":"2026-08-28T12:01:20","guid":{"rendered":"https:\/\/us.edu.pl\/pracownik\/?post_type=komunikaty&#038;p=44561"},"modified":"2026-08-28T14:01:20","modified_gmt":"2026-08-28T12:01:20","slug":"zarzadzenie-rektora-okreslenie-zakresu-obowiazkow-wladz-uczelni-zmiany","status":"publish","type":"komunikaty","link":"https:\/\/us.edu.pl\/pracownik\/komunikaty\/zarzadzenie-rektora-okreslenie-zakresu-obowiazkow-wladz-uczelni-zmiany\/","title":{"rendered":"Zarz\u0105dzenie Rektora | okre\u015blenie zakresu obowi\u0105zk\u00f3w w\u0142adz Uczelni (zmiany)"},"content":{"rendered":"<p>[vc_row][vc_column]\r\n                <div class=\"text-modules\">\r\n                    <div class=\"container\">\r\n                        \r\n                        <div class=\"text-modules__content\"><p>W uniwersyteckim serwisie <a href=\"https:\/\/aktyprawne.us.edu.pl\/183-logowanie\/?ReturnUrl=%252f\">AKTY PRAWNE<\/a> zosta\u0142o zamieszczone <strong>Zarz\u0105dzenie nr 119 Rektora Uniwersytetu \u015al\u0105skiego w Katowicach z dnia 28 sierpnia 2026 r. zmieniaj\u0105ce zarz\u0105dzenie w\u00a0sprawie okre\u015blenia zakresu obowi\u0105zk\u00f3w w\u0142adz Uczelni, <\/strong>dost\u0119pne pod adresem: <a href=\"https:\/\/aktyprawne.us.edu.pl\/w\/9362\/6\/\">Zarz\u0105dzenie Rektora nr 119\/2026<\/a><\/p>\n<\/div>\r\n                    <\/div>\r\n                <\/div>[\/vc_column][\/vc_row]<\/p>","protected":false},"excerpt":{"rendered":"<p>[vc_row][vc_column][\/vc_column][\/vc_row] [&#8230;]<\/p>\n<p><a class=\"btn btn-secondary understrap-read-more-link\" href=\"https:\/\/us.edu.pl\/pracownik\/komunikaty\/zarzadzenie-rektora-okreslenie-zakresu-obowiazkow-wladz-uczelni-zmiany\/\">Read More&#8230;<\/a><\/p>\n","protected":false},"author":7260,"featured_media":0,"template":"","meta":{"_expiration-date-status":"","_expiration-date":0,"_expiration-date-type":"","_expiration-date-categories":[],"_expiration-date-options":[]},"acf":[],"_links":{"self":[{"href":"https:\/\/us.edu.pl\/pracownik\/wp-json\/wp\/v2\/komunikaty\/44561"}],"collection":[{"href":"https:\/\/us.edu.pl\/pracownik\/wp-json\/wp\/v2\/komunikaty"}],"about":[{"href":"https:\/\/us.edu.pl\/pracownik\/wp-json\/wp\/v2\/types\/komunikaty"}],"author":[{"embeddable":true,"href":"https:\/\/us.edu.pl\/pracownik\/wp-json\/wp\/v2\/users\/7260"}],"version-history":[{"count":1,"href":"https:\/\/us.edu.pl\/pracownik\/wp-json\/wp\/v2\/komunikaty\/44561\/revisions"}],"predecessor-version":[{"id":44562,"href":"https:\/\/us.edu.pl\/pracownik\/wp-json\/wp\/v2\/komunikaty\/44561\/revisions\/44562"}],"wp:attachment":[{"href":"https:\/\/us.edu.pl\/pracownik\/wp-json\/wp\/v2\/media?parent=44561"}],"curies":[{"name":"wp","href":"https:\/\/api.w.org\/{rel}","templated":true}]}}

Zarządzenie Rektora | określenie zakresu obowiązków władz Uczelni (zmiany)

<p>[vc_row][vc_column]
                <div class="text-modules">
                    <div class="container">
                        
                        <div class="text-modules__content"><p>W uniwersyteckim serwisie <a href="https://aktyprawne.us.edu.pl/183-logowanie/?ReturnUrl=%252f">AKTY PRAWNE</a> zostało zamieszczone <strong>Zarządzenie nr 119 Rektora Uniwersytetu Śląskiego w Katowicach z dnia 28 sierpnia 2026 r. zmieniające zarządzenie w sprawie określenia zakresu obowiązków władz Uczelni, </strong>dostępne pod adresem: <a href="https://aktyprawne.us.edu.pl/w/9362/6/">Zarządzenie Rektora nr 119/2026</a></p>
</div>
                    </div>
                </div>[/vc_column][/vc_row]</p>
