{"id":44563,"date":"2026-08-28T14:07:15","date_gmt":"2026-08-28T12:07:15","guid":{"rendered":"https:\/\/us.edu.pl\/pracownik\/?post_type=komunikaty&#038;p=44563"},"modified":"2026-08-28T14:07:15","modified_gmt":"2026-08-28T12:07:15","slug":"zarzadzenie-rektora-regulamin-organizacyjny-us-zmiany","status":"publish","type":"komunikaty","link":"https:\/\/us.edu.pl\/pracownik\/komunikaty\/zarzadzenie-rektora-regulamin-organizacyjny-us-zmiany\/","title":{"rendered":"Zarz\u0105dzenie Rektora | Regulamin organizacyjny U\u015a (zmiany)"},"content":{"rendered":"<p>[vc_row][vc_column]\r\n                <div class=\"text-modules\">\r\n                    <div class=\"container\">\r\n                        \r\n                        <div class=\"text-modules__content\"><p>W uniwersyteckim serwisie <a href=\"https:\/\/aktyprawne.us.edu.pl\/183-logowanie\/?ReturnUrl=%252f\">AKTY PRAWNE<\/a> zosta\u0142o zamieszczone <strong>Zarz\u0105dzenie nr 120 Rektora Uniwersytetu \u015al\u0105skiego w Katowicach z dnia 28 sierpnia 2026 r.\u00a0 zmieniaj\u0105ce Regulamin organizacyjny Uniwersytetu \u015al\u0105skiego w Katowicach, <\/strong>dost\u0119pne pod adresem: <a href=\"https:\/\/aktyprawne.us.edu.pl\/w\/9363\/6\/\">Zarz\u0105dzenie Rektora nr 120\/2026<\/a><\/p>\n<\/div>\r\n                    <\/div>\r\n                <\/div>[\/vc_column][\/vc_row]<\/p>","protected":false},"excerpt":{"rendered":"<p>[vc_row][vc_column][\/vc_column][\/vc_row] [&#8230;]<\/p>\n<p><a class=\"btn btn-secondary understrap-read-more-link\" href=\"https:\/\/us.edu.pl\/pracownik\/komunikaty\/zarzadzenie-rektora-regulamin-organizacyjny-us-zmiany\/\">Read More&#8230;<\/a><\/p>\n","protected":false},"author":7260,"featured_media":0,"template":"","meta":{"_expiration-date-status":"","_expiration-date":0,"_expiration-date-type":"","_expiration-date-categories":[],"_expiration-date-options":[]},"acf":[],"_links":{"self":[{"href":"https:\/\/us.edu.pl\/pracownik\/wp-json\/wp\/v2\/komunikaty\/44563"}],"collection":[{"href":"https:\/\/us.edu.pl\/pracownik\/wp-json\/wp\/v2\/komunikaty"}],"about":[{"href":"https:\/\/us.edu.pl\/pracownik\/wp-json\/wp\/v2\/types\/komunikaty"}],"author":[{"embeddable":true,"href":"https:\/\/us.edu.pl\/pracownik\/wp-json\/wp\/v2\/users\/7260"}],"version-history":[{"count":1,"href":"https:\/\/us.edu.pl\/pracownik\/wp-json\/wp\/v2\/komunikaty\/44563\/revisions"}],"predecessor-version":[{"id":44564,"href":"https:\/\/us.edu.pl\/pracownik\/wp-json\/wp\/v2\/komunikaty\/44563\/revisions\/44564"}],"wp:attachment":[{"href":"https:\/\/us.edu.pl\/pracownik\/wp-json\/wp\/v2\/media?parent=44563"}],"curies":[{"name":"wp","href":"https:\/\/api.w.org\/{rel}","templated":true}]}}

Zarządzenie Rektora | Regulamin organizacyjny UŚ (zmiany)

<p>[vc_row][vc_column]
                <div class="text-modules">
                    <div class="container">
                        
                        <div class="text-modules__content"><p>W uniwersyteckim serwisie <a href="https://aktyprawne.us.edu.pl/183-logowanie/?ReturnUrl=%252f">AKTY PRAWNE</a> zostało zamieszczone <strong>Zarządzenie nr 120 Rektora Uniwersytetu Śląskiego w Katowicach z dnia 28 sierpnia 2026 r.  zmieniające Regulamin organizacyjny Uniwersytetu Śląskiego w Katowicach, </strong>dostępne pod adresem: <a href="https://aktyprawne.us.edu.pl/w/9363/6/">Zarządzenie Rektora nr 120/2026</a></p>
</div>
                    </div>
                </div>[/vc_column][/vc_row]</p>
