{"id":10050,"date":"2020-09-25T15:23:57","date_gmt":"2020-09-25T13:23:57","guid":{"rendered":"https:\/\/us.edu.pl\/pracownik\/?page_id=10050"},"modified":"2025-11-28T15:12:38","modified_gmt":"2025-11-28T14:12:38","slug":"ubezpieczenie","status":"publish","type":"page","link":"https:\/\/us.edu.pl\/pracownik\/sprawy-miedzynarodowe\/mobilnosc-miedzynarodowa\/wyjazdy-zagraniczne\/ubezpieczenie\/","title":{"rendered":"Ubezpieczenie"},"content":{"rendered":"<p>[vc_row][vc_column][\/vc_column][\/vc_row][vc_row][vc_column]\r\n                <div class=\"text-modules\">\r\n                    <div class=\"container\">\r\n                        <h3 class=\"page-title text__title\">Ubezpieczenie wyjazd\u00f3w za granic\u0119<\/h3>\r\n                        <div class=\"text-modules__content\"><\/p>\n<p style=\"text-align: justify;\">Od <u>15 sierpnia 2024 roku do 14 sierpnia 2027 roku<\/u> Uniwersytet \u015al\u0105ski w Katowicach zawar\u0142 umow\u0119 na ubezpieczenia Koszt\u00f3w Leczenia (KL) i Assistance podczas wyjazd\u00f3w za granic\u0119\u00a0 z Wykonawc\u0105:<\/p>\n<p><strong>COMPENSA TU S.A. Vienna Insurance Group (WIENER TU S.A. VIENNA INSURANCE GROUP)<\/strong><br \/>\n<strong>Regionalne Centrum Ubezpiecze\u0144 Korporacyjnych przy ul. \u015aciegiennego 3 w Katowicach<\/strong><br \/>\n<strong>tel. +48 32 781 55 89\/93<\/strong><br \/>\n<strong>tel. kom. +48 726 700 749<\/strong><\/p>\n<p style=\"text-align: center;\"><strong>Od 15.08.2025 r. do 14.08.2026<\/strong>\u00a0r. obowi\u0105zuje <strong>numer polisy: <span style=\"color: #ff0000;\">COR665023<\/span><\/strong><\/p>\n<p style=\"text-align: center;\">W przypadku wyst\u0105pienia w tym okresie szkody obj\u0119tej ubezpieczeniem nale\u017cy powiadomi\u0107:<\/p>\n<p style=\"text-align: center;\"><strong>CENTRAL\u0118 ALARMOW\u0104 GLOBAL ASSISTANCE POLAND 24H TEL.: <span style=\"color: #ff0000;\">+48 22\u00a0741 39 70<\/span><\/strong><\/p>\n<p style=\"text-align: center;\"><strong>W PRZYPADKU ZDARZENIA KONTAKT Z CENTRAL\u0104 ALARMOW\u0104 JEST OBOWI\u0104ZKOWY.<\/strong><\/p>\n<p>&nbsp;<\/p>\n<p style=\"text-align: justify;\">Ubezpieczeniem zostaj\u0105 automatycznie obj\u0119te osoby wyje\u017cd\u017caj\u0105ce na podstawie <em>Wniosk\u00f3w o wyjazd za granic\u0119<\/em> &#8211; cz\u0119\u015b\u0107 WP-polecenie wyjazdu s\u0142u\u017cbowego oraz cz\u0119\u015b\u0107 WS-skierowanie za granic\u0119 na wyjazdy kr\u00f3tkoterminowe (do 30 dni) oraz d\u0142ugoterminowe (powy\u017cej 30 dni).<\/p>\n<p style=\"text-align: justify;\">Koszt ubezpieczenia jest pokrywany ze \u015brodk\u00f3w og\u00f3lnouczelnianych i nie obci\u0105\u017ca bud\u017cet\u00f3w jednostek U\u015a.<\/p>\n<p style=\"text-align: justify;\">Wszystkie osoby wyje\u017cd\u017caj\u0105ce do kraj\u00f3w Unii Europejskiej oraz EFTA s\u0105 zobowi\u0105zane do zaopatrzenia si\u0119 w kart\u0119 EKUZ \u2013 Europejsk\u0105 Kart\u0119 Ubezpieczenia Zdrowotnego. Szczeg\u00f3\u0142owe informacje na temat kart EKUZ mo\u017cna znale\u017a\u0107 na stronie <a href=\"https:\/\/www.nfz.gov.pl\/dla-pacjenta\/nasze-zdrowie-w-ue\/leczenie-w-krajach-unii-europejskiej-i-efta\/jak-wyrobic-karte-ekuz\/\">Narodowego Funduszu Zdrowia<\/a>.<\/p>\n<p><strong><span style=\"color: #ff0000;\">UWAGA<\/span>: U<span style=\"color: #333300;\">bezpieczenie nie dzia\u0142a w kraju, na kt\u00f3rego terytorium trwaj\u0105 dzia\u0142ania wojenne, stan wojenny, stan wyj\u0105tkowy, zgodnie z <a title=\"OWU kosztow leczenia za granica RP i kraju stalego pobytu_PLN\" href=\"https:\/\/us.edu.pl\/pracownik\/wp-content\/uploads\/sites\/2\/Editor\/DMM-Sprawy-miedzynarodowe\/OWU-kosztow-leczenia-za-granica-RP-i-kraju-stalego-pobytu_PLN.pdf\" class=\"mtli_attachment mtli_pdf\" data-mtli=\"mtli_filesize970,58kB\" class=\"mtli_attachment mtli_pdf\" data-mtli=\"mtli_filesize970,58kB\">Og\u00f3lnymi Warunkami Ubezpieczenia<\/a><\/span><\/strong><\/p>\n<style type=\"text\/css\">a[data-mtli~=\"mtli_filesize970,58kB\"]:after {content:\" (970,58 kB)\"}<\/style><\/div>\r\n                    <\/div>\r\n                <\/div>[\/vc_column][\/vc_row]<\/p>\n<style type=\"text\/css\">a[data-mtli~=\"mtli_filesize970,58kB\"]:after {content:\" (970,58 kB)\"}<\/style>","protected":false},"excerpt":{"rendered":"<p>[vc_row][vc_column][\/vc_column][\/vc_row][vc_row][vc_column][\/vc_column][\/vc_row] [&#8230;]<\/p>\n<p><a class=\"btn btn-secondary understrap-read-more-link\" href=\"https:\/\/us.edu.pl\/pracownik\/sprawy-miedzynarodowe\/mobilnosc-miedzynarodowa\/wyjazdy-zagraniczne\/ubezpieczenie\/\">Read More&#8230;<\/a><\/p>\n","protected":false},"author":41,"featured_media":0,"parent":9166,"menu_order":185,"comment_status":"closed","ping_status":"closed","template":"page-templates\/inner-page-with-bookmarks.php","meta":{"_expiration-date-status":"","_expiration-date":0,"_expiration-date-type":"","_expiration-date-categories":[],"_expiration-date-options":[]},"acf":[],"_links":{"self":[{"href":"https:\/\/us.edu.pl\/pracownik\/wp-json\/wp\/v2\/pages\/10050"}],"collection":[{"href":"https:\/\/us.edu.pl\/pracownik\/wp-json\/wp\/v2\/pages"}],"about":[{"href":"https:\/\/us.edu.pl\/pracownik\/wp-json\/wp\/v2\/types\/page"}],"author":[{"embeddable":true,"href":"https:\/\/us.edu.pl\/pracownik\/wp-json\/wp\/v2\/users\/41"}],"replies":[{"embeddable":true,"href":"https:\/\/us.edu.pl\/pracownik\/wp-json\/wp\/v2\/comments?post=10050"}],"version-history":[{"count":10,"href":"https:\/\/us.edu.pl\/pracownik\/wp-json\/wp\/v2\/pages\/10050\/revisions"}],"predecessor-version":[{"id":41756,"href":"https:\/\/us.edu.pl\/pracownik\/wp-json\/wp\/v2\/pages\/10050\/revisions\/41756"}],"up":[{"embeddable":true,"href":"https:\/\/us.edu.pl\/pracownik\/wp-json\/wp\/v2\/pages\/9166"}],"wp:attachment":[{"href":"https:\/\/us.edu.pl\/pracownik\/wp-json\/wp\/v2\/media?parent=10050"}],"curies":[{"name":"wp","href":"https:\/\/api.w.org\/{rel}","templated":true}]}}

<p>[vc_row][vc_column][/vc_column][/vc_row][vc_row][vc_column]
                <div class="text-modules">
                    <div class="container">
                        <h3 class="page-title text__title">Ubezpieczenie wyjazdów za granicę</h3>
                        <div class="text-modules__content"></p>
<p style="text-align: justify;">Od <u>15 sierpnia 2024 roku do 14 sierpnia 2027 roku</u> Uniwersytet Śląski w Katowicach zawarł umowę na ubezpieczenia Kosztów Leczenia (KL) i Assistance podczas wyjazdów za granicę  z Wykonawcą:</p>
<p><strong>COMPENSA TU S.A. Vienna Insurance Group (WIENER TU S.A. VIENNA INSURANCE GROUP)</strong><br />
<strong>Regionalne Centrum Ubezpieczeń Korporacyjnych przy ul. Ściegiennego 3 w Katowicach</strong><br />
<strong>tel. +48 32 781 55 89/93</strong><br />
<strong>tel. kom. +48 726 700 749</strong></p>
<p style="text-align: center;"><strong>Od 15.08.2025 r. do 14.08.2026</strong> r. obowiązuje <strong>numer polisy: <span style="color: #ff0000;">COR665023</span></strong></p>
<p style="text-align: center;">W przypadku wystąpienia w tym okresie szkody objętej ubezpieczeniem należy powiadomić:</p>
<p style="text-align: center;"><strong>CENTRALĘ ALARMOWĄ GLOBAL ASSISTANCE POLAND 24H TEL.: <span style="color: #ff0000;">+48 22 741 39 70</span></strong></p>
<p style="text-align: center;"><strong>W PRZYPADKU ZDARZENIA KONTAKT Z CENTRALĄ ALARMOWĄ JEST OBOWIĄZKOWY.</strong></p>
<p>&nbsp;</p>
<p style="text-align: justify;">Ubezpieczeniem zostają automatycznie objęte osoby wyjeżdżające na podstawie <em>Wniosków o wyjazd za granicę</em> &#8211; część WP-polecenie wyjazdu służbowego oraz część WS-skierowanie za granicę na wyjazdy krótkoterminowe (do 30 dni) oraz długoterminowe (powyżej 30 dni).</p>
<p style="text-align: justify;">Koszt ubezpieczenia jest pokrywany ze środków ogólnouczelnianych i nie obciąża budżetów jednostek UŚ.</p>
<p style="text-align: justify;">Wszystkie osoby wyjeżdżające do krajów Unii Europejskiej oraz EFTA są zobowiązane do zaopatrzenia się w kartę EKUZ – Europejską Kartę Ubezpieczenia Zdrowotnego. Szczegółowe informacje na temat kart EKUZ można znaleźć na stronie <a href="https://www.nfz.gov.pl/dla-pacjenta/nasze-zdrowie-w-ue/leczenie-w-krajach-unii-europejskiej-i-efta/jak-wyrobic-karte-ekuz/">Narodowego Funduszu Zdrowia</a>.</p>
<p><strong><span style="color: #ff0000;">UWAGA</span>: U<span style="color: #333300;">bezpieczenie nie działa w kraju, na którego terytorium trwają działania wojenne, stan wojenny, stan wyjątkowy, zgodnie z <a title="OWU kosztow leczenia za granica RP i kraju stalego pobytu_PLN" href="https://us.edu.pl/pracownik/wp-content/uploads/sites/2/Editor/DMM-Sprawy-miedzynarodowe/OWU-kosztow-leczenia-za-granica-RP-i-kraju-stalego-pobytu_PLN.pdf" class="mtli_attachment mtli_pdf" data-mtli="mtli_filesize970,58kB" class="mtli_attachment mtli_pdf" data-mtli="mtli_filesize970,58kB">Ogólnymi Warunkami Ubezpieczenia</a></span></strong></p>
<style type="text/css">a[data-mtli~="mtli_filesize970,58kB"]:after {content:" (970,58 kB)"}</style></div>
                    </div>
                </div>[/vc_column][/vc_row]</p>
<style type="text/css">a[data-mtli~="mtli_filesize970,58kB"]:after {content:" (970,58 kB)"}</style>
