{"id":10527,"date":"2020-10-09T15:29:40","date_gmt":"2020-10-09T13:29:40","guid":{"rendered":"https:\/\/us.edu.pl\/pracownik\/?page_id=10527"},"modified":"2024-03-27T11:08:25","modified_gmt":"2024-03-27T10:08:25","slug":"poradniki","status":"publish","type":"page","link":"https:\/\/us.edu.pl\/pracownik\/poradniki\/","title":{"rendered":"Poradniki"},"content":{"rendered":"<p>[vc_row el_class=&#8221;container&#8221;][vc_column][\/vc_column][\/vc_row][vc_row][vc_column]\r\n                <div class=\"text-modules\">\r\n                    <div class=\"container\">\r\n                        <h3 class=\"page-title text__title\">Poradniki<\/h3>\r\n                        <div class=\"text-modules__content\"><\/div>\r\n                    <\/div>\r\n                <\/div>[\/vc_column][\/vc_row][vc_row el_class=&#8221;container&#8221;][vc_column]\r\n                <div class=\"text-modules reverse\">\r\n                    <div class=\"container\">\r\n                         <h3 class=\"subtitle text-modules__subtitle\">Przewodnik po kszta\u0142ceniu zdalnym w Uniwersytecie \u015al\u0105skim<\/h3>\r\n                        <div class=\"row m-0\">\r\n                            <div class=\"text-modules__content\">\r\n                                Przekazujemy Pa\u0144stwu materia\u0142, kt\u00f3ry, mamy nadziej\u0119, b\u0119dzie stanowi\u0142 wsparcie w\u00a0prowadzeniu zdalnej dydaktyki.\u00a0<em>Przewodnik po kszta\u0142ceniu zdalnym\u00a0<\/em><em>w Uniwersytecie \u015al\u0105skim<\/em>\u00a0przygotowany zosta\u0142 przez zesp\u00f3\u0142 w sk\u0142adzie:<\/p>\n<ul>\n<li>dr hab. Magdalena B\u0105k, prof. U\u015a,<\/li>\n<li>dr hab. Maciej Fic, prof. U\u015a,<\/li>\n<li>dr hab. S\u0142awomir Pytel, prof. U\u015a,<\/li>\n<li>dr hab. Jolanta Skutnik, prof. U\u015a,<\/li>\n<li>dr Katarzyna Sujkowska-Sobisz, prof. U\u015a,<\/li>\n<li>dr Agata Zygmunt, prof. U\u015a.<\/li>\n<\/ul>\n<p>Przewodnik zawiera mi\u0119dzy innymi informacje o narz\u0119dziach wykorzystywanych\u00a0w\u00a0kszta\u0142ceniu zdalnym w Uniwersytecie, a tak\u017ce informacje o sprawdzonych sposobach organizowania i prowadzenia kurs\u00f3w zdalnych oraz ich urozmaicenia poprzez zastosowanie nowych narz\u0119dzi i metod pracy. Jeszcze w tym roku publikacja b\u0119dzie dost\u0119pna r\u00f3wnie\u017c w wersji angielskoj\u0119zycznej.<\/p>\n<p>Polecamy zapoznanie si\u0119 z tym opracowaniem na potrzeby pracy w\u0142asnej, a tak\u017ce prosimy informowanie o publikacji r\u00f3wnie\u017c przedstawicieli innych uczelni. \r\n                                <div class=\"mt-3\"><a href=\"https:\/\/us.edu.pl\/student\/wp-content\/uploads\/sites\/3\/Zdalny-US\/Przewodnik-po-kszta%C5%82ceniu-zdalnym-w-Uniwersytecie-%C5%9Al%C4%85skim.pdf?fbclid=IwAR3S21OafJnxD5ebv7KbRtn8E6gWHVHpn4QFerGzfVxEatAnVt_DbSauZ-w\" class=\"link-button mr-3 \">Przewodnik po kszta\u0142ceniu zdalnym w U\u015a<\/a><\/div>\r\n                            <\/div>\r\n                            \r\n                            <div class=\"text-modules__img\"><img src=\"https:\/\/us.edu.pl\/pracownik\/wp-content\/uploads\/sites\/2\/pracownik\/Ikony-graficzne\/Obraz-granat-ptaszek-150x150.jpg\" alt=\"img\"><\/div>\r\n                        <\/div>\r\n                    <\/div>\r\n                <\/div>[\/vc_column][\/vc_row][vc_row el_class=&#8221;container&#8221;][vc_column]\r\n                <div class=\"text-modules reverse\">\r\n                    <div class=\"container\">\r\n                         <h3 class=\"subtitle text-modules__subtitle\">Przewodnik komunikacyjny Uniwersytetu \u015al\u0105skiego<\/h3>\r\n                        <div class=\"row m-0\">\r\n                            <div class=\"text-modules__content\">\r\n                                <span style=\"font-weight: 400;\">Prezentujemy drug\u0105 edycj\u0119 przewodnika komunikacyjnego Uniwersytetu \u015al\u0105skiego, kt\u00f3ry zawiera praktyczne informacje maj\u0105ce na celu usprawnienie wzajemnej komunikacji wewn\u0105trz uczelni.\u00a0Dokument powsta\u0142 w odpowiedzi na pytania zadawane podczas spotka\u0144 przedstawicieli wydzia\u0142\u00f3w U\u015a z pracownikami Centrum Komunikacji Medialnej i Centrum Promocji.<\/span><\/p>\n<p><span style=\"font-weight: 400;\">Przewodnik skierowany jest przede wszystkim do:<\/span><\/p>\n<ul>\n<li style=\"font-weight: 400;\" aria-level=\"1\"><span style=\"font-weight: 400;\">prodziekan\u00f3w zajmuj\u0105cych si\u0119 komunikacj\u0105 i promocj\u0105 wydzia\u0142\u00f3w,<\/span><\/li>\n<li style=\"font-weight: 400;\" aria-level=\"1\"><span style=\"font-weight: 400;\">os\u00f3b odpowiedzialnych na wydzia\u0142ach za prowadzenie komunikacji z wykorzystaniem stron internetowych i medi\u00f3w spo\u0142eczno\u015bciowych,<\/span><\/li>\n<li style=\"font-weight: 400;\" aria-level=\"1\"><span style=\"font-weight: 400;\">os\u00f3b zainteresowanych promowaniem swojej dzia\u0142alno\u015bci naukowej, badawczej, dydaktycznej i innej zwi\u0105zanej z U\u015a,<\/span><\/li>\n<li style=\"font-weight: 400;\" aria-level=\"1\"><span style=\"font-weight: 400;\">organizator\u00f3w wydarze\u0144,<\/span><\/li>\n<li style=\"font-weight: 400;\" aria-level=\"1\"><span style=\"font-weight: 400;\">pracownik\u00f3w, student\u00f3w i doktorant\u00f3w U\u015a zainteresowanych kontaktem z jednostkami administracji odpowiedzialnymi za komunikacj\u0119 i promocj\u0119,<\/span><\/li>\n<li style=\"font-weight: 400;\" aria-level=\"1\"><span style=\"font-weight: 400;\">a tak\u017ce wszystkich os\u00f3b, kt\u00f3re chc\u0105 komunikowa\u0107 o dzia\u0142alno\u015bci prowadzonej na Uniwersytecie \u015al\u0105skim.<\/span><\/li>\n<\/ul>\n<p><span style=\"font-weight: 400;\">W nowej wersji dokumentu zaktualizowane zosta\u0142y m.in. tre\u015bci dotycz\u0105ce dost\u0119pno\u015bci, multimedi\u00f3w i merytorycznych zasad tworzenia tre\u015bci. Pojawi\u0142y si\u0119 tak\u017ce nowe rozdzia\u0142y i podrozdzia\u0142y:<\/span><\/p>\n<ul>\n<li style=\"font-weight: 400;\" aria-level=\"1\"><span style=\"font-weight: 400;\">zasady zamieszczania tre\u015bci na stronach internetowych pod wyszukiwark\u0119 (m.in. optymalizacja grafik, formatowanie tekstu, linkowanie http i https, dodawanie tag\u00f3w);<\/span><\/li>\n<li style=\"font-weight: 400;\" aria-level=\"1\"><span style=\"font-weight: 400;\">zasady UX (takie jak czytelne bloki tekstu, zrozumia\u0142y przekaz, minimalizm);<\/span><\/li>\n<li style=\"font-weight: 400;\" aria-level=\"1\"><span style=\"font-weight: 400;\">obowi\u0105zki w\u0142a\u015bciciela strony WWW (m.in. zapewnienie administratora, dbanie o aktualizacje mechanizm\u00f3w strony, umieszczenie deklaracji dost\u0119pno\u015bci);<\/span><\/li>\n<li style=\"font-weight: 400;\" aria-level=\"1\"><span style=\"font-weight: 400;\">zasady edycji tekst\u00f3w w j\u0119zyku angielskim;<\/span><\/li>\n<li style=\"font-weight: 400;\" aria-level=\"1\"><span style=\"font-weight: 400;\">dost\u0119pno\u015b\u0107 w mediach spo\u0142eczno\u015bciowych;<\/span><\/li>\n<li style=\"font-weight: 400;\" aria-level=\"1\"><span style=\"font-weight: 400;\">polityka social medi\u00f3w \u2013 dobre praktyki i zalecenia (m.in. post\u0119powanie w przypadku SPAM-u, blokowanie u\u017cytkownik\u00f3w, udost\u0119pnianie artyku\u0142\u00f3w z zewn\u0119trznych \u017ar\u00f3de\u0142, w tym lista sugerowanych \u017ar\u00f3de\u0142, a tak\u017ce wyja\u015bnienie specyfiki wybranych medi\u00f3w spo\u0142eczno\u015bciowych);<\/span><\/li>\n<li style=\"font-weight: 400;\" aria-level=\"1\"><span style=\"font-weight: 400;\">system do zdalnej dydaktyki;<\/span><\/li>\n<li style=\"font-weight: 400;\" aria-level=\"1\"><span style=\"font-weight: 400;\">organizacja wydarze\u0144 og\u00f3lnouczelnianych, studenckich i naukowych;<\/span><\/li>\n<li style=\"font-weight: 400;\" aria-level=\"1\"><span style=\"font-weight: 400;\">zg\u0142aszanie potrzeb fotograficznych;<\/span><\/li>\n<li style=\"font-weight: 400;\" aria-level=\"1\"><span style=\"font-weight: 400;\">Agencja Informacji Naukowej.<\/span><\/li>\n<\/ul>\n<p><span style=\"font-weight: 400;\">Przewodnik komunikacyjny dost\u0119pny jest na platformie ISSUU<\/span><span style=\"font-weight: 400;\">. Z za\u0142\u0105cznikami do przewodnika mo\u017cna zapozna\u0107 si\u0119 po zalogowaniu na konto w us\u0142udze Google Workspace. Instrukcja zak\u0142adania s\u0142u\u017cbowego konta znajduje si\u0119 w <\/span><a href=\"https:\/\/usosweb.us.edu.pl\/kontroler.php?_action=news\/default\"><span style=\"font-weight: 400;\">serwisie USOSweb U\u015a<\/span><\/a><span style=\"font-weight: 400;\"> (zak\u0142adka \u201eDla wszystkich\u201d, pozycja \u201eKonto Google Workspace\u201d).<\/span><\/p>\n<p><span style=\"font-weight: 400;\">W razie pyta\u0144 prosimy o kontakt pod adresem: <\/span><a href=\"mailto:wiadomosci@us.edu.pl\"><span style=\"font-weight: 400;\">wiadomosci@us.edu.pl<\/span><\/a><span style=\"font-weight: 400;\">.<\/span> \r\n                                <div class=\"mt-3\"><a href=\"https:\/\/issuu.com\/uniwersytetslaski\/docs\/poradnik_komunikacyjny_us_macbook_2024\" class=\"link-button mr-3 \">Przewodnik komunikacyjny U\u015a<\/a><\/div>\r\n                            <\/div>\r\n                            \r\n                            <div class=\"text-modules__img\"><img src=\"https:\/\/us.edu.pl\/pracownik\/wp-content\/uploads\/sites\/2\/pracownik\/Ikony-graficzne\/Obraz-granat-ptaszek-150x150.jpg\" alt=\"img\"><\/div>\r\n                        <\/div>\r\n                    <\/div>\r\n                <\/div>[\/vc_column][\/vc_row][vc_row el_class=&#8221;container&#8221;][vc_column]\r\n                <div class=\"text-modules reverse\">\r\n                    <div class=\"container\">\r\n                         <h3 class=\"subtitle text-modules__subtitle\">Instrukcje organizacji wydarze\u0144 na Uniwersytecie \u015al\u0105skim<\/h3>\r\n                        <div class=\"row m-0\">\r\n                            <div class=\"text-modules__content\">\r\n                                <span style=\"font-weight: 400;\">Poni\u017cej prezentujemy Pa\u0144stwu trzy instrukcje zawieraj\u0105ce praktyczne porady i wskaz\u00f3wki jak krok po kroku zrealizowa\u0107 wydarzenie na Uniwersytecie \u015al\u0105skim (od momentu zg\u0142oszenia, po organizacj\u0119, a\u017c do rozliczenia)<\/span><span style=\"font-weight: 400;\">\u00a0<\/span><span style=\"font-weight: 400;\">wraz z formularzami zg\u0142oszeniowymi, kt\u00f3re nale\u017cy wype\u0142ni\u0107, rozpoczynaj\u0105c organizacj\u0119 wydarzenia:<\/span><\/p>\n<ul style=\"font-weight: 400;\">\n<li>instrukcj\u0119 organizacji wydarze\u0144 og\u00f3lnouczelnianych,<\/li>\n<li>instrukcj\u0119 organizacji wydarze\u0144 organizowanych przez student\u00f3w,<\/li>\n<li>instrukcj\u0119 organizacji konferencji naukowych.<\/li>\n<\/ul>\n<p><span style=\"font-weight: 400;\">Formularze zg\u0142oszeniowe: <\/span><a style=\"font-weight: 400;\" href=\"https:\/\/formularze.us.edu.pl\/site\/index\/560\">formularze.us.edu.pl\/site\/index\/560<\/a>.<br style=\"font-weight: 400;\" \/><span style=\"font-weight: 400;\">\u00a0<\/span><br style=\"font-weight: 400;\" \/><span style=\"font-weight: 400;\">Zach\u0119camy do zapoznania si\u0119 z opracowaniami, a tak\u017ce prosimy o rozpowszechnienie informacji na ich temat w\u015br\u00f3d pracownik\u00f3w naszej uczelni.<\/span><\/p>\n<p>Uwaga do instrukcji organizacji konferencji naukowych: tegoroczny harmonogram zg\u0142aszania wydarze\u0144 do Uczelnianego Planu Konferencji uleg\u0142 modyfikacji \u2013 z obowi\u0105zuj\u0105cymi terminami i zasadami sk\u0142adania wniosk\u00f3w mo\u017cna zapozna\u0107 si\u0119 na <a style=\"font-weight: 400;\" href=\"https:\/\/us.edu.pl\/pracownik\/sprawy-naukowe\/sprawy-pracownika-naukowego-na\/spotkania-naukowe\/\">stronie<\/a>.<\/p>\n<p><span style=\"font-weight: 400;\">Biuro Wydarze\u0144 Akademickich, e-mail: <a href=\"mailto:promocja@us.edu.pl\">promocja@us.edu.pl<\/a><\/span><br style=\"font-weight: 400;\" \/><span style=\"font-weight: 400;\">Centrum Obs\u0142ugi Student\u00f3w, e-mail:\u00a0<\/span><a style=\"font-weight: 400;\" href=\"mailto:dlastudenta@us.edu.pl\">dlastudenta@us.edu.pl<\/a><br style=\"font-weight: 400;\" \/><span style=\"font-weight: 400;\">Dzia\u0142 Nauki, e-mail:\u00a0<\/span><a style=\"font-weight: 400;\" href=\"mailto:konferencje@us.edu.pl\">konferencje@us.edu.pl<\/a><\/p>\n<p><a href=\"https:\/\/us.edu.pl\/pracownik\/wp-content\/uploads\/sites\/2\/pliki-dodatkowe\/instrukcja_wydarzenia.pdf\" class=\"mtli_attachment mtli_pdf\" data-mtli=\"mtli_filesize1,75MB\" rel=\"nofollow \">Instrukcja organizacji wydarze\u0144 og\u00f3lnouczelnianych<\/a><\/p>\n<p><a href=\"https:\/\/us.edu.pl\/pracownik\/wp-content\/uploads\/sites\/2\/pliki-dodatkowe\/instrukcja_wydarzenia-studenckie.pdf\" class=\"mtli_attachment mtli_pdf\" data-mtli=\"mtli_filesize1,42MB\" rel=\"nofollow \">Instrukcja organizacji wydarze\u0144 organizowanych przez student\u00f3w<\/a><\/p>\n<p><a href=\"https:\/\/us.edu.pl\/pracownik\/wp-content\/uploads\/sites\/2\/pliki-dodatkowe\/instrukcja_konferencje-naukowe.pdf\" class=\"mtli_attachment mtli_pdf\" data-mtli=\"mtli_filesize2,03MB\" rel=\"nofollow \">Instrukcja organizacji konferencji naukowych<\/a> \r\n                                <div class=\"mt-3\"><\/div>\r\n                            <\/div>\r\n                            \r\n                            <div class=\"text-modules__img\"><img src=\"https:\/\/us.edu.pl\/pracownik\/wp-content\/uploads\/sites\/2\/pracownik\/Ikony-graficzne\/Obraz-granat-ptaszek-150x150.jpg\" alt=\"img\"><\/div>\r\n                        <\/div>\r\n                    <\/div>\r\n                <\/div>[\/vc_column][\/vc_row][vc_row el_class=&#8221;container&#8221;][vc_column]\r\n                <div class=\"text-modules reverse\">\r\n                    <div class=\"container\">\r\n                         <h3 class=\"subtitle text-modules__subtitle\">Kontakt z osobami z zaburzeniami psychicznymi. Poradnik dla pracownik\u00f3w Uniwersytetu \u015al\u0105skiego w Katowicach<\/h3>\r\n                        <div class=\"row m-0\">\r\n                            <div class=\"text-modules__content\">\r\n                                Przekazujemy na Pa\u0144stwa r\u0119ce broszur\u0119, kt\u00f3rej celem jest wsparcie pracownik\u00f3w uczelni w kontakcie ze studentami zmagaj\u0105cymi si\u0119 z r\u00f3\u017cnego rodzaju trudno\u015bciami o pod\u0142o\u017cu psychologicznym.<\/p>\n<p>Materia\u0142 zawarty w broszurze stanowi odpowied\u017a na zg\u0142aszane przez naszych pracownik\u00f3w, coraz cz\u0119stsze sytuacje trudne w kt\u00f3rych podejrzewamy, \u017ce \u017ar\u00f3d\u0142em problemu mog\u0105 by\u0107 emocjonalne, czy te\u017c psychologiczne trudno\u015bci studenta. Mamy nadziej\u0119, \u017ce tre\u015bci te b\u0119d\u0105 wsparciem dla os\u00f3b na co dzie\u0144 pracuj\u0105cych ze studentami w uporz\u0105dkowaniu ich my\u015blenia o tego typu sytuacjach.<\/p>\n<p>Tre\u015bci zawarte w broszurze zosta\u0142y oparte o wieloletnie do\u015bwiadczenie Centrum Obs\u0142ugi Student\u00f3w we wspieraniu student\u00f3w z tego typu trudno\u015bciami. Cz\u0119\u015b\u0107 z nich wypracowano podczas warsztat\u00f3w realizowanych w ramach kampanii \u201eCo nas spina?\u201d w kt\u00f3rych brali udzia\u0142 studenci, oraz specjali\u015bci z zakresu zdrowia psychicznego; oraz w ramach prac specjalnie powo\u0142anego do tego celu interdyscyplinarnego zespo\u0142u pracownik\u00f3w Uniwersytetu.<\/p>\n<p>W materiale znajd\u0105 Pa\u0144stwo mi\u0119dzy innymi:<\/p>\n<ul>\n<li>opis niekt\u00f3rych zaburze\u0144 psychicznych,<\/li>\n<li>informacj\u0119 o wsparciu na jakie mog\u0105 liczy\u0107 studenci w ramach Uniwersytetu \u015al\u0105skiego w Katowicach,<\/li>\n<li>scenariusz rozmowy wspieraj\u0105cej studenta, kt\u00f3rego zachowanie mo\u017ce wskazywa\u0107 na problemy natury psychologicznej lub inne problemy osobiste,<\/li>\n<li>raport z bada\u0144 stanu zdrowia psychicznego w\u015br\u00f3d student\u00f3w Uniwersytetu \u015al\u0105skiego w Katowicach.<\/li>\n<\/ul>\n<p>Zapraszamy serdecznie do zapoznania si\u0119 z tre\u015bci\u0105! \r\n                                <div class=\"mt-3\"><a href=\"https:\/\/us.edu.pl\/pracownik\/wp-content\/uploads\/sites\/2\/pracownik\/cos_broszura_final.pdf\" class=\"mtli_attachment mtli_pdf\" data-mtli=\"mtli_filesize1,55MB\" class=\"link-button mr-3 \">Broszura do pobrania<\/a><\/div>\r\n                            <\/div>\r\n                            \r\n                            <div class=\"text-modules__img\"><img src=\"https:\/\/us.edu.pl\/pracownik\/wp-content\/uploads\/sites\/2\/pracownik\/Ikony-graficzne\/Obraz-granat-ptaszek-150x150.jpg\" alt=\"img\"><\/div>\r\n                        <\/div>\r\n                    <\/div>\r\n                <\/div>[\/vc_column][\/vc_row][vc_row el_class=&#8221;container&#8221;][vc_column]\r\n                <div class=\"text-modules reverse\">\r\n                    <div class=\"container\">\r\n                         <h3 class=\"subtitle text-modules__subtitle\">Trudne sytuacje w relacjach ze studentami. Zasady post\u0119powania i scenariusze rozm\u00f3w<\/h3>\r\n                        <div class=\"row m-0\">\r\n                            <div class=\"text-modules__content\">\r\n                                Ju\u017c od dzi\u015b pracownicy Uniwersytetu mog\u0105 zapozna\u0107 si\u0119 z broszur\u0105 dotycz\u0105c\u0105 post\u0119powania w sytuacjach trudnych w relacjach ze studentami.<\/p>\n<p>Broszura stanowi rezultat trwaj\u0105cych oko\u0142o dwa lata pracy projektowej, kt\u00f3ra obejmowa\u0142a badania dotycz\u0105ce sytuacji trudnych w relacji ze studentami, oraz merytoryczne spotkania interdyscyplinarnych zespo\u0142\u00f3w sk\u0142adaj\u0105cych si\u0119 z pracownik\u00f3w naukowych Uniwersytetu, pracownik\u00f3w administracyjnych oraz student\u00f3w.<\/p>\n<p>W materiale znajdziecie Pa\u0144stwo mi\u0119dzy innymi informacje o:<\/p>\n<ul>\n<li>post\u0119powaniu i reagowaniu w sze\u015bciu kategoriach sytuacji trudnych kt\u00f3re mog\u0105 pojawi\u0107 si\u0119<br \/>\nw relacjach ze studentami,<\/li>\n<li>podsumowanie wynik\u00f3w bada\u0144 ankietowych kt\u00f3re by\u0142y realizowane w\u015br\u00f3d student\u00f3w i kadry Uniwersytetu,<\/li>\n<li>instrukcje i scenariusze rozm\u00f3w ze studentami w trudnej sytuacji,<\/li>\n<li>kontakty do wydzia\u0142owych koordynator\u00f3w ds. dost\u0119pno\u015bci.<\/li>\n<\/ul>\n<p>Maj\u0105c nadziej\u0119, \u017ce broszura b\u0119dzie stanowi\u0142a realne wsparcie w sytuacjach w kt\u00f3rych mamy w\u0105tpliwo\u015bci odno\u015bnie najw\u0142a\u015bciwszej\u00a0 reakcji. Zapraszamy do lektury! \r\n                                <div class=\"mt-3\"><a href=\"https:\/\/us.edu.pl\/pracownik\/wp-content\/uploads\/sites\/2\/pracownik\/Trudne_sytuacje_w_relacjach_ze_studentami__Zasady_post\u0119powania_i_scenariusze_rozm\u00f3w_3.pdf\" class=\"mtli_attachment mtli_pdf\" data-mtli=\"mtli_filesize1,57MB\" class=\"link-button mr-3 \">Broszura do pobrania<\/a><\/div>\r\n                            <\/div>\r\n                            \r\n                            <div class=\"text-modules__img\"><img src=\"https:\/\/us.edu.pl\/pracownik\/wp-content\/uploads\/sites\/2\/pracownik\/Ikony-graficzne\/Obraz-granat-ptaszek-150x150.jpg\" alt=\"img\"><\/div>\r\n                        <\/div>\r\n                    <\/div>\r\n                <\/div>[\/vc_column][\/vc_row]<\/p>\n<style type=\"text\/css\">a[data-mtli~=\"mtli_filesize1,75MB\"]:after {content:\" (1,75 MB)\"}a[data-mtli~=\"mtli_filesize1,42MB\"]:after {content:\" (1,42 MB)\"}a[data-mtli~=\"mtli_filesize2,03MB\"]:after {content:\" (2,03 MB)\"}a[data-mtli~=\"mtli_filesize1,55MB\"]:after {content:\" (1,55 MB)\"}a[data-mtli~=\"mtli_filesize1,57MB\"]:after {content:\" (1,57 MB)\"}<\/style>","protected":false},"excerpt":{"rendered":"<p>[vc_row el_class=&#8221;container&#8221;][vc_column][\/vc_column][\/vc_row][vc_row][vc_column][\/vc_column][\/vc_row][vc_row el_class=&#8221;container&#8221;][vc_column][\/vc_column][\/vc_row][vc_row el_class=&#8221;container&#8221;][vc_column][\/vc_column][\/vc_row][vc_row el_class=&#8221;container&#8221;][vc_column][\/vc_column][\/vc_row][vc_row el_class=&#8221;container&#8221;][vc_column][\/vc_column][\/vc_row][vc_row el_class=&#8221;container&#8221;][vc_column][\/vc_column][\/vc_row] [&#8230;]<\/p>\n<p><a class=\"btn btn-secondary understrap-read-more-link\" href=\"https:\/\/us.edu.pl\/pracownik\/poradniki\/\">Read More&#8230;<\/a><\/p>\n","protected":false},"author":41,"featured_media":0,"parent":0,"menu_order":177,"comment_status":"closed","ping_status":"closed","template":"","meta":{"_expiration-date-status":"saved","_expiration-date":0,"_expiration-date-type":"","_expiration-date-categories":[],"_expiration-date-options":[]},"acf":[],"_links":{"self":[{"href":"https:\/\/us.edu.pl\/pracownik\/wp-json\/wp\/v2\/pages\/10527"}],"collection":[{"href":"https:\/\/us.edu.pl\/pracownik\/wp-json\/wp\/v2\/pages"}],"about":[{"href":"https:\/\/us.edu.pl\/pracownik\/wp-json\/wp\/v2\/types\/page"}],"author":[{"embeddable":true,"href":"https:\/\/us.edu.pl\/pracownik\/wp-json\/wp\/v2\/users\/41"}],"replies":[{"embeddable":true,"href":"https:\/\/us.edu.pl\/pracownik\/wp-json\/wp\/v2\/comments?post=10527"}],"version-history":[{"count":11,"href":"https:\/\/us.edu.pl\/pracownik\/wp-json\/wp\/v2\/pages\/10527\/revisions"}],"predecessor-version":[{"id":25143,"href":"https:\/\/us.edu.pl\/pracownik\/wp-json\/wp\/v2\/pages\/10527\/revisions\/25143"}],"wp:attachment":[{"href":"https:\/\/us.edu.pl\/pracownik\/wp-json\/wp\/v2\/media?parent=10527"}],"curies":[{"name":"wp","href":"https:\/\/api.w.org\/{rel}","templated":true}]}}