{"id":1143,"date":"2019-10-07T09:14:27","date_gmt":"2019-10-07T07:14:27","guid":{"rendered":"https:\/\/us.edu.pl\/pracownik\/?page_id=1143"},"modified":"2025-12-01T13:56:06","modified_gmt":"2025-12-01T12:56:06","slug":"komunikaty-kadrowe","status":"publish","type":"page","link":"https:\/\/us.edu.pl\/pracownik\/sprawy-pracownicze\/sprawy-kadrowe\/komunikaty-kadrowe\/","title":{"rendered":"Komunikaty kadrowe"},"content":{"rendered":"<p>[vc_row][vc_column]\r\n                <div class=\"text-modules\">\r\n                    <div class=\"container\">\r\n                        <h3 class=\"page-title text__title\">Komunikaty kadrowe<\/h3>\r\n                        <div class=\"text-modules__content\"><p>Zach\u0119camy do zapoznania si\u0119 z publikowanymi na bie\u017c\u0105co komunikatami kadrowymi.<\/p>\n<p>Mimo odwo\u0142ania stanu zagro\u017cenia epidemicznego zwracamy si\u0119 z pro\u015bb\u0105 o mo\u017cliwe ograniczanie kontakt\u00f3w bezpo\u015brednich ze wzgl\u0119du na bezpiecze\u0144stwo Pa\u0144stwa jak i pracownik\u00f3w Dzia\u0142u Spraw Osobowych i Socjalnych<br \/>\noraz przekazywanie poczty tradycyjnej za po\u015brednictwem Kancelarii Og\u00f3lnej.<\/p>\n<\/div>\r\n                    <\/div>\r\n                <\/div>[\/vc_column][\/vc_row][vc_column][\/vc_column]<\/p>","protected":false},"excerpt":{"rendered":"<p>[vc_row][vc_column][\/vc_column][\/vc_row][vc_column][\/vc_column] [&#8230;]<\/p>\n<p><a class=\"btn btn-secondary understrap-read-more-link\" href=\"https:\/\/us.edu.pl\/pracownik\/sprawy-pracownicze\/sprawy-kadrowe\/komunikaty-kadrowe\/\">Read More&#8230;<\/a><\/p>\n","protected":false},"author":1,"featured_media":0,"parent":1067,"menu_order":351,"comment_status":"closed","ping_status":"closed","template":"page-templates\/inner-page-with-bookmarks.php","meta":{"_expiration-date-status":"","_expiration-date":0,"_expiration-date-type":"","_expiration-date-categories":[],"_expiration-date-options":[]},"acf":[],"_links":{"self":[{"href":"https:\/\/us.edu.pl\/pracownik\/wp-json\/wp\/v2\/pages\/1143"}],"collection":[{"href":"https:\/\/us.edu.pl\/pracownik\/wp-json\/wp\/v2\/pages"}],"about":[{"href":"https:\/\/us.edu.pl\/pracownik\/wp-json\/wp\/v2\/types\/page"}],"author":[{"embeddable":true,"href":"https:\/\/us.edu.pl\/pracownik\/wp-json\/wp\/v2\/users\/1"}],"replies":[{"embeddable":true,"href":"https:\/\/us.edu.pl\/pracownik\/wp-json\/wp\/v2\/comments?post=1143"}],"version-history":[{"count":12,"href":"https:\/\/us.edu.pl\/pracownik\/wp-json\/wp\/v2\/pages\/1143\/revisions"}],"predecessor-version":[{"id":41780,"href":"https:\/\/us.edu.pl\/pracownik\/wp-json\/wp\/v2\/pages\/1143\/revisions\/41780"}],"up":[{"embeddable":true,"href":"https:\/\/us.edu.pl\/pracownik\/wp-json\/wp\/v2\/pages\/1067"}],"wp:attachment":[{"href":"https:\/\/us.edu.pl\/pracownik\/wp-json\/wp\/v2\/media?parent=1143"}],"curies":[{"name":"wp","href":"https:\/\/api.w.org\/{rel}","templated":true}]}}