{"id":12482,"date":"2021-02-08T14:04:05","date_gmt":"2021-02-08T13:04:05","guid":{"rendered":"https:\/\/us.edu.pl\/pracownik\/?page_id=12482"},"modified":"2026-02-26T12:33:01","modified_gmt":"2026-02-26T11:33:01","slug":"dzial-nauki","status":"publish","type":"page","link":"https:\/\/us.edu.pl\/pracownik\/sprawy-naukowe\/sprawy-pracownika-naukowego-na\/dzial-nauki\/","title":{"rendered":"Dzia\u0142 Nauki"},"content":{"rendered":"<p>[vc_row][vc_column][\/vc_column][\/vc_row][vc_row][vc_column]\r\n                <div class=\"text-modules\">\r\n                    <div class=\"container\">\r\n                        <h3 class=\"page-title text__title\">Dzia\u0142 Nauki<\/h3>\r\n                        <div class=\"text-modules__content\"><p><span style=\"font-size: 10pt;\">Dzia\u0142 Nauki jest jednostk\u0105 integruj\u0105c\u0105 dzia\u0142ania w zakresie strategii naukowej Uniwersytetu \u015al\u0105skiego. Wspieramy rozw\u00f3j naukowy nauczycieli akademickich, koordynujemy sprawy zwi\u0105zane z ewaluacj\u0105 jako\u015bci dzia\u0142alno\u015bci naukowej, realizacj\u0105 program\u00f3w projako\u015bciowych, zarz\u0105dzaniem infrastruktur\u0105 badawczo-dydaktyczno-artystyczn\u0105, widzialno\u015bci\u0105 naukow\u0105 uniwersytetu oraz innymi dzia\u0142aniami z obszaru wspierania bada\u0144 naukowych. Dzia\u0142 Nauki koordynuje dzia\u0142ania w ramach Programu Inicjatywy Doskona\u0142o\u015bci Badawczej (IDB).<\/span><\/p>\n<p><span style=\"font-size: 10pt;\">Jednostki:<\/span><\/p>\n<ul>\n<li><span style=\"font-size: 10pt;\">Biuro Doskona\u0142o\u015bci Naukowej,<\/span><\/li>\n<li><span style=\"font-size: 10pt;\">Biuro Infrastruktury Badawczo-Dydaktyczno-Artystycznej,<\/span><\/li>\n<li><span style=\"font-size: 10pt;\">Biuro Inicjatyw Strategicznych i Ewaluacji<\/span><\/li>\n<\/ul>\n<p><span style=\"font-size: 10pt;\">Kontakt: <a href=\"mailto:dn@us.edu.pl\">dn@us.edu.pl<\/a><\/span><\/p>\n<\/div>\r\n                    <\/div>\r\n                <\/div>[\/vc_column][\/vc_row]<\/p>","protected":false},"excerpt":{"rendered":"<p>[vc_row][vc_column][\/vc_column][\/vc_row][vc_row][vc_column][\/vc_column][\/vc_row] [&#8230;]<\/p>\n<p><a class=\"btn btn-secondary understrap-read-more-link\" href=\"https:\/\/us.edu.pl\/pracownik\/sprawy-naukowe\/sprawy-pracownika-naukowego-na\/dzial-nauki\/\">Read More&#8230;<\/a><\/p>\n","protected":false},"author":41,"featured_media":0,"parent":989,"menu_order":159,"comment_status":"closed","ping_status":"closed","template":"page-templates\/inner-page-with-bookmarks.php","meta":{"_expiration-date-status":"saved","_expiration-date":0,"_expiration-date-type":"","_expiration-date-categories":[],"_expiration-date-options":[]},"acf":[],"_links":{"self":[{"href":"https:\/\/us.edu.pl\/pracownik\/wp-json\/wp\/v2\/pages\/12482"}],"collection":[{"href":"https:\/\/us.edu.pl\/pracownik\/wp-json\/wp\/v2\/pages"}],"about":[{"href":"https:\/\/us.edu.pl\/pracownik\/wp-json\/wp\/v2\/types\/page"}],"author":[{"embeddable":true,"href":"https:\/\/us.edu.pl\/pracownik\/wp-json\/wp\/v2\/users\/41"}],"replies":[{"embeddable":true,"href":"https:\/\/us.edu.pl\/pracownik\/wp-json\/wp\/v2\/comments?post=12482"}],"version-history":[{"count":10,"href":"https:\/\/us.edu.pl\/pracownik\/wp-json\/wp\/v2\/pages\/12482\/revisions"}],"predecessor-version":[{"id":42424,"href":"https:\/\/us.edu.pl\/pracownik\/wp-json\/wp\/v2\/pages\/12482\/revisions\/42424"}],"up":[{"embeddable":true,"href":"https:\/\/us.edu.pl\/pracownik\/wp-json\/wp\/v2\/pages\/989"}],"wp:attachment":[{"href":"https:\/\/us.edu.pl\/pracownik\/wp-json\/wp\/v2\/media?parent=12482"}],"curies":[{"name":"wp","href":"https:\/\/api.w.org\/{rel}","templated":true}]}}