{"id":126,"date":"2019-09-11T13:40:44","date_gmt":"2019-09-11T11:40:44","guid":{"rendered":"http:\/\/php71.nfinity-beta.pl\/us\/pracownik\/?page_id=126"},"modified":"2019-09-16T16:07:43","modified_gmt":"2019-09-16T14:07:43","slug":"formularze","status":"publish","type":"page","link":"https:\/\/us.edu.pl\/pracownik\/umowy-formularze-druki\/formularze\/","title":{"rendered":"Formularze"},"content":{"rendered":"<p>[vc_row][vc_column][vc_empty_space]\r\n                <div class=\"text-modules\">\r\n                    <div class=\"container\">\r\n                        <h3 class=\"page-title text__title\">Formularze<\/h3>\r\n                        <div class=\"text-modules__content\"><\/p>\n<div class=\"content\">\n<p class=\"rtecenter\">Sprawozdania z dzia\u0142alno\u015bci naukowej za rok 2018:<\/p>\n<ul>\n<li>\u200b<a href=\"http:\/\/php71.nfinity-beta.pl\/us\/pracownik\/wp-content\/uploads\/sites\/2\/pracownik\/formularze\/indywidulane_sprawozdanie_z_wykorzystania_srodkow_na_dzialalnosc_statutowa_przyznana_na_2017-_potencjal_badawczy_0.doc\" class=\"mtli_attachment mtli_doc\" class=\"mtli_attachment mtli_doc\"><span style=\"color: #002e5a;\">Indywidualne sprawozdanie z wykorzystania \u015brodk\u00f3w na dzia\u0142alno\u015b\u0107 statutow\u0105 w 2018 roku (z dotacji na 2017 rok) &#8211; POTENCJA\u0141 BADAWCZY<\/span><\/a><\/li>\n<li><span style=\"color: #002e5a;\"><a style=\"color: #002e5a;\" href=\"http:\/\/php71.nfinity-beta.pl\/us\/pracownik\/wp-content\/uploads\/sites\/2\/pracownik\/formularze\/indywidulane_sprawozdanie_z_wykorzystania_srodkow_na_dzialalnosc_statutowa_przyznana_na_2018-_potencjal_badawczy.doc\" class=\"mtli_attachment mtli_doc\" class=\"mtli_attachment mtli_doc\">Indywidualne sprawozdanie z wykorzystania \u015brodk\u00f3w na dzia\u0142alno\u015b\u0107 statutow\u0105 w 2018 roku (z dotacji na 2018 rok) &#8211; POTENCJA\u0141 BADAWCZY<\/a><\/span><\/li>\n<li><span style=\"color: #002e5a;\"><a style=\"color: #002e5a;\" href=\"http:\/\/php71.nfinity-beta.pl\/us\/pracownik\/wp-content\/uploads\/sites\/2\/pracownik\/formularze\/indywidualne_sprawozdanie_z_wykorzystania_srodkow_na_dzialalnosc_statutowa_przyznana_na_2017_roku-_dotacja_dla_mlodych_naukowcow_0.doc\" class=\"mtli_attachment mtli_doc\" class=\"mtli_attachment mtli_doc\">Indywidualne sprawozdanie z wykorzystania \u015brodk\u00f3w na dzia\u0142alno\u015b\u0107 statutow\u0105 w 2018 roku (z dotacji na 2017 rok) &#8211; dotacja dla M\u0141ODYCH NAUKOWC\u00d3W<\/a><\/span><\/li>\n<li><span style=\"color: #002e5a;\"><a style=\"color: #002e5a;\" href=\"http:\/\/php71.nfinity-beta.pl\/us\/pracownik\/wp-content\/uploads\/sites\/2\/pracownik\/formularze\/indywidualne_sprawozdanie_z_wykorzystania_srodkow_na_dzialalnosc_statutowa_przyznana_na_2018_roku-_dotacja_dla_mlodych_naukowcow.doc\" class=\"mtli_attachment mtli_doc\" class=\"mtli_attachment mtli_doc\">Indywidualne sprawozdanie z wykorzystania \u015brodk\u00f3w na dzia\u0142alno\u015b\u0107 statutow\u0105 w 2018 roku (z dotacji na 2018 rok) &#8211; dotacja dla M\u0141ODYCH NAUKOWC\u00d3W<\/a><\/span><\/li>\n<li><span style=\"color: #002e5a;\"><a style=\"color: #002e5a;\" href=\"http:\/\/php71.nfinity-beta.pl\/us\/pracownik\/wp-content\/uploads\/sites\/2\/pracownik\/formularze\/szczegolowe_sprawozdanie_jednostek_organizacyjnych_wydzialu_instytutow_katedr_zakladow_2018.doc\" class=\"mtli_attachment mtli_doc\" class=\"mtli_attachment mtli_doc\">Szczeg\u00f3\u0142owe sprawozdanie jednostek organizacyjnych Wydzia\u0142u (instytut\u00f3w, katedr, zak\u0142ad\u00f3w)<\/a><\/span><\/li>\n<li><span style=\"color: #002e5a;\"><a style=\"color: #002e5a;\" href=\"http:\/\/php71.nfinity-beta.pl\/us\/pracownik\/wp-content\/uploads\/sites\/2\/pracownik\/formularze\/spis_trescisprawozdanie_z_dzialalnosci_naukowo-badawczej_i_artystycznej_wydzialu_za_rok_kalendarzowy_2018.doc\" class=\"mtli_attachment mtli_doc\" class=\"mtli_attachment mtli_doc\">Sprawozdanie z dzia\u0142alno\u015bci naukowo-badawczej i artystycznej Wydzia\u0142u za rok kalendarzowy 2018<\/a><\/span><\/li>\n<li><span style=\"color: #002e5a;\"><a style=\"color: #002e5a;\" href=\"http:\/\/php71.nfinity-beta.pl\/us\/pracownik\/wp-content\/uploads\/sites\/2\/pracownik\/formularze\/sprawozdanie_syntetyczne_calego_wydzialu_z_dzialalnosci_naukowo-badawczej_i_artystycznej_prowadzonej_w_roku_kalendarzowym_2018.docx\" class=\"mtli_attachment mtli_docx\" class=\"mtli_attachment mtli_docx\">Sprawozdanie syntetyczne ca\u0142ego Wydzia\u0142u z dzia\u0142alno\u015bci naukowo-badawczej i artystycznej prowadzonej w roku kalendarzowym 2018<\/a><\/span><\/li>\n<li><span style=\"color: #002e5a;\"><a style=\"color: #002e5a;\" href=\"http:\/\/php71.nfinity-beta.pl\/us\/pracownik\/wp-content\/uploads\/sites\/2\/pracownik\/formularze\/informacje_do_sprawozdania_gus_pnt-01s_sprawozdania_o_dzialalnosci_badawczej_i_rozwojowej_br_w_szkolach_wyzszych_0_0.doc\" class=\"mtli_attachment mtli_doc\" class=\"mtli_attachment mtli_doc\">Informacje do sprawozdania GUS\/PNT\/01s &#8222;Sprawozdania z dzia\u0142alno\u015bci badawczej i rozwojowej (B+R) w szko\u0142ach wy\u017cszych&#8221;<\/a><\/span><\/li>\n<li><span style=\"color: #002e5a;\"><a style=\"color: #002e5a;\" href=\"http:\/\/dn.us.edu.pl\/sites\/dn.dev.us.edu.pl\/files\/imce\/wykaz_wszystkich_pracownikow_jednostki_badawczo-dydaktycznych_badawczych_i_dydaktycznych_z_przypisaniem_liczby_publikacji_mnisw_do_konkretnej_liczby_punktow_w_2018_6.xls\" class=\"mtli_attachment mtli_xls\" class=\"mtli_attachment mtli_xls\">Wykaz wszystkich pracownik\u00f3w jednostki (badawczo-dydaktycznych, badawczych i dydaktycznych) z przypisaniem liczby publikacji MNISW do konkretnej liczby punkt\u00f3w w 2018 roku<\/a><\/span><\/li>\n<\/ul>\n<p>&nbsp;<\/p>\n<ul>\n<li><a href=\"http:\/\/php71.nfinity-beta.pl\/us\/pracownik\/wp-content\/uploads\/sites\/2\/pracownik\/formularze\/oswiadczenie_do_minimum_kadrowego.docx\" class=\"mtli_attachment mtli_docx\" class=\"mtli_attachment mtli_docx\"><span style=\"color: #002e5a;\">O\u015bwiadczenie nauczyciela akademickiego o wyra\u017ceniu zgody na wliczenie do\u00a0minimum kadrowego w sprawach zwi\u0105zanych z nadawaniem stopni doktora i\/lub doktora habilitowanego<\/span><\/a><\/li>\n<li><span style=\"color: #000000;\">Konferencje<\/span>\n<ul>\n<li><span style=\"color: #002e5a;\"><a style=\"color: #002e5a;\" href=\"http:\/\/php71.nfinity-beta.pl\/us\/pracownik\/wp-content\/uploads\/sites\/2\/pracownik\/formularze\/kosztorys_konferencji_0.doc\" class=\"mtli_attachment mtli_doc\" class=\"mtli_attachment mtli_doc\">Kosztorys konferencji<\/a><\/span><\/li>\n<li><span style=\"color: #002e5a;\"><a style=\"color: #002e5a;\" href=\"http:\/\/php71.nfinity-beta.pl\/us\/pracownik\/wp-content\/uploads\/sites\/2\/pracownik\/formularze\/20111013091536931_0001.pdf\" class=\"mtli_attachment mtli_pdf\" class=\"mtli_attachment mtli_pdf\">Informacja podatkowa dla organizator\u00f3w konferencji naukowych<\/a><\/span><\/li>\n<li><a href=\"http:\/\/php71.nfinity-beta.pl\/us\/pracownik\/wp-content\/uploads\/sites\/2\/pracownik\/formularze\/rozliczenie_konferencji.doc\" class=\"mtli_attachment mtli_doc\" class=\"mtli_attachment mtli_doc\"><span style=\"color: #002e5a;\">Rozliczenie konferencji<\/span><\/a><\/li>\n<\/ul>\n<\/li>\n<li>Prace zlecone\n<ul>\n<li><span style=\"color: #002e5a;\"><a style=\"color: #002e5a;\" href=\"http:\/\/php71.nfinity-beta.pl\/us\/pracownik\/wp-content\/uploads\/sites\/2\/pracownik\/formularze\/KALKULACJA_REALIZACJI_PRACY_ZLECONEJ.doc\" class=\"mtli_attachment mtli_doc\" class=\"mtli_attachment mtli_doc\">Kalkulacja pracy zleconej<\/a><\/span><\/li>\n<li><a href=\"http:\/\/php71.nfinity-beta.pl\/us\/pracownik\/wp-content\/uploads\/sites\/2\/pracownik\/formularze\/protokol_odbioru_pracy_zleconej.doc\" class=\"mtli_attachment mtli_doc\" class=\"mtli_attachment mtli_doc\"><span style=\"color: #002e5a;\">Protok\u00f3\u0142 odbioru pracy zleconej<\/span><\/a><\/li>\n<\/ul>\n<\/li>\n<li>Zawiadomienia o nadaniu stopnia:\n<ul>\n<li><a href=\"http:\/\/php71.nfinity-beta.pl\/us\/pracownik\/wp-content\/uploads\/sites\/2\/pracownik\/formularze\/zawiadomienie_o_nadaniu_st._dr.docx\" class=\"mtli_attachment mtli_docx\" class=\"mtli_attachment mtli_docx\"><span style=\"color: #002e5a;\">zawiadomienie o nadaniu stopnia doktora wszcz\u0119te na podstawie ustawy z dnia 3 lipca 2018 &#8211; Przepisy wprowadzaj\u0105ce ustaw\u0119 &#8211; Prawo o szkolnictwie wy\u017cszym i nauce<\/span><\/a><\/li>\n<li><span style=\"color: #002e5a;\"><a style=\"color: #002e5a;\" href=\"http:\/\/php71.nfinity-beta.pl\/us\/pracownik\/wp-content\/uploads\/sites\/2\/pracownik\/formularze\/zawiadomienie_o_nadaniu_st_dr_hab__1.docx\" class=\"mtli_attachment mtli_docx\" class=\"mtli_attachment mtli_docx\">zawiadomienie o nadaniu stopnia doktora habilitowanego na podstawie ustawy z dnia 3 lipca 2018 &#8211; Przepisy wprowadzaj\u0105ce ustaw\u0119 &#8211; Prawo o szkolnictwie wy\u017cszym i nauce<\/a><\/span><\/li>\n<\/ul>\n<\/li>\n<\/ul>\n<\/div>\n<p>\n<\/div>\r\n                    <\/div>\r\n                <\/div>[\/vc_column][\/vc_row]<\/p>","protected":false},"excerpt":{"rendered":"<p>[vc_row][vc_column][vc_empty_space][\/vc_column][\/vc_row] [&#8230;]<\/p>\n<p><a class=\"btn btn-secondary understrap-read-more-link\" href=\"https:\/\/us.edu.pl\/pracownik\/umowy-formularze-druki\/formularze\/\">Read More&#8230;<\/a><\/p>\n","protected":false},"author":1,"featured_media":0,"parent":123,"menu_order":409,"comment_status":"closed","ping_status":"closed","template":"","meta":{"_expiration-date-status":"","_expiration-date":0,"_expiration-date-type":"","_expiration-date-categories":[],"_expiration-date-options":[]},"acf":[],"_links":{"self":[{"href":"https:\/\/us.edu.pl\/pracownik\/wp-json\/wp\/v2\/pages\/126"}],"collection":[{"href":"https:\/\/us.edu.pl\/pracownik\/wp-json\/wp\/v2\/pages"}],"about":[{"href":"https:\/\/us.edu.pl\/pracownik\/wp-json\/wp\/v2\/types\/page"}],"author":[{"embeddable":true,"href":"https:\/\/us.edu.pl\/pracownik\/wp-json\/wp\/v2\/users\/1"}],"replies":[{"embeddable":true,"href":"https:\/\/us.edu.pl\/pracownik\/wp-json\/wp\/v2\/comments?post=126"}],"version-history":[{"count":4,"href":"https:\/\/us.edu.pl\/pracownik\/wp-json\/wp\/v2\/pages\/126\/revisions"}],"predecessor-version":[{"id":432,"href":"https:\/\/us.edu.pl\/pracownik\/wp-json\/wp\/v2\/pages\/126\/revisions\/432"}],"up":[{"embeddable":true,"href":"https:\/\/us.edu.pl\/pracownik\/wp-json\/wp\/v2\/pages\/123"}],"wp:attachment":[{"href":"https:\/\/us.edu.pl\/pracownik\/wp-json\/wp\/v2\/media?parent=126"}],"curies":[{"name":"wp","href":"https:\/\/api.w.org\/{rel}","templated":true}]}}