{"id":13505,"date":"2021-04-08T12:25:56","date_gmt":"2021-04-08T10:25:56","guid":{"rendered":"https:\/\/us.edu.pl\/pracownik\/?page_id=13505"},"modified":"2026-03-06T16:45:40","modified_gmt":"2026-03-06T15:45:40","slug":"niezbednik-prawny","status":"publish","type":"page","link":"https:\/\/us.edu.pl\/pracownik\/sprawy-dydaktyczne\/pion-ksztalcenia\/niezbednik-prawny\/","title":{"rendered":"Niezb\u0119dnik prawny"},"content":{"rendered":"<p>[vc_row][vc_column][vc_column_text][\/vc_column_text][\/vc_column][\/vc_row][vc_row][vc_column]\r\n                <div class=\"text-modules\">\r\n                    <div class=\"container\">\r\n                        <h3 class=\"page-title text__title\">Wykaz akt\u00f3w prawa istotnych dla organizacji dydaktyki<\/h3>\r\n                        <div class=\"text-modules__content\"><\/p>\n<h4><strong>Przepisy og\u00f3lne:<\/strong><\/h4>\n<ul>\n<li><a href=\"https:\/\/isap.sejm.gov.pl\/isap.nsf\/DocDetails.xsp?id=WDU20230000742\" target=\"_blank\" rel=\"noopener\">Ustawa z dnia 20 lipca 2018 r. &#8211; Prawo o szkolnictwie wy\u017cszym i nauce (ze zm.)<\/a><\/li>\n<li><a href=\"https:\/\/isap.sejm.gov.pl\/isap.nsf\/DocDetails.xsp?id=WDU20180001669\" target=\"_blank\" rel=\"noopener\">Ustawa z dnia 3 lipca 2018 r. &#8211; Przepisy wprowadzaj\u0105ce ustaw\u0119 &#8211; Prawo o szkolnictwie wy\u017cszym i nauce<\/a><\/li>\n<li><a href=\"https:\/\/isap.sejm.gov.pl\/isap.nsf\/DocDetails.xsp?id=WDU20230002787\" target=\"_blank\" rel=\"noopener\">Rozporz\u0105dzenie Ministra Nauki i Szkolnictwa Wy\u017cszego z dnia 27 wrze\u015bnia 2018 r. w sprawie studi\u00f3w (ze zm.)<\/a><\/li>\n<li><a href=\"https:\/\/isap.sejm.gov.pl\/isap.nsf\/DocDetails.xsp?id=WDU20180002090\">Rozporz\u0105dzenie Ministra Nauki i Szkolnictwa Wy\u017cszego z dnia 30 pa\u017adziernika 2018 r. w sprawie sposobu zapewnienia w uczelni bezpiecznych i higienicznych warunk\u00f3w pracy i kszta\u0142cenia<\/a><\/li>\n<li><a href=\"https:\/\/isap.sejm.gov.pl\/isap.nsf\/DocDetails.xsp?id=WDU20190000202\" target=\"_blank\" rel=\"noopener\">Rozporz\u0105dzenie Ministra Nauki i Szkolnictwa Wy\u017cszego z dnia 22 stycznia 2019 r. w sprawie wsp\u00f3\u0142czynnik\u00f3w kosztoch\u0142onno\u015bci (ze zm.)<\/a><\/li>\n<\/ul>\n<p><strong>\u00a0<\/strong><\/p>\n<h4><strong>Statut, Strategia i Regulaminy<\/strong><\/h4>\n<ul>\n<li><a href=\"https:\/\/aktyprawne.us.edu.pl\/d\/4952\/5\/?tc=80\" target=\"_blank\" rel=\"noopener\">Statut Uniwersytetu \u015al\u0105skiego w Katowicach<\/a><\/li>\n<li><a href=\"https:\/\/aktyprawne.us.edu.pl\/423-lista\/d\/8838\/5\/?reporef=%2F%3Fsearch-global%3Dstrategia)\" target=\"_blank\" rel=\"noopener\">Strategia Rozwoju Uniwersytetu \u015al\u0105skiego w Katowicach na lata 2026-2029<\/a><\/li>\n<li><a href=\"https:\/\/aktyprawne.us.edu.pl\/lang\/pl-PL\/d\/4982\/5\/?tc=76\">Regulamin pracy Uniwersytetu \u015al\u0105skiego w Katowicach<\/a><\/li>\n<li><a href=\"https:\/\/aktyprawne.us.edu.pl\/d\/4981\/5\/?tc=76\" target=\"_blank\" rel=\"noopener\">Regulamin organizacyjny Uniwersytetu \u015al\u0105skiego w Katowicach<\/a><\/li>\n<li><a href=\"https:\/\/aktyprawne.us.edu.pl\/lang\/pl-PL\/d\/5003\/5\/?tc=76\">Regulamin Studi\u00f3w w Uniwersytecie \u015al\u0105skim w Katowicach<\/a><\/li>\n<\/ul>\n<p>&nbsp;<\/p>\n<h4><strong>Studia:<\/strong><\/h4>\n<h5><strong><em>Tworzenie i zmiana program\u00f3w studi\u00f3w:<\/em><\/strong><\/h5>\n<ul>\n<li><a href=\"https:\/\/aktyprawne.us.edu.pl\/d\/8867\/5\/\">Uchwa\u0142a nr 196\/2026 Senatu U\u015a w sprawie wytycznych dotycz\u0105cych wymaga\u0144 w zakresie tworzenia i zmiany program\u00f3w studi\u00f3w prowadzonych w Uniwersytecie \u015al\u0105skim w Katowicach<\/a><\/li>\n<\/ul>\n<h5><strong><em>Tworzenie i likwidacja studi\u00f3w<\/em><\/strong><\/h5>\n<ul>\n<li><a href=\"https:\/\/aktyprawne.us.edu.pl\/lang\/pl-PL\/d\/4955\/5\/?tc=17\">Zarz\u0105dzenie nr 39 Rektora Uniwersytetu \u015al\u0105skiego w Katowicach z dnia 24 lutego 2021 r. w sprawie tworzenia i likwidacji studi\u00f3w w Uniwersytecie \u015al\u0105skim w Katowicach<\/a><\/li>\n<\/ul>\n<h5><strong><em>Efekty uczenia si\u0119:<\/em><\/strong><\/h5>\n<ul>\n<li><a href=\"http:\/\/isap.sejm.gov.pl\/isap.nsf\/DocDetails.xsp?id=WDU20160000064\">Ustawa z dnia 22 grudnia 2015 r. o Zintegrowanym Systemie Kwalifikacji<\/a><\/li>\n<li><a href=\"https:\/\/isap.sejm.gov.pl\/isap.nsf\/DocDetails.xsp?id=WDU20180002218\">Rozporz\u0105dzenie Ministra Nauki i Szkolnictwa Wy\u017cszego z dnia 14 listopada 2018 r. w sprawie charakterystyk drugiego stopnia efekt\u00f3w uczenia si\u0119 dla kwalifikacji na poziomach 6-8 Polskiej Ramy Kwalifikacji<\/a><\/li>\n<\/ul>\n<h5><strong><em>Limity godzin w programach studi\u00f3w:<\/em><\/strong><\/h5>\n<ul>\n<li><a href=\"https:\/\/aktyprawne.us.edu.pl\/d\/6553\/5\/?tc=17\" target=\"_blank\" rel=\"noopener\">Zarz\u0105dzenie nr 113 Rektora Uniwersytetu \u015al\u0105skiego w Katowicach z dnia 13 lipca 2023 r. w sprawie okre\u015blenia maksymalnej liczby godzin w programach studi\u00f3w<\/a><\/li>\n<\/ul>\n<h5><strong><em>Organizacja zaj\u0119\u0107 realizowanych w ramach modu\u0142\u00f3w obszarowych wspieraj\u0105cych kszta\u0142cenie kierunkowe:<\/em><\/strong><\/h5>\n<ul>\n<li><a href=\"https:\/\/aktyprawne.us.edu.pl\/d\/6761\/5\/?tc=17\" target=\"_blank\" rel=\"noopener\">Zarz\u0105dzenie nr 165\/2023 Rektora Uniwersytetu \u015al\u0105skiego w Katowicach z dnia 24 pa\u017adziernika 2023 r. w sprawie sposobu organizacji zaj\u0119\u0107 realizowanych w ramach modu\u0142\u00f3w obszarowych wspieraj\u0105cych kszta\u0142cenie kierunkowe<\/a><\/li>\n<\/ul>\n<h5><strong><em>Organizacja zaj\u0119\u0107 w ramach<\/em> <em>Otwartych Modu\u0142\u00f3w Uniwersyteckich (OMU) i Og\u00f3lnoakademickiej Oferty Dydaktycznej (OOD):<\/em><\/strong><\/h5>\n<ul>\n<li><a href=\"https:\/\/aktyprawne.us.edu.pl\/d\/6763\/5\/?tc=17\" target=\"_blank\" rel=\"noopener\">Zarz\u0105dzenie nr 166\/2023 Rektora Uniwersytetu \u015al\u0105skiego w Katowicach z dnia 24 pa\u017adziernika 2023 r. w sprawie sposobu organizacji zaj\u0119\u0107 w ramach Otwartych Modu\u0142\u00f3w Uniwersyteckich (OMU) i Og\u00f3lnoakademickiej Oferty Dydaktycznej (OOD)<\/a><\/li>\n<\/ul>\n<h5><strong><em>J\u0119zyki obce i WF:<\/em><\/strong><\/h5>\n<ul>\n<li><a href=\"https:\/\/aktyprawne.us.edu.pl\/d\/6915\/5\/\">Zarz\u0105dzenie nr 182\/2023 Rektora Uniwersytetu \u015al\u0105skiego w Katowicach z dnia 29 listopada 2023 r. w sprawie szczeg\u00f3\u0142owych zasad prowadzenia lektorat\u00f3w z j\u0119zyk\u00f3w obcych\u00a0<\/a><\/li>\n<li><a href=\"https:\/\/aktyprawne.us.edu.pl\/d\/7213\/5\/\" target=\"_blank\" rel=\"noopener\">Zarz\u0105dzenie nr 33 Rektora Uniwersytetu \u015al\u0105skiego w Katowicach z dnia 7 marca 2024 r. w sprawie certyfikacji i po\u015bwiadczania kompetencji j\u0119zykowych w Uniwersytecie \u015al\u0105skim w Katowicach<\/a><\/li>\n<li><a href=\"https:\/\/aktyprawne.us.edu.pl\/d\/6916\/5\/\">Zarz\u0105dzenie nr 183\/2023 Rektora Uniwersytetu \u015al\u0105skiego w Katowicach z dnia 29 listopada 2023 r. w sprawie organizacji zaj\u0119\u0107 z wychowania fizycznego<\/a><\/li>\n<\/ul>\n<h5><strong><em>Rodzaje<\/em> zaj\u0119\u0107 <em>dydaktycznych:<\/em><\/strong><\/h5>\n<ul>\n<li><a href=\"https:\/\/us.edu.pl\/pracownik\/sprawy-dydaktyczne\/pion-ksztalcenia\/niezbednik-prawny\/slowniczek-rodzajow-zajec\/\">S\u0142owniczek rodzaj\u00f3w zaj\u0119\u0107 opracowany przez Zesp\u00f3\u0142 ds. dydaktyki akademickiej<\/a><\/li>\n<\/ul>\n<h5><strong><em>Kszta\u0142cenie nauczycieli:<\/em><\/strong><\/h5>\n<ul>\n<li><a href=\"https:\/\/isap.sejm.gov.pl\/isap.nsf\/DocDetails.xsp?id=WDU20210000890\" target=\"_blank\" rel=\"noopener\">Rozporz\u0105dzenie Ministra Nauki i Szkolnictwa Wy\u017cszego z dnia 25 lipca 2019 r. w sprawie standardu kszta\u0142cenia przygotowuj\u0105cego do wykonywania zawodu nauczyciela (ze zm.)<\/a><\/li>\n<\/ul>\n<p><strong>\u00a0<\/strong><\/p>\n<h4><strong>Jako\u015b\u0107 kszta\u0142cenia i akredytacja:<\/strong><\/h4>\n<ul>\n<li><a href=\"https:\/\/aktyprawne.us.edu.pl\/lang\/pl-PL\/d\/221\/5\/?tc=17\">Zarz\u0105dzenie nr 145\/2019 Rektora U\u015a w sprawie okre\u015blenia Polityki jako\u015bci kszta\u0142cenia na Uniwersytecie \u015al\u0105skim w Katowicach<\/a><\/li>\n<li><a href=\"https:\/\/us.edu.pl\/pracownik\/wp-content\/uploads\/sites\/2\/Editor\/sprawy-dydatktyczne\/jakosc-ksztalcenia\/2022.12.16-wzor-WSZJK-z-zalacznikami.docx\" class=\"mtli_attachment mtli_docx\" data-mtli=\"mtli_filesize271,01kB\" class=\"mtli_attachment mtli_docx\" data-mtli=\"mtli_filesize271,01kB\" target=\"_blank\" rel=\"noopener\">Wz\u00f3r procedur Systemu Zapewniania Jako\u015bci Kszta\u0142cenia dla kierunk\u00f3w studi\u00f3w organizowanych przez Wydzia\u0142 opracowany przez Komisj\u0119 ds. kszta\u0142cenia i student\u00f3w<\/a><\/li>\n<li><a href=\"https:\/\/aktyprawne.us.edu.pl\/lang\/pl-PL\/d\/5441\/5\/\">Zarz\u0105dzenie nr 3 Rektora Uniwersytetu \u015al\u0105skiego w Katowicach z dnia 14 stycznia 2022 r. w sprawie ankiety oceny pracy dydaktycznej nauczycieli akademickich i innych os\u00f3b prowadz\u0105cych zaj\u0119cia dydaktyczne na Uniwersytecie \u015al\u0105skim w Katowicach oraz ankiety dla os\u00f3b prowadz\u0105cych zaj\u0119cia dydaktyczne na temat wsp\u00f3\u0142pracy z dan\u0105 grup\u0105 zaj\u0119ciow\u0105<\/a><\/li>\n<li><a href=\"https:\/\/isap.sejm.gov.pl\/isap.nsf\/DocDetails.xsp?id=WDU20180001787\">Rozporz\u0105dzenie Ministra Nauki i Szkolnictwa Wy\u017cszego z dnia 12 wrze\u015bnia 2018 r. w sprawie kryteri\u00f3w oceny programowej<\/a><\/li>\n<li><a href=\"https:\/\/www.pka.edu.pl\/ocena\/kryteria-oceny-programowej\/\">Kryteria oceny programowej PKA<\/a><\/li>\n<\/ul>\n<p>&nbsp;<\/p>\n<h4><strong>Inne:<\/strong><\/h4>\n<h5><strong><em>Karta kierunku i elektroniczne sylabusy:<\/em><\/strong><\/h5>\n<ul>\n<li><a href=\"https:\/\/aktyprawne.us.edu.pl\/d\/8519\/5\/\">Zarz\u0105dzenie nr 185 Rektora Uniwersytetu \u015al\u0105skiego w Katowicach z dnia 16 pa\u017adziernika 2025 r. w sprawie funkcjonowania Karty kierunku oraz elektronicznych sylabus\u00f3w w Uniwersytecie \u015al\u0105skim w Katowicach<\/a><\/li>\n<\/ul>\n<h5><strong><em>Planowanie i rozliczanie zaj\u0119\u0107 dydaktycznych:<\/em><\/strong><\/h5>\n<ul>\n<li><a href=\"https:\/\/aktyprawne.us.edu.pl\/d\/8196\/5\/\">Zarz\u0105dzenie nr 98\/2025 Rektora U\u015a w sprawie planowania, realizacji i rozliczania dydaktyki w Uniwersytecie \u015al\u0105skim w Katowicach<\/a><\/li>\n<\/ul>\n<h5><strong><em>Powierzanie zaj\u0119\u0107 dydaktycznych:<\/em><\/strong><\/h5>\n<ul>\n<li><a href=\"https:\/\/aktyprawne.us.edu.pl\/lang\/pl-PL\/d\/5268\/5\/\">Zarz\u0105dzenie nr 127 Rektora Uniwersytetu \u015al\u0105skiego w Katowicach z dnia 8 lipca 2021 r. w sprawie zasad powierzania nauczycielom akademickim zaj\u0119\u0107 dydaktycznych na studiach pierwszego, drugiego stopnia oraz jednolitych studiach magisterskich w Uniwersytecie \u015al\u0105skim w Katowicach<\/a><\/li>\n<\/ul>\n<h5><strong><em>Harmonogramy zaj\u0119\u0107:<\/em><\/strong><\/h5>\n<ul>\n<li><a href=\"https:\/\/aktyprawne.us.edu.pl\/d\/5687\/5\/\" target=\"_blank\" rel=\"noopener\">Zarz\u0105dzenie nr 64\/2022 Rektora U\u015a z dnia 9 maja 2022 r. w sprawie okre\u015blenia godzin prowadzenia zaj\u0119\u0107 dydaktycznych w Uniwersytecie \u015al\u0105skim w Katowicach<\/a><\/li>\n<\/ul>\n<h5><strong><em>Prowadzenie dokumentacji przebiegu studi\u00f3w:<\/em><\/strong><\/h5>\n<ul>\n<li><a href=\"https:\/\/aktyprawne.us.edu.pl\/d\/6518\/5\/?tybp_filterId=1&amp;tybp_filterYear=2023&amp;tybp_filterMonth=6&amp;tybp_filterDay=26&amp;tybp_moduleId=1635\">Zarz\u0105dzenie nr 105 Rektora Uniwersytetu \u015al\u0105skiego w Katowicach z dnia 26 czerwca 2023 r. w sprawie zasad prowadzenia dokumentacji przebiegu studi\u00f3w w Uniwersytecie \u015al\u0105skim w Katowicach.<\/a><\/li>\n<\/ul>\n<h5><strong><em>Kszta\u0142cenie na odleg\u0142o\u015b\u0107:<\/em><\/strong><\/h5>\n<ul>\n<li><a href=\"https:\/\/aktyprawne.us.edu.pl\/423-lista\/d\/5359\/5\/?reporef=%2F%3Fsearch-global%3Dzarz%25c4%2585dzenie%2Bnr%2B176%252f2021)\" target=\"_blank\" rel=\"noopener\">Zarz\u0105dzenie nr 176 Rektora Uniwersytetu \u015al\u0105skiego w Katowicach z dnia 15 pa\u017adziernika 2021 r. w sprawie zasad prowadzenia w Uniwersytecie \u015al\u0105skim w Katowicach zaj\u0119\u0107 dydaktycznych z wykorzystaniem metod i technik kszta\u0142cenia na odleg\u0142o\u015b\u0107<\/a><\/li>\n<\/ul>\n<h5><strong><em>Praktyki zawodowe os\u00f3b studiuj\u0105cych:<\/em><\/strong><\/h5>\n<ul>\n<li><a href=\"https:\/\/aktyprawne.us.edu.pl\/d\/8663\/5\/\">Zarz\u0105dzenie nr 203 Rektora Uniwersytetu \u015al\u0105skiego w Katowicach z dnia 19 listopada 2025 r. w sprawie organizacji praktyk zawodowych w Uniwersytecie \u015al\u0105skim w Katowicach <\/a><\/li>\n<\/ul>\n<h5><strong><em>Uczestniczenie przez osoby studiuj\u0105ce w zaj\u0119ciach nie obj\u0119tych programem studi\u00f3w:<\/em><\/strong><\/h5>\n<ul>\n<li><a href=\"https:\/\/aktyprawne.us.edu.pl\/lang\/pl-PL\/d\/1004\/5\/\">Zarz\u0105dzenie nr 57\/2015 Rektora U\u015a w sprawie uczestnictwa przez student\u00f3w w zaj\u0119ciach nieobj\u0119tych planem studi\u00f3w<\/a><\/li>\n<\/ul>\n<h5><strong><em>Uznawanie modu\u0142\u00f3w realizowanych przez student\u00f3w w ramach konsorcjum Transform4Europe (T4EU):<\/em><\/strong><\/h5>\n<ul>\n<li><a href=\"https:\/\/aktyprawne.us.edu.pl\/d\/6326\/5\/?tc=64\">Pismo ok\u00f3lne nr 1 Prorektora ds. Kszta\u0142cenia i Student\u00f3w Uniwersytetu \u015al\u0105skiego w Katowicach z dnia 19 kwietnia 2023 r. dotycz\u0105ce sposob\u00f3w zaliczania modu\u0142\u00f3w oferowanych przez uczelnie partnerskie sojuszu Transform4Europe przez osoby studiuj\u0105ce w Uniwersytecie \u015al\u0105skim w Katowicach<\/a><\/li>\n<\/ul>\n<h5><strong><em>Dyplomowanie, APD <\/em><\/strong><\/h5>\n<ul>\n<li><a href=\"https:\/\/aktyprawne.us.edu.pl\/423-lista\/d\/5395\/5\/?reporef=%2F%3Fsearch-global%3Dzarz%25c4%2585dzenie%2Bnr%2B201%252f2021)\" target=\"_blank\" rel=\"noopener\">Zarz\u0105dzenie nr 201 Rektora Uniwersytetu \u015al\u0105skiego w Katowicach z dnia 23 listopada 2021 r. w sprawie wprowadzenia procedury sk\u0142adania i archiwizowania pisemnych prac dyplomowych w bazie elektronicznej.<\/a><\/li>\n<li><a href=\"https:\/\/aktyprawne.us.edu.pl\/423-lista\/lang\/pl-PL\/d\/512\/5\/?reporef=%2f%3fsearch-global%3d51%252f2018)\">Zarz\u0105dzenie nr 51\/2018 Rektora U\u015a w sprawie wprowadzenia procedury przekazywania pisemnych prac dyplomowych do Og\u00f3lnopolskiego Repozytorium Pisemnych Prac Dyplomowych, kt\u00f3rych obrona zako\u0144czona pozytywnym wynikiem odby\u0142a si\u0119 po dniu 30 wrze\u015bnia 2009 r<\/a><\/li>\n<li><a href=\"https:\/\/aktyprawne.us.edu.pl\/d\/7952\/5\/\">Zarz\u0105dzenie nr 17 Rektora Uniwersytetu \u015al\u0105skiego w Katowicach z dnia 12 lutego 2025 r. w sprawie ustalenia zasad i sposobu przyznawania dyplom\u00f3w z wyr\u00f3\u017cnieniem absolwentom Uniwersytetu \u015al\u0105skiego w Katowicach od roku akademickiego 2024\/2025<\/a><\/li>\n<\/ul>\n<h5><strong><em>USOS i dokumentowanie toku studi\u00f3w:<\/em><\/strong><\/h5>\n<ul>\n<li><a href=\"https:\/\/aktyprawne.us.edu.pl\/lang\/pl-PL\/d\/655\/5\/?tc=17\">Zarz\u0105dzenie nr 101\/2017 Rektora U\u015a w sprawie ustalenia jednolitych procedur administracyjnych dotycz\u0105cych obs\u0142ugi toku studi\u00f3w z wykorzystaniem systemu USOS<\/a><\/li>\n<li><a href=\"https:\/\/aktyprawne.us.edu.pl\/lang\/pl-PL\/d\/2835\/5\/?tc=17\">Zarz\u0105dzenie nr 135\/2020 Rektora U\u015a w sprawie zmian w sposobie prowadzenia dokumentacji przebiegu studi\u00f3w w semestrze letnim roku akademickiego 2019\/2020<\/a><\/li>\n<\/ul>\n<h5><strong><em>Potwierdzenie efekt\u00f3w uczenia si\u0119 uzyskanych poza edukacj\u0105 formaln\u0105:<\/em><\/strong><\/h5>\n<ul>\n<li><a href=\"https:\/\/aktyprawne.us.edu.pl\/lang\/pl-PL\/d\/3221\/5\/?tybp_filterId=3&amp;tybp_filterYear=2019&amp;tybp_filterMonth=9&amp;tybp_filterDay=24&amp;tybp_moduleId=1635\">Uchwa\u0142a nr 432\/2019 Senatu U\u015a w sprawie organizacji w Uniwersytecie \u015al\u0105skim w Katowicach potwierdzania efekt\u00f3w uczenia si\u0119 uzyskanych poza systemem studi\u00f3w<\/a><\/li>\n<li><a href=\"https:\/\/aktyprawne.us.edu.pl\/lang\/pl-PL\/d\/179\/5\/?tybp_filterId=1&amp;tybp_filterYear=2020&amp;tybp_filterMonth=0&amp;tybp_filterDay=0&amp;tybp_moduleId=1635\">Zarz\u0105dzenie nr 5\/2020 Rektora U\u015a w sprawie ustalenia sposobu naliczania op\u0142aty za przeprowadzenie procedury potwierdzania efekt\u00f3w uczenia si\u0119 oraz wprowadzenia wzoru umowy dotycz\u0105cej odp\u0142atno\u015bci za t\u0105 us\u0142ug\u0119<\/a><\/li>\n<\/ul>\n<h5><strong><em>Nostryfikacja:<\/em><\/strong><\/h5>\n<ul>\n<li><a href=\"https:\/\/isap.sejm.gov.pl\/isap.nsf\/DocDetails.xsp?id=WDU20180001881\">Rozporz\u0105dzenie Ministra Nauki i Szkolnictwa Wy\u017cszego z dnia 28 wrze\u015bnia 2018 r. w sprawie nostryfikacji dyplom\u00f3w uko\u0144czenia studi\u00f3w za granic\u0105 oraz potwierdzania uko\u0144czenia studi\u00f3w na okre\u015blonym poziomie<\/a><\/li>\n<li><a href=\"https:\/\/aktyprawne.us.edu.pl\/d\/7207\/5\/\">Zarz\u0105dzenie nr 25\/2024 Rektora U\u015a z dnia 29 lutego 2024 r. w sprawie nostryfikacji dyplom\u00f3w uko\u0144czenia studi\u00f3w za granic\u0105 oraz potwierdzania uko\u0144czenia studi\u00f3w na okre\u015blonym poziomie w Uniwersytecie \u015al\u0105skim w Katowicach<\/a><\/li>\n<\/ul>\n<p>\n<style type=\"text\/css\">a[data-mtli~=\"mtli_filesize271,01kB\"]:after {content:\" (271,01 kB)\"}<\/style><\/div>\r\n                    <\/div>\r\n                <\/div>[\/vc_column][\/vc_row][vc_row][vc_column][vc_column_text][\/vc_column_text][\/vc_column][\/vc_row][vc_row][\/vc_row][vc_column][\/vc_column][vc_column_text][\/vc_column_text]<\/p>\n<style type=\"text\/css\">a[data-mtli~=\"mtli_filesize271,01kB\"]:after {content:\" (271,01 kB)\"}<\/style>","protected":false},"excerpt":{"rendered":"<p>[vc_row][vc_column][vc_column_text][\/vc_column_text][\/vc_column][\/vc_row][vc_row][vc_column][\/vc_column][\/vc_row][vc_row][vc_column][vc_column_text][\/vc_column_text][\/vc_column][\/vc_row][vc_row][\/vc_row][vc_column][\/vc_column][vc_column_text][\/vc_column_text] [&#8230;]<\/p>\n<p><a class=\"btn btn-secondary understrap-read-more-link\" href=\"https:\/\/us.edu.pl\/pracownik\/sprawy-dydaktyczne\/pion-ksztalcenia\/niezbednik-prawny\/\">Read More&#8230;<\/a><\/p>\n","protected":false},"author":41,"featured_media":0,"parent":3768,"menu_order":469,"comment_status":"closed","ping_status":"closed","template":"page-templates\/inner-page.php","meta":{"_expiration-date-status":"saved","_expiration-date":0,"_expiration-date-type":"","_expiration-date-categories":[],"_expiration-date-options":[]},"acf":[],"_links":{"self":[{"href":"https:\/\/us.edu.pl\/pracownik\/wp-json\/wp\/v2\/pages\/13505"}],"collection":[{"href":"https:\/\/us.edu.pl\/pracownik\/wp-json\/wp\/v2\/pages"}],"about":[{"href":"https:\/\/us.edu.pl\/pracownik\/wp-json\/wp\/v2\/types\/page"}],"author":[{"embeddable":true,"href":"https:\/\/us.edu.pl\/pracownik\/wp-json\/wp\/v2\/users\/41"}],"replies":[{"embeddable":true,"href":"https:\/\/us.edu.pl\/pracownik\/wp-json\/wp\/v2\/comments?post=13505"}],"version-history":[{"count":10,"href":"https:\/\/us.edu.pl\/pracownik\/wp-json\/wp\/v2\/pages\/13505\/revisions"}],"predecessor-version":[{"id":42521,"href":"https:\/\/us.edu.pl\/pracownik\/wp-json\/wp\/v2\/pages\/13505\/revisions\/42521"}],"up":[{"embeddable":true,"href":"https:\/\/us.edu.pl\/pracownik\/wp-json\/wp\/v2\/pages\/3768"}],"wp:attachment":[{"href":"https:\/\/us.edu.pl\/pracownik\/wp-json\/wp\/v2\/media?parent=13505"}],"curies":[{"name":"wp","href":"https:\/\/api.w.org\/{rel}","templated":true}]}}