{"id":144,"date":"2019-09-11T13:52:00","date_gmt":"2019-09-11T11:52:00","guid":{"rendered":"http:\/\/php71.nfinity-beta.pl\/us\/pracownik\/?page_id=144"},"modified":"2019-09-11T14:08:39","modified_gmt":"2019-09-11T12:08:39","slug":"europejska-karta-ubezpieczenia-spolecznego-ekuz","status":"publish","type":"page","link":"https:\/\/us.edu.pl\/pracownik\/umowy-formularze-druki\/europejska-karta-ubezpieczenia-spolecznego-ekuz\/","title":{"rendered":"Europejska Karta Ubezpieczenia Spo\u0142ecznego &#8211; EKUZ"},"content":{"rendered":"<p>[vc_row][vc_column]\r\n                <div class=\"text-modules\">\r\n                    <div class=\"container\">\r\n                        <h3 class=\"page-title text__title\">Europejska Karta Ubezpieczenia Spo\u0142ecznego - EKUZ<\/h3>\r\n                        <div class=\"text-modules__content\"><\/p>\n<div class=\"content\">\n<p align=\"right\">Katowice, 2005.12.12<\/p>\n<p align=\"left\"><b>AK 70\/2005<\/b><\/p>\n<p align=\"justify\">Od <b>1 stycznia 2006 roku<\/b> pracownicy oraz studenci i doktoranci Uniwersytetu \u015al\u0105skiego wyje\u017cd\u017caj\u0105cy za granic\u0119 do kraj\u00f3w Unii Europejskiej i kraj\u00f3w Europejskiego Obszaru Gospodarczego w ramach delegacji, turystycznie, zarobkowo itp. winni zaopatrzy\u0107 si\u0119 w <b><i>Europejsk\u0105 Kart\u0119 Ubezpieczenia Zdrowotnego &#8211; EKUZ<\/i><\/b>. W celu uzyskania karty nale\u017cy we w\u0142a\u015bciwym ze wzgl\u0119du na miejsce zamieszkania Wojew\u00f3dzkim Narodowym Funduszu Zdrowia z\u0142o\u017cy\u0107 wniosek o jej wydanie oraz dokument potwierdzaj\u0105cy ubezpieczenie zdrowotne.<\/p>\n<p align=\"justify\">Karta EKUZ dla pracownika wa\u017cna jest przez okres 2 miesi\u0119cy, natomiast dla studenta i doktoranta, wyje\u017cd\u017caj\u0105cego na studia do ko\u0144ca danego semestru studi\u00f3w lub na okres wymieniony w za\u015bwiadczeniu z Uczelni.<br \/>\nPracownik Uczelni przed wyjazdem winien zg\u0142osi\u0107 si\u0119 do Dzia\u0142u Zatrudnienia i P\u0142ac, celem uzyskania druk\u00f3w &#8222;ZUS-ZUA&#8221; i &#8222;ZUS-RMUA&#8221; &#8211; potwierdzaj\u0105cych op\u0142acenie ubezpieczenia zdrowotnego i na ich podstawie Oddzia\u0142 Narodowego Funduszu Zdrowia w Katowicach, ul. Kossutha 13 wystawi <b><i>Europejsk\u0105 Kart\u0119 Ubezpieczenia Zdrowotnego EKUZ.<\/i><\/b><\/p>\n<p align=\"justify\">W przypadku zatrudnionych przez Uczelni\u0119 na umow\u0119 o prac\u0119 emeryt\u00f3w karta <b>EKUZ<\/b> wa\u017cna jest przez okres 5 lat.<br \/>\nStudenci do lat 26, kt\u00f3rzy korzystaj\u0105 z ubezpieczenia zdrowotnego rodzic\u00f3w zg\u0142aszaj\u0105 si\u0119 do zak\u0142adu pracy rodzica, gdzie otrzymuj\u0105 druk &#8222;ZUS-ZUA&#8221;, &#8222;ZUS-RMUA&#8221; i &#8221; ZUS-ZCZA&#8221;, je\u017celi maja sta\u0142y adres zamieszkania wsp\u00f3lnie z rodzicami lub &#8221; ZUS-ZCNA&#8221; je\u017celi maja inny adres zamieszkania.<br \/>\nStudenci oraz uczestnicy studi\u00f3w doktoranckich, kt\u00f3rych zg\u0142asza do ubezpieczenia zdrowotnego Uczelnia i op\u0142aci\u0142a za nich sk\u0142adk\u0119, zg\u0142aszaj\u0105 si\u0119 w Dziale Spraw Studenckich po druki &#8222;ZUS-ZZA&#8221; i &#8221; ZUS-RMUA&#8221;.<\/p>\n<p align=\"justify\">Pracownicy korzystaj\u0105cy z urlopu bezp\u0142atnego przez pe\u0142ny miesi\u0105c kalendarzowy trac\u0105 ubezpieczenie spo\u0142eczne i zdrowotne.<br \/>\nTak\u017ce pracownicy wyje\u017cd\u017caj\u0105cy za granic\u0119, b\u0119d\u0105cy na urlopie bezp\u0142atnym, a otrzymuj\u0105cy stypendium nie podlegaj\u0105 ubezpieczeniu spo\u0142ecznemu i zdrowotnemu wraz z cz\u0142onkami rodziny. W takim przypadku pracownik winien ubezpieczy\u0107 si\u0119 dobrowolnie i op\u0142aci\u0107 indywidualn\u0105 sk\u0142adk\u0119 ubezpieczenia zdrowotnego, ustalon\u0105 jako pochodna najni\u017cszego wynagrodzenia.<\/p>\n<p align=\"right\">PROREKTOR<br \/>\nds. Wsp\u00f3\u0142pracy i Promocji<br \/>\n<b><i> prof. U\u015a dr hab. Barbara Ko\u017cusznik<\/i><\/b><\/p>\n<p align=\"justify\"><b>* wz\u00f3r formularza EKUZ &#8211; <a title=\"wz\u00f3r formularza EKUZ\" href=\"http:\/\/www.nfz.gov.pl\/new\/\">www.nfz.gov.pl<\/a> &#8211; &#8222;NASZE ZDROWIE W UE&#8221;<\/b><\/p>\n<\/div>\n<p>\n<\/div>\r\n                    <\/div>\r\n                <\/div>[\/vc_column][\/vc_row]<\/p>","protected":false},"excerpt":{"rendered":"<p>[vc_row][vc_column][\/vc_column][\/vc_row] [&#8230;]<\/p>\n<p><a class=\"btn btn-secondary understrap-read-more-link\" href=\"https:\/\/us.edu.pl\/pracownik\/umowy-formularze-druki\/europejska-karta-ubezpieczenia-spolecznego-ekuz\/\">Read More&#8230;<\/a><\/p>\n","protected":false},"author":1,"featured_media":0,"parent":123,"menu_order":407,"comment_status":"closed","ping_status":"closed","template":"","meta":{"_expiration-date-status":"","_expiration-date":0,"_expiration-date-type":"","_expiration-date-categories":[],"_expiration-date-options":[]},"acf":[],"_links":{"self":[{"href":"https:\/\/us.edu.pl\/pracownik\/wp-json\/wp\/v2\/pages\/144"}],"collection":[{"href":"https:\/\/us.edu.pl\/pracownik\/wp-json\/wp\/v2\/pages"}],"about":[{"href":"https:\/\/us.edu.pl\/pracownik\/wp-json\/wp\/v2\/types\/page"}],"author":[{"embeddable":true,"href":"https:\/\/us.edu.pl\/pracownik\/wp-json\/wp\/v2\/users\/1"}],"replies":[{"embeddable":true,"href":"https:\/\/us.edu.pl\/pracownik\/wp-json\/wp\/v2\/comments?post=144"}],"version-history":[{"count":1,"href":"https:\/\/us.edu.pl\/pracownik\/wp-json\/wp\/v2\/pages\/144\/revisions"}],"predecessor-version":[{"id":145,"href":"https:\/\/us.edu.pl\/pracownik\/wp-json\/wp\/v2\/pages\/144\/revisions\/145"}],"up":[{"embeddable":true,"href":"https:\/\/us.edu.pl\/pracownik\/wp-json\/wp\/v2\/pages\/123"}],"wp:attachment":[{"href":"https:\/\/us.edu.pl\/pracownik\/wp-json\/wp\/v2\/media?parent=144"}],"curies":[{"name":"wp","href":"https:\/\/api.w.org\/{rel}","templated":true}]}}