{"id":15490,"date":"2021-10-08T11:27:39","date_gmt":"2021-10-08T09:27:39","guid":{"rendered":"https:\/\/us.edu.pl\/pracownik\/?page_id=15490"},"modified":"2021-10-08T11:29:21","modified_gmt":"2021-10-08T09:29:21","slug":"posiedzenie-komisji-14-10-2021","status":"publish","type":"page","link":"https:\/\/us.edu.pl\/pracownik\/sprawy-dydaktyczne\/senacka-komisja-ds-ksztalcenia\/senacka-komisja-ds-ksztalcenia-sklad-komisji\/kadencja-2020-2024\/posiedzenie-komisji-14-10-2021\/","title":{"rendered":"Posiedzenie komisji &#8211; 14.10.2021"},"content":{"rendered":"<p>[vc_row][vc_column]\r\n                <div class=\"text-modules\">\r\n                    <div class=\"container\">\r\n                        <h3 class=\"page-title text__title\">Posiedzenie Komisji ds. kszta\u0142cenia i student\u00f3w - 14 pa\u017adziernika 2021 r.<\/h3>\r\n                        <div class=\"text-modules__content\"><\/p>\n<p style=\"font-weight: 400;\">Posiedzenie Komisji ds. kszta\u0142cenia i student\u00f3w, kt\u00f3re odb\u0119dzie si\u0119 <strong>14 pa\u017adziernika 2021 r. o godz. 13.00.<\/strong><\/p>\n<p>Spotkanie odb\u0119dzie si\u0119 stacjonarnie w auli w budynku rektoratu przy ul. Bankowej 12.<\/p>\n<p>&nbsp;<\/p>\n<p><strong>Porz\u0105dek posiedzenia.<\/strong><\/p>\n<p>&nbsp;<\/p>\n<ol>\n<li>Komunikaty Prorektor ds. kszta\u0142cenia i student\u00f3w;<\/li>\n<\/ol>\n<p>&nbsp;<\/p>\n<ol start=\"2\">\n<li>Informacje o sposobie organizacji programowych zaj\u0119\u0107 dydaktycznych\u00a0 w nowym roku akademickim;<\/li>\n<\/ol>\n<p>&nbsp;<\/p>\n<ol start=\"3\">\n<li>Informacja o organizacji zaj\u0119\u0107 wyr\u00f3wnawczych dla student\u00f3w I roku studi\u00f3w;<\/li>\n<\/ol>\n<p>&nbsp;<\/p>\n<ol start=\"4\">\n<li>Sprawy zwi\u0105zane z ocen\u0105 jako\u015bci kszta\u0142cenia &#8211; akredytacje PKA,\u00a0 ankietyzacja semestru letniego roku akademickiego 2020\/2021;<\/li>\n<\/ol>\n<p>&nbsp;<\/p>\n<ol start=\"5\">\n<li>Wolne wnioski<\/li>\n<\/ol>\n<p>\n<\/div>\r\n                    <\/div>\r\n                <\/div>[\/vc_column][\/vc_row]<\/p>","protected":false},"excerpt":{"rendered":"<p>[vc_row][vc_column][\/vc_column][\/vc_row] [&#8230;]<\/p>\n<p><a class=\"btn btn-secondary understrap-read-more-link\" href=\"https:\/\/us.edu.pl\/pracownik\/sprawy-dydaktyczne\/senacka-komisja-ds-ksztalcenia\/senacka-komisja-ds-ksztalcenia-sklad-komisji\/kadencja-2020-2024\/posiedzenie-komisji-14-10-2021\/\">Read More&#8230;<\/a><\/p>\n","protected":false},"author":31,"featured_media":0,"parent":5151,"menu_order":474,"comment_status":"closed","ping_status":"closed","template":"page-templates\/inner-page.php","meta":{"_expiration-date-status":"saved","_expiration-date":0,"_expiration-date-type":"","_expiration-date-categories":[],"_expiration-date-options":[]},"acf":[],"_links":{"self":[{"href":"https:\/\/us.edu.pl\/pracownik\/wp-json\/wp\/v2\/pages\/15490"}],"collection":[{"href":"https:\/\/us.edu.pl\/pracownik\/wp-json\/wp\/v2\/pages"}],"about":[{"href":"https:\/\/us.edu.pl\/pracownik\/wp-json\/wp\/v2\/types\/page"}],"author":[{"embeddable":true,"href":"https:\/\/us.edu.pl\/pracownik\/wp-json\/wp\/v2\/users\/31"}],"replies":[{"embeddable":true,"href":"https:\/\/us.edu.pl\/pracownik\/wp-json\/wp\/v2\/comments?post=15490"}],"version-history":[{"count":1,"href":"https:\/\/us.edu.pl\/pracownik\/wp-json\/wp\/v2\/pages\/15490\/revisions"}],"predecessor-version":[{"id":15491,"href":"https:\/\/us.edu.pl\/pracownik\/wp-json\/wp\/v2\/pages\/15490\/revisions\/15491"}],"up":[{"embeddable":true,"href":"https:\/\/us.edu.pl\/pracownik\/wp-json\/wp\/v2\/pages\/5151"}],"wp:attachment":[{"href":"https:\/\/us.edu.pl\/pracownik\/wp-json\/wp\/v2\/media?parent=15490"}],"curies":[{"name":"wp","href":"https:\/\/api.w.org\/{rel}","templated":true}]}}

<p>[vc_row][vc_column]
                <div class="text-modules">
                    <div class="container">
                        <h3 class="page-title text__title">Posiedzenie Komisji ds. kształcenia i studentów - 14 października 2021 r.</h3>
                        <div class="text-modules__content"></p>
<p style="font-weight: 400;">Posiedzenie Komisji ds. kształcenia i studentów, które odbędzie się <strong>14 października 2021 r. o godz. 13.00.</strong></p>
<p>Spotkanie odbędzie się stacjonarnie w auli w budynku rektoratu przy ul. Bankowej 12.</p>
<p>&nbsp;</p>
<p><strong>Porządek posiedzenia.</strong></p>
<p>&nbsp;</p>
<ol>
<li>Komunikaty Prorektor ds. kształcenia i studentów;</li>
</ol>
<p>&nbsp;</p>
<ol start="2">
<li>Informacje o sposobie organizacji programowych zajęć dydaktycznych  w nowym roku akademickim;</li>
</ol>
<p>&nbsp;</p>
<ol start="3">
<li>Informacja o organizacji zajęć wyrównawczych dla studentów I roku studiów;</li>
</ol>
<p>&nbsp;</p>
<ol start="4">
<li>Sprawy związane z oceną jakości kształcenia &#8211; akredytacje PKA,  ankietyzacja semestru letniego roku akademickiego 2020/2021;</li>
</ol>
<p>&nbsp;</p>
<ol start="5">
<li>Wolne wnioski</li>
</ol>
<p>
</div>
                    </div>
                </div>[/vc_column][/vc_row]</p>
