{"id":16461,"date":"2022-01-31T14:30:08","date_gmt":"2022-01-31T13:30:08","guid":{"rendered":"https:\/\/us.edu.pl\/pracownik\/?page_id=16461"},"modified":"2023-02-08T15:41:25","modified_gmt":"2023-02-08T14:41:25","slug":"ood-kontakt","status":"publish","type":"page","link":"https:\/\/us.edu.pl\/pracownik\/sprawy-dydaktyczne\/pion-ksztalcenia\/ogolnoakademicka-oferta-dydaktyczna\/ood-kontakt\/","title":{"rendered":"OOD kontakt"},"content":{"rendered":"<p>[vc_row][vc_column][vc_column_text][\/vc_column_text][\/vc_column][\/vc_row][vc_row][vc_column]\r\n                <div class=\"text-modules\">\r\n                    <div class=\"container\">\r\n                        <h3 class=\"page-title text__title\">KONTAKT<\/h3>\r\n                        <div class=\"text-modules__content\"><p><strong>Kwestie merytoryczne zwi\u0105zane z koordynowanymi modu\u0142ami:<\/strong><\/p>\n<p>&nbsp;<\/p>\n<ul>\n<li>przez Pracownik\u00f3w <u>Wydzia\u0142u Nauk Przyrodniczych:<\/u><\/li>\n<\/ul>\n<p style=\"padding-left: 40px;\">&#8211; dr hab. Agnieszka BABCZY\u0143SKA, prof. U\u015a: <a href=\"mailto:agnieszka.babczynska@us.edu.pl\">agnieszka.babczynska@us.edu.pl<\/a><\/p>\n<p>&nbsp;<\/p>\n<ul>\n<li>\u00a0przez Pracownik\u00f3w <u>Wydzia\u0142u Nauk Spo\u0142ecznych<\/u> oraz <u>Szko\u0142y Filmowej im. Krzysztofa Kie\u015blowskiego<\/u>:<\/li>\n<\/ul>\n<p style=\"padding-left: 40px;\">&#8211; dr Bernard GRZONKA, prof. U\u015a: <a href=\"mailto:bernard.grzonka@us.edu.pl\">bernard.grzonka@us.edu.pl<\/a><\/p>\n<p>&nbsp;<\/p>\n<ul>\n<li>\u00a0przez Pracownik\u00f3w <u>Wydzia\u0142u Prawa i Administracji<\/u>:<\/li>\n<\/ul>\n<p style=\"padding-left: 40px;\">&#8211; dr hab. Witold KUROWSKI, prof. U\u015a: <a href=\"mailto:witold.kurowski@us.edu.pl\">witold.kurowski@us.edu.pl<\/a><\/p>\n<p>&nbsp;<\/p>\n<ul>\n<li>\u00a0przez Pracownik\u00f3w <u>Wydzia\u0142u Humanistycznego<\/u> (Katowice) oraz <span style=\"text-decoration: underline;\">Szko\u0142y J\u0119zyka i Kultury Polskie<\/span>j:<\/li>\n<\/ul>\n<p style=\"padding-left: 40px;\">&#8211; dr Julia LEGOMSKA, prof. U\u015a: <a href=\"mailto:julia.legomska@us.edu.pl\">julia.legomska@us.edu.pl<\/a><\/p>\n<p>&nbsp;<\/p>\n<ul>\n<li>\u00a0przez Pracownik\u00f3w <u>Wydzia\u0142u Sztuki i Nauk o Edukacji<\/u> oraz <u>Wydzia\u0142u Teologicznego<\/u>:<\/li>\n<\/ul>\n<p style=\"padding-left: 40px;\">&#8211; dr hab. Jolanta SKUTNIK, prof. U\u015a: <a href=\"mailto:jolanta.skutnik@us.edu.pl\">jolanta.skutnik@us.edu.pl<\/a><\/p>\n<p>&nbsp;<\/p>\n<ul>\n<li>\u00a0przez Pracownik\u00f3w <u>Wydzia\u0142u Humanistycznego<\/u> (Sosnowiec):<\/li>\n<\/ul>\n<p style=\"padding-left: 40px;\">&#8211; dr Katarzyna SUJKOWSKA-SOBISZ, prof. U\u015a: <a href=\"mailto:katarzyna.sujkowska-sobisz@us.edu.pl\">katarzyna.sujkowska-sobisz@us.edu.pl<\/a><\/p>\n<p>&nbsp;<\/p>\n<ul>\n<li>\u00a0przez Pracownik\u00f3w <u>Wydzia\u0142u Nauk \u015acis\u0142ych i Technicznych<\/u> oraz kolegi\u00f3w i jednostek pozawydzia\u0142owych: <span style=\"text-decoration: underline;\">Centrum Wychowania Fizycznego i Sportu<\/span>, <span style=\"text-decoration: underline;\">Studium Praktycznej Nauki J\u0119zyk\u00f3w Obcych<\/span>, <span style=\"text-decoration: underline;\">Studium Intensywnej Nauki J\u0119zyka Angielskiego<\/span> oraz <span style=\"text-decoration: underline;\">Centrum J\u0119zyka i Kultury Chi\u0144skiej<\/span>:<\/li>\n<\/ul>\n<p style=\"padding-left: 40px;\">&#8211; dr Anna SZCZERBA-ZUBEK, prof. U\u015a: <a href=\"mailto:anna.szczerba-zubek@us.edu.pl\">anna.szczerba-zubek@us.edu.pl<\/a><\/p>\n<p><strong>\u00a0<\/strong><\/p>\n<p><strong>Kwestie og\u00f3lne i administracyjne:<\/strong><\/p>\n<p><a href=\"mailto:radaOOD@us.edu.pl\">radaOOD@us.edu.pl<\/a><\/p>\n<p>&nbsp;<\/p>\n<p>kontakt telefoniczny: 32\u00a0359 16 33 (mgr Karol Sikora, Dzia\u0142 Jako\u015bci i Analiz Strategicznych)<\/p>\n<\/div>\r\n                    <\/div>\r\n                <\/div>[\/vc_column][\/vc_row][vc_row][vc_column][vc_column_text][\/vc_column_text][\/vc_column][\/vc_row]<\/p>","protected":false},"excerpt":{"rendered":"<p>[vc_row][vc_column][vc_column_text][\/vc_column_text][\/vc_column][\/vc_row][vc_row][vc_column][\/vc_column][\/vc_row][vc_row][vc_column][vc_column_text][\/vc_column_text][\/vc_column][\/vc_row] [&#8230;]<\/p>\n<p><a class=\"btn btn-secondary understrap-read-more-link\" href=\"https:\/\/us.edu.pl\/pracownik\/sprawy-dydaktyczne\/pion-ksztalcenia\/ogolnoakademicka-oferta-dydaktyczna\/ood-kontakt\/\">Read More&#8230;<\/a><\/p>\n","protected":false},"author":41,"featured_media":0,"parent":16282,"menu_order":107,"comment_status":"closed","ping_status":"closed","template":"page-templates\/inner-page.php","meta":{"_expiration-date-status":"saved","_expiration-date":0,"_expiration-date-type":"","_expiration-date-categories":[],"_expiration-date-options":[]},"acf":[],"_links":{"self":[{"href":"https:\/\/us.edu.pl\/pracownik\/wp-json\/wp\/v2\/pages\/16461"}],"collection":[{"href":"https:\/\/us.edu.pl\/pracownik\/wp-json\/wp\/v2\/pages"}],"about":[{"href":"https:\/\/us.edu.pl\/pracownik\/wp-json\/wp\/v2\/types\/page"}],"author":[{"embeddable":true,"href":"https:\/\/us.edu.pl\/pracownik\/wp-json\/wp\/v2\/users\/41"}],"replies":[{"embeddable":true,"href":"https:\/\/us.edu.pl\/pracownik\/wp-json\/wp\/v2\/comments?post=16461"}],"version-history":[{"count":5,"href":"https:\/\/us.edu.pl\/pracownik\/wp-json\/wp\/v2\/pages\/16461\/revisions"}],"predecessor-version":[{"id":20266,"href":"https:\/\/us.edu.pl\/pracownik\/wp-json\/wp\/v2\/pages\/16461\/revisions\/20266"}],"up":[{"embeddable":true,"href":"https:\/\/us.edu.pl\/pracownik\/wp-json\/wp\/v2\/pages\/16282"}],"wp:attachment":[{"href":"https:\/\/us.edu.pl\/pracownik\/wp-json\/wp\/v2\/media?parent=16461"}],"curies":[{"name":"wp","href":"https:\/\/api.w.org\/{rel}","templated":true}]}}

<p>[vc_row][vc_column][vc_column_text][/vc_column_text][/vc_column][/vc_row][vc_row][vc_column]
                <div class="text-modules">
                    <div class="container">
                        <h3 class="page-title text__title">KONTAKT</h3>
                        <div class="text-modules__content"><p><strong>Kwestie merytoryczne związane z koordynowanymi modułami:</strong></p>
<p>&nbsp;</p>
<ul>
<li>przez Pracowników <u>Wydziału Nauk Przyrodniczych:</u></li>
</ul>
<p style="padding-left: 40px;">&#8211; dr hab. Agnieszka BABCZYŃSKA, prof. UŚ: <a href="mailto:agnieszka.babczynska@us.edu.pl">agnieszka.babczynska@us.edu.pl</a></p>
<p>&nbsp;</p>
<ul>
<li> przez Pracowników <u>Wydziału Nauk Społecznych</u> oraz <u>Szkoły Filmowej im. Krzysztofa Kieślowskiego</u>:</li>
</ul>
<p style="padding-left: 40px;">&#8211; dr Bernard GRZONKA, prof. UŚ: <a href="mailto:bernard.grzonka@us.edu.pl">bernard.grzonka@us.edu.pl</a></p>
<p>&nbsp;</p>
<ul>
<li> przez Pracowników <u>Wydziału Prawa i Administracji</u>:</li>
</ul>
<p style="padding-left: 40px;">&#8211; dr hab. Witold KUROWSKI, prof. UŚ: <a href="mailto:witold.kurowski@us.edu.pl">witold.kurowski@us.edu.pl</a></p>
<p>&nbsp;</p>
<ul>
<li> przez Pracowników <u>Wydziału Humanistycznego</u> (Katowice) oraz <span style="text-decoration: underline;">Szkoły Języka i Kultury Polskie</span>j:</li>
</ul>
<p style="padding-left: 40px;">&#8211; dr Julia LEGOMSKA, prof. UŚ: <a href="mailto:julia.legomska@us.edu.pl">julia.legomska@us.edu.pl</a></p>
<p>&nbsp;</p>
<ul>
<li> przez Pracowników <u>Wydziału Sztuki i Nauk o Edukacji</u> oraz <u>Wydziału Teologicznego</u>:</li>
</ul>
<p style="padding-left: 40px;">&#8211; dr hab. Jolanta SKUTNIK, prof. UŚ: <a href="mailto:jolanta.skutnik@us.edu.pl">jolanta.skutnik@us.edu.pl</a></p>
<p>&nbsp;</p>
<ul>
<li> przez Pracowników <u>Wydziału Humanistycznego</u> (Sosnowiec):</li>
</ul>
<p style="padding-left: 40px;">&#8211; dr Katarzyna SUJKOWSKA-SOBISZ, prof. UŚ: <a href="mailto:katarzyna.sujkowska-sobisz@us.edu.pl">katarzyna.sujkowska-sobisz@us.edu.pl</a></p>
<p>&nbsp;</p>
<ul>
<li> przez Pracowników <u>Wydziału Nauk Ścisłych i Technicznych</u> oraz kolegiów i jednostek pozawydziałowych: <span style="text-decoration: underline;">Centrum Wychowania Fizycznego i Sportu</span>, <span style="text-decoration: underline;">Studium Praktycznej Nauki Języków Obcych</span>, <span style="text-decoration: underline;">Studium Intensywnej Nauki Języka Angielskiego</span> oraz <span style="text-decoration: underline;">Centrum Języka i Kultury Chińskiej</span>:</li>
</ul>
<p style="padding-left: 40px;">&#8211; dr Anna SZCZERBA-ZUBEK, prof. UŚ: <a href="mailto:anna.szczerba-zubek@us.edu.pl">anna.szczerba-zubek@us.edu.pl</a></p>
<p><strong> </strong></p>
<p><strong>Kwestie ogólne i administracyjne:</strong></p>
<p><a href="mailto:radaOOD@us.edu.pl">radaOOD@us.edu.pl</a></p>
<p>&nbsp;</p>
<p>kontakt telefoniczny: 32 359 16 33 (mgr Karol Sikora, Dział Jakości i Analiz Strategicznych)</p>
</div>
                    </div>
                </div>[/vc_column][/vc_row][vc_row][vc_column][vc_column_text][/vc_column_text][/vc_column][/vc_row]</p>
