{"id":17754,"date":"2022-06-06T13:21:24","date_gmt":"2022-06-06T11:21:24","guid":{"rendered":"https:\/\/us.edu.pl\/pracownik\/?page_id=17754"},"modified":"2025-09-12T10:36:31","modified_gmt":"2025-09-12T08:36:31","slug":"system-motywacyjny-w-dydaktyce-akademickiej-smoda","status":"publish","type":"page","link":"https:\/\/us.edu.pl\/pracownik\/sprawy-dydaktyczne\/system-motywacyjny-w-dydaktyce-akademickiej-smoda\/","title":{"rendered":"System Motywacyjny w Dydaktyce Akademickiej (SMoDA)"},"content":{"rendered":"<p>[vc_row][vc_column][\/vc_column][\/vc_row][vc_row][vc_column]\r\n                <div class=\"text-modules\">\r\n                    <div class=\"container\">\r\n                        <h3 class=\"page-title text__title\">System Motywacyjny w Dydaktyce Akademickiej Uniwersytetu \u015al\u0105skiego w Katowicach (SMoDA)<\/h3>\r\n                        <div class=\"text-modules__content\"><p>Dydaktyka jest sercem ka\u017cdego uniwersytetu. Znamy jej warto\u015b\u0107, do\u015bwiadczamy efekt\u00f3w korzystnego wp\u0142ywu edukacji na spo\u0142ecze\u0144stwo, \u015bwiat wok\u00f3\u0142 nas. Docenianie tych z nas, kt\u00f3rzy najbardziej anga\u017cuj\u0105 si\u0119 w aktywno\u015bci na rzecz doskona\u0142ego kszta\u0142cenia jest nie tylko wa\u017cne dla nauczycieli i nauczycielek akademickich, ale i potrzebne dla rozwoju kszta\u0142cenia w najlepszych jego ods\u0142onach.<\/p>\n<p><strong>System Motywacyjny w Dydaktyce Akademickiej (SMoDA)<\/strong> projektowany jest jako proces stale doskonalony, przez co niezamkni\u0119ty, nieograniczony, w ramach kt\u00f3rego aktualizowane b\u0119d\u0105 r\u00f3\u017cnego rodzaju aktywno\u015bci, kt\u00f3re sprawi\u0105, \u017ce docenia\u0107 b\u0119dziemy swoje dzia\u0142ania w nast\u0119puj\u0105cych przestrzeniach (zgodnych z certyfikatami doskona\u0142o\u015bci Polskiej Komisji Akredytacyjnej):<\/p>\n<ol>\n<li>Doskona\u0142y kierunek<\/li>\n<li>Zawsze dla studenta<\/li>\n<li>Otwarty na \u015bwiat<\/li>\n<li>Partner dla rozwoju<\/li>\n<\/ol>\n<p>&nbsp;<\/p>\n<p>W ramach Systemu Motywacyjnego w Dydaktyce Akademickiej (SMoDA) organizowane s\u0105 konkursy:<\/p>\n<\/div>\r\n                    <\/div>\r\n                <\/div>[\/vc_column][\/vc_row][vc_row][vc_column]\r\n                <div class=\"tiles-section\" style=\"background: \">\r\n                    <div class=\"container\">\r\n                        <h3 class=\"page-title\"><\/h3>\r\n                        <div class=\"tiles tiles-3\">\r\n                            <a href=\"https:\/\/us.edu.pl\/pracownik\/sprawy-dydaktyczne\/system-motywacyjny-w-dydaktyce-akademickiej-smoda\/listy-gratulacyjne-smoda\/\" class=\"tile tile_ justify-content-center\" style=\"background-color: #002E5A; font-weight: ; color: #ffffff;  \">\r\n                                \r\n                                   \r\n                               \r\n                                <div class=\"tile__name\">Wyr\u00f3\u017cnienia JM Rektora U\u015a<\/div>\r\n                            <\/a>\r\n                            <a href=\"https:\/\/us.edu.pl\/pracownik\/sprawy-dydaktyczne\/system-motywacyjny-w-dydaktyce-akademickiej-smoda\/doskonaly-kierunek-smoda\/\" class=\"tile tile_ justify-content-center\" style=\"background-color: #ffffff; font-weight: ; color: #002E5A;  \">\r\n                                \r\n                                   \r\n                               \r\n                                <div class=\"tile__name\">Doskona\u0142y kierunek<\/div>\r\n                            <\/a>\r\n                            <a href=\"https:\/\/us.edu.pl\/pracownik\/sprawy-dydaktyczne\/system-motywacyjny-w-dydaktyce-akademickiej-smoda\/wspolmyslenie-wspoldzialanie-smoda\/\" class=\"tile tile_ justify-content-center\" style=\"background-color: #002E5A; font-weight: ; color: #ffffff;  \">\r\n                                \r\n                                   \r\n                               \r\n                                <div class=\"tile__name\">Wsp\u00f3\u0142my\u015blenie, wsp\u00f3\u0142dzia\u0142anie<\/div>\r\n                            <\/a><\/div>\r\n                    <\/div>\r\n                <\/div>[\/vc_column][\/vc_row]<\/p>","protected":false},"excerpt":{"rendered":"<p>[vc_row][vc_column][\/vc_column][\/vc_row][vc_row][vc_column][\/vc_column][\/vc_row][vc_row][vc_column][\/vc_column][\/vc_row] [&#8230;]<\/p>\n<p><a class=\"btn btn-secondary understrap-read-more-link\" href=\"https:\/\/us.edu.pl\/pracownik\/sprawy-dydaktyczne\/system-motywacyjny-w-dydaktyce-akademickiej-smoda\/\">Read More&#8230;<\/a><\/p>\n","protected":false},"author":41,"featured_media":0,"parent":182,"menu_order":96,"comment_status":"closed","ping_status":"closed","template":"page-templates\/inner-page.php","meta":{"_expiration-date-status":"","_expiration-date":0,"_expiration-date-type":"","_expiration-date-categories":[],"_expiration-date-options":[]},"acf":[],"_links":{"self":[{"href":"https:\/\/us.edu.pl\/pracownik\/wp-json\/wp\/v2\/pages\/17754"}],"collection":[{"href":"https:\/\/us.edu.pl\/pracownik\/wp-json\/wp\/v2\/pages"}],"about":[{"href":"https:\/\/us.edu.pl\/pracownik\/wp-json\/wp\/v2\/types\/page"}],"author":[{"embeddable":true,"href":"https:\/\/us.edu.pl\/pracownik\/wp-json\/wp\/v2\/users\/41"}],"replies":[{"embeddable":true,"href":"https:\/\/us.edu.pl\/pracownik\/wp-json\/wp\/v2\/comments?post=17754"}],"version-history":[{"count":10,"href":"https:\/\/us.edu.pl\/pracownik\/wp-json\/wp\/v2\/pages\/17754\/revisions"}],"predecessor-version":[{"id":40912,"href":"https:\/\/us.edu.pl\/pracownik\/wp-json\/wp\/v2\/pages\/17754\/revisions\/40912"}],"up":[{"embeddable":true,"href":"https:\/\/us.edu.pl\/pracownik\/wp-json\/wp\/v2\/pages\/182"}],"wp:attachment":[{"href":"https:\/\/us.edu.pl\/pracownik\/wp-json\/wp\/v2\/media?parent=17754"}],"curies":[{"name":"wp","href":"https:\/\/api.w.org\/{rel}","templated":true}]}}